000
CXUS51 KRLX 021914
CF6PKB
PRELIMINARY LOCAL CLIMATOLOGICAL DATA (WS FORM: F-6)
STATION: PARKERSBURG WV
MONTH: JANUARY
YEAR: 2021
LATITUDE: 39 20 N
LONGITUDE: 81 26 W
TEMPERATURE IN F: :PCPN: SNOW: WIND :SUNSHINE: SKY :PK WND
================================================================================
1 2 3 4 5 6A 6B 7 8 9 10 11 12 13 14 15 16 17 18
12Z AVG MX 2MIN
DY MAX MIN AVG DEP HDD CDD WTR SNW DPTH SPD SPD DIR MIN PSBL S-S WX SPD DR
================================================================================
1 55 29 42 10 23 0 0.58 M M 7.3 14 180 M M 6 1 22 170
2 55 38 47 15 18 0 0.03 M M 4.6 21 270 M M 9 1 31 280
3 44 37 41 9 24 0 0.16 M M 5.1 15 300 M M 10 1 20 310
4 37 32 35 3 30 0 T M M 1.9 12 270 M M 10 18 15 260
5 40 32 36 4 29 0 0.02 M M 3.6 13 280 M M 10 1 17 270
6 36 33 35 3 30 0 T M M 2.6 12 310 M M 10 1 15 320
7 38 31 35 3 30 0 0.00 M M 5.2 14 30 M M 10 18 18 30
8 34 30 32 0 33 0 0.00 M M 4.2 10 360 M M 7 14 360
9 38 26 32 1 33 0 0.00 M M 4.3 10 320 M M 5 13 310
10 42 20 31 0 34 0 0.00 M M 0.9 6 330 M M 0 18 9 260
11 37 23 30 -1 35 0 0.00 M M 3.0 10 220 M M 4 18 15 210
12 29 19 24 -7 41 0 0.00 M M 3.3 13 260 M M 5 18 16 270
13 47 18 33 2 32 0 0.00 M M 6.2 15 200 M M 0 18 19 200
14 50 31 41 10 24 0 0.00 M M 5.5 14 200 M M 2 19 210
15 45 29 37 6 28 0 0.33 M M 4.3 15 260 M M 5 1 21 230
16 38 28 33 2 32 0 0.03 M M 5.5 16 290 M M 9 128 23 270
17 37 32 35 4 30 0 0.03 M M 7.5 13 260 M M 10 18 20 250
18 34 30 32 1 33 0 0.01 M M 7.4 13 230 M M 10 18 20 250
19 45 28 37 6 28 0 T M M 5.7 13 280 M M 5 18 17 270
20 38 24 31 0 34 0 0.02 M M 8.4 21 280 M M 7 8 31 300
21 48 27 38 7 27 0 0.00 M M 10.0 18 260 M M 3 26 220
22 42 25 34 2 31 0 0.00 M M 8.3 17 300 M M 3 23 300
23 33 19 26 -6 39 0 0.00 M M 4.8 14 300 M M 1 18 300
24 32 19 26 -6 39 0 0.01 M M 2.9 12 90 M M 8 1 15 90
25 35 29 32 0 33 0 0.18 M M 3.3 14 90 M M 10 1 19 90
26 48 35 42 10 23 0 0.04 M M 7.3 22 260 M M 10 1 30 260
27 37 M M M M M M M M 6.8 14 330 M M 10 1 18 340
28 28 22 25 -7 40 0 T M M 9.0 15 300 M M 6 24 290
29 32 18 25 -7 40 0 0.00 M M 3.3 12 320 M M 5 8 16 300
30 36 13 25 -7 40 0 0.03 M M 3.2 10 50 M M 3 1 13 40
31 38 28 33 1 32 0 1.02 M M 5.4 10 90 M M 10 16 13 90
================================================================================
SM 1228 805 945 0 2.49 M 160.8 M 203
================================================================================
AV 39.6 26.8 5.2 FASTST M M 7 MAX(MPH)
MISC ----> 22 260 # 31 280
================================================================================
NOTES:
# LAST OF SEVERAL OCCURRENCES
COLUMN 17 PEAK WIND IN M.P.H.
PRELIMINARY LOCAL CLIMATOLOGICAL DATA (WS FORM: F-6) , PAGE 2
STATION: PARKERSBURG WV
MONTH: JANUARY
YEAR: 2021
LATITUDE: 39 20 N
LONGITUDE: 81 26 W
[TEMPERATURE DATA] [PRECIPITATION DATA] SYMBOLS USED IN COLUMN 16
AVERAGE MONTHLY: 33.2 TOTAL FOR MONTH: 2.49 1 = FOG OR MIST
DPTR FM NORMAL: 1.6 DPTR FM NORMAL: -0.46 2 = FOG REDUCING VISIBILITY
HIGHEST: 55 ON 2, 1 GRTST 24HR 1.61 ON 25-26 TO 1/4 MILE OR LESS
LOWEST: 13 ON 30 3 = THUNDER
SNOW, ICE PELLETS, HAIL 4 = ICE PELLETS
TOTAL MONTH: M 5 = HAIL
GRTST 24HR M ON M 6 = FREEZING RAIN OR DRIZZLE
GRTST DEPTH: M ON M 7 = DUSTSTORM OR SANDSTORM:
VSBY 1/2 MILE OR LESS
8 = SMOKE OR HAZE
[NO. OF DAYS WITH] [WEATHER - DAYS WITH] 9 = BLOWING SNOW
X = TORNADO
MAX 32 OR BELOW: 4 0.01 INCH OR MORE: 14
MAX 90 OR ABOVE: 0 0.10 INCH OR MORE: 5
MIN 32 OR BELOW: 26 0.50 INCH OR MORE: 2
MIN 0 OR BELOW: 0 1.00 INCH OR MORE: 1
[HDD (BASE 65) ]
TOTAL THIS MO. 945 CLEAR (SCALE 0-3) 5
DPTR FM NORMAL -90 PTCLDY (SCALE 4-7) 13
TOTAL FM JUL 1 2670 CLOUDY (SCALE 8-10) 13
DPTR FM NORMAL -278
[CDD (BASE 65) ]
TOTAL THIS MO. 0
DPTR FM NORMAL 0 [PRESSURE DATA]
TOTAL FM JAN 1 0 HIGHEST SLP 30.54 ON 28
DPTR FM NORMAL 0 LOWEST SLP 29.56 ON 15
[REMARKS]
#FINAL-01-21#