000
CXUS56 KLOX 020031 RRB
CF6PMD
PRELIMINARY LOCAL CLIMATOLOGICAL DATA (WS FORM: F-6)
STATION: PALMDALE AIRPORT CA
MONTH: NOVEMBER
YEAR: 2021
LATITUDE: 34 37 N
LONGITUDE: 118 5 W
TEMPERATURE IN F: :PCPN: SNOW: WIND :SUNSHINE: SKY :PK WND
================================================================================
1 2 3 4 5 6A 6B 7 8 9 10 11 12 13 14 15 16 17 18
12Z AVG MX 2MIN
DY MAX MIN AVG DEP HDD CDD WTR SNW DPTH SPD SPD DIR MIN PSBL S-S WX SPD DR
================================================================================
1 71 51 61 3 4 0 0.00 M M 12.0 29 220 M M 0 35 220
2 77 46 62 4 3 0 0.00 M M 6.0 13 290 M M 0 16 290
3 81 45 63 5 2 0 0.00 M M 5.0 10 190 M M 0 13 40
4 80 46 63 6 2 0 0.00 M M 9.1 25 290 M M 0 8 29 290
5 78 42 60 3 5 0 0.00 M M 2.6 10 180 M M 0 8 11 180
6 81 45 63 7 2 0 0.00 M M 7.7 23 210 M M 0 26 210
7 76 41 59 3 6 0 0.00 M M 6.3 23 320 M M 0 28 320
8 75 38 57 1 8 0 0.00 M M 7.9 23 210 M M 0 26 210
9 71 54 63 8 2 0 T M M 12.8 31 260 M M 2 38 260
10 74 45 60 5 5 0 0.00 M M 6.3 18 270 M M 0 22 260
11 79 42 61 7 4 0 0.00 M M 4.3 18 80 M M 0 22 80
12 81 43 62 8 3 0 0.00 M M 5.5 18 60 M M 0 25 40
13 81 42 62 8 3 0 0.00 M M 4.6 10 180 M M 0 12 10
14 81 41 61 8 4 0 0.00 M M 4.5 12 200 M M 0 12 200
15 85 64 75 22 0 10 0.00 M M 8.3 18 220 M M 0 22 220
16 80 51 66 14 0 1 0.00 M M 11.4 32 280 M M 0 40 280
17 74 41 58 6 7 0 0.00 M M 4.2 12 200 M M 0 12 200
18 70 40 55 4 10 0 0.00 M M 2.9 9 220 M M 0 9 180
19 76 42 59 8 6 0 0.00 M M 5.9 16 240 M M 0 8 20 230
20 72 39 56 5 9 0 0.00 M M 4.2 13 40 M M 0 16 30
21 69 38 54 4 11 0 0.00 M M 10.7 28 60 M M 0 32 60
22 68 33 51 1 14 0 0.00 M M 4.3 10 360 M M 0 13 360
23 73 42 58 9 7 0 0.00 M M 10.7 29 280 M M 0 35 280
24 64 34 49 0 16 0 0.00 M M 9.8 24 40 M M 0 29 50
25 64 37 51 2 14 0 0.00 M M 15.0 26 100 M M 0 32 80
26 68 28 48 0 17 0 0.00 M M 4.0 12 280 M M 0 13 10
27 69 32 51 3 14 0 0.00 M M 4.6 10 210 M M 0 11 210
28 72 35 54 6 11 0 0.00 M M 4.3 10 180 M M 0 10 180
29 74 35 55 8 10 0 0.00 M M 4.0 10 190 M M 0 11 190
30 77 37 57 10 8 0 0.00 M M 3.7 12 70 M M 0 14 80
================================================================================
SM 2241 1249 207 11 T M 202.6 M 2
================================================================================
AV 74.7 41.6 6.8 FASTST M M 0 MAX(MPH)
MISC ----> 32 280 40 280
================================================================================
NOTES:
# LAST OF SEVERAL OCCURRENCES
COLUMN 17 PEAK WIND IN M.P.H.
PRELIMINARY LOCAL CLIMATOLOGICAL DATA (WS FORM: F-6) , PAGE 2
STATION: PALMDALE AIRPORT CA
MONTH: NOVEMBER
YEAR: 2021
LATITUDE: 34 37 N
LONGITUDE: 118 5 W
[TEMPERATURE DATA] [PRECIPITATION DATA] SYMBOLS USED IN COLUMN 16
AVERAGE MONTHLY: 58.2 TOTAL FOR MONTH: T 1 = FOG OR MIST
DPTR FM NORMAL: 5.7 DPTR FM NORMAL: -0.36 2 = FOG REDUCING VISIBILITY
HIGHEST: 85 ON 15 GRTST 24HR T ON 9- 9 TO 1/4 MILE OR LESS
LOWEST: 28 ON 26 3 = THUNDER
SNOW, ICE PELLETS, HAIL 4 = ICE PELLETS
TOTAL MONTH: M 5 = HAIL
GRTST 24HR M ON M 6 = FREEZING RAIN OR DRIZZLE
GRTST DEPTH: M ON M 7 = DUSTSTORM OR SANDSTORM:
VSBY 1/2 MILE OR LESS
8 = SMOKE OR HAZE
[NO. OF DAYS WITH] [WEATHER - DAYS WITH] 9 = BLOWING SNOW
X = TORNADO
MAX 32 OR BELOW: 0 0.01 INCH OR MORE: 0
MAX 90 OR ABOVE: 0 0.10 INCH OR MORE: 0
MIN 32 OR BELOW: 2 0.50 INCH OR MORE: 0
MIN 0 OR BELOW: 0 1.00 INCH OR MORE: 0
[HDD (BASE 65) ]
TOTAL THIS MO. 207 CLEAR (SCALE 0-3) 30
DPTR FM NORMAL -170 PTCLDY (SCALE 4-7) 0
TOTAL FM JUL 1 369 CLOUDY (SCALE 8-10) 0
DPTR FM NORMAL -114
[CDD (BASE 65) ]
TOTAL THIS MO. 11
DPTR FM NORMAL 9 [PRESSURE DATA]
TOTAL FM JAN 1 2412 HIGHEST SLP 30.46 ON 25
DPTR FM NORMAL 468 LOWEST SLP 29.87 ON 16
[REMARKS]
#FINAL-11-21#