313
CXUS52 KMFL 011000
CF6PMP
PRELIMINARY LOCAL CLIMATOLOGICAL DATA (WS FORM: F-6)
STATION: POMPANO BEACH ARPK
MONTH: SEPTEMBER
YEAR: 2020
LATITUDE: 26 14 N
LONGITUDE: 80 7 W
TEMPERATURE IN F: :PCPN: SNOW: WIND :SUNSHINE: SKY :PK WND
================================================================================
1 2 3 4 5 6A 6B 7 8 9 10 11 12 13 14 15 16 17 18
12Z AVG MX 2MIN
DY MAX MIN AVG DEP HDD CDD WTR SNW DPTH SPD SPD DIR MIN PSBL S-S WX SPD DR
================================================================================
1 90 79 85 3 0 20 0.00 0.0 0 6.9 14 110 M M 1 23 180
2 91 83 87 5 0 22 0.00 0.0 0 9.1 20 170 M M 2 27 190
3 92 84 88 6 0 23 T 0.0 0 9.8 15 110 M M 3 8 18 120
4 91 84 88 6 0 23 0.00 0.0 0 8.4 15 70 M M 3 8 20 70
5 92 76 84 2 0 19 0.49 0.0 0 7.1 20 290 M M 3 13 28 50
6 89 73 81 -1 0 16 0.42 0.0 0 6.0 22 330 M M 4 13 27 330
7 88 76 82 0 0 17 0.78 0.0 0 6.1 24 150 M M 4 1 32 140
8 88 76 82 0 0 17 1.49 0.0 0 6.5 20 190 M M 4 13 27 190
9 86 77 82 0 0 17 0.01 0.0 0 3.4 17 150 M M 3 13 21 190
10 88 78 83 1 0 18 0.32 0.0 0 4.2 20 140 M M 5 1 24 150
11 89 78 84 2 0 19 0.18 0.0 0 9.4 21 90 M M 5 18 29 80
12 84 75 80 -2 0 15 1.74 0.0 0 17.0 35 140 M M 8 1 43 140
13 87 74 81 -1 0 16 0.23 0.0 0 10.6 20 210 M M 3 13 29 140
14 89 82 86 4 0 21 0.00 0.0 0 9.5 16 150 M M 3 20 150
15 89 82 86 4 0 21 0.00 0.0 0 8.6 15 150 M M 2 28 90
16 90 83 87 5 0 22 0.00 0.0 0 10.5 18 150 M M 2 25 140
17 90 80 85 3 0 20 0.72 0.0 0 8.6 21 150 M M 4 138 27 150
18 90 79 85 3 0 20 0.16 0.0 0 7.1 18 160 M M 4 1 23 260
19 90 79 85 3 0 20 0.00 0.0 0 4.4 18 350 M M 2 23 130
20 90 79 85 3 0 20 0.11 0.0 0 5.8 18 360 M M 4 13 24 360
21 83 76 80 -1 0 15 0.78 0.0 0 17.5 29 40 M M 7 138 36 30
22 86 79 83 2 0 18 T 0.0 0 15.4 23 60 M M 7 29 70
23 87 79 83 2 0 18 T 0.0 0 10.2 16 110 M M 2 20 110
24 86 77 82 1 0 17 1.05 0.0 0 10.2 21 130 M M 6 13 25 130
25 89 76 83 2 0 18 0.69 0.0 0 5.8 25 180 M M 4 138 37 160
26 90 78 84 3 0 19 0.11 0.0 0 4.6 14 60 M M 3 138 19 50
27 88 76 82 1 0 17 T 0.0 0 5.4 14 60 M M 2 17 60
28 89 81 85 4 0 20 T 0.0 0 8.5 18 140 M M 3 3 23 140
29 88 79 84 3 0 19 0.09 0.0 0 10.0 21 150 M M 2 18 27 150
30 86 76 81 0 0 16 0.07 0.0 0 5.6 20 30 M M 5 13 26 30
================================================================================
SM 2655 2354 0 563 9.44 0.0 252.2 M 110
================================================================================
AV 88.5 78.5 8.4 FASTST M M 4 MAX(MPH)
MISC ----> # 35 140 # 43 140
================================================================================
NOTES:
# LAST OF SEVERAL OCCURRENCES
COLUMN 17 PEAK WIND IN M.P.H.
PRELIMINARY LOCAL CLIMATOLOGICAL DATA (WS FORM: F-6) , PAGE 2
STATION: POMPANO BEACH ARPK
MONTH: SEPTEMBER
YEAR: 2020
LATITUDE: 26 14 N
LONGITUDE: 80 7 W
[TEMPERATURE DATA] [PRECIPITATION DATA] SYMBOLS USED IN COLUMN 16
AVERAGE MONTHLY: 83.5 TOTAL FOR MONTH: 9.44 1 = FOG OR MIST
DPTR FM NORMAL: 1.9 DPTR FM NORMAL: 0.44 2 = FOG REDUCING VISIBILITY
HIGHEST: 92 ON 5, 3 GRTST 24HR 1.74 ON 12-12 TO 1/4 MILE OR LESS
LOWEST: 73 ON 6 3 = THUNDER
SNOW, ICE PELLETS, HAIL 4 = ICE PELLETS
TOTAL MONTH: 0.0 INCH 5 = HAIL
GRTST 24HR 0.0 6 = FREEZING RAIN OR DRIZZLE
GRTST DEPTH: 0 7 = DUSTSTORM OR SANDSTORM:
VSBY 1/2 MILE OR LESS
8 = SMOKE OR HAZE
[NO. OF DAYS WITH] [WEATHER - DAYS WITH] 9 = BLOWING SNOW
X = TORNADO
MAX 32 OR BELOW: 0 0.01 INCH OR MORE: 18
MAX 90 OR ABOVE: 11 0.10 INCH OR MORE: 15
MIN 32 OR BELOW: 0 0.50 INCH OR MORE: 7
MIN 0 OR BELOW: 0 1.00 INCH OR MORE: 3
[HDD (BASE 65) ]
TOTAL THIS MO. 0 CLEAR (SCALE 0-3) 14
DPTR FM NORMAL 0 PTCLDY (SCALE 4-7) 16
TOTAL FM JUL 1 11 CLOUDY (SCALE 8-10) 0
DPTR FM NORMAL 11
[CDD (BASE 65) ]
TOTAL THIS MO. 563
DPTR FM NORMAL 64 [PRESSURE DATA]
TOTAL FM JAN 1 3692 HIGHEST SLP 30.10 ON 5
DPTR FM NORMAL 393 LOWEST SLP 29.74 ON 12
[REMARKS]
#FINAL-09-20#