000
CXUS54 KOUN 010810
CF6PNC
PRELIMINARY LOCAL CLIMATOLOGICAL DATA (WS FORM: F-6)
STATION: PONCA CITY
MONTH: AUGUST
YEAR: 2021
LATITUDE: 36 44 N
LONGITUDE: 97 6 W
TEMPERATURE IN F: :PCPN: SNOW: WIND :SUNSHINE: SKY :PK WND
================================================================================
1 2 3 4 5 6A 6B 7 8 9 10 11 12 13 14 15 16 17 18
12Z AVG MX 2MIN
DY MAX MIN AVG DEP HDD CDD WTR SNW DPTH SPD SPD DIR MIN PSBL S-S WX SPD DR
================================================================================
1 84 67 76 -7 0 11 0.05 M M 8.2 17 40 M M 4 38 23 20
2 86 62 74 -9 0 9 T M M 6.0 15 30 M M 1 18 21 10
3 86 61 74 -9 0 9 0.00 M M 4.9 13 90 M M 0 1 17 80
4 87 63 75 -7 0 10 0.00 M M 3.5 9 140 M M 0 13 110
5 91 69 80 -2 0 15 0.02 M M 5.8 18 150 M M 2 1 24 150
6 93 67 80 -2 0 15 0.00 M M 10.0 20 160 M M 0 24 170
7 96 75 86 4 0 21 0.00 0.0 M 13.2 22 160 M M 0 26 170
8 93 71 82 0 0 17 0.06 M M 9.1 24 140 M M 3 3 33 150
9 96 79 88 6 0 23 0.00 0.0 M 10.7 20 160 M M 1 26 160
10 97 79 88 6 0 23 0.00 0.0 M 12.0 18 170 M M 0 29 160
11 96 79 88 6 0 23 0.00 0.0 M 11.3 20 210 M M 0 27 220
12 99 79 89 7 0 24 0.00 M M 9.2 18 220 M M 0 26 210
13 92 72 82 0 0 17 0.06 M M 8.9 23 90 M M 1 3 30 90
14 90 68 79 -3 0 14 0.00 M M 7.1 15 80 M M 2 20 70
15 91 67 79 -2 0 14 0.00 M M 5.6 14 130 M M 0 17 150
16 89 71 80 -1 0 15 0.20 M M 5.9 20 260 M M 2 3 26 270
17 89 70 80 -1 0 15 0.00 M M 8.6 20 160 M M 1 25 160
18 90 69 80 -1 0 15 T M M 9.9 23 150 M M 5 27 150
19 87 75 81 0 0 16 0.00 M M 11.0 18 150 M M 6 1 23 150
20 99 76 88 8 0 23 0.00 M M 12.9 22 150 M M 2 3 28 160
21 91 72 82 2 0 17 0.32 M M 6.6 20 360 M M 6 13 25 360
22 96 73 85 5 0 20 0.00 M M 8.3 18 160 M M 1 23 110
23 98 76 87 7 0 22 0.00 M M 10.2 18 170 M M 0 26 210
24 99 71 85 5 0 20 0.00 M M 11.2 22 170 M M 0 30 160
25 100 76 88 8 0 23 0.00 M M 9.2 22 160 M M 0 27 160
26 99 76 88 9 0 23 0.00 M M 8.2 18 160 M M 0 23 140
27 97 75 86 7 0 21 0.00 M M 9.5 21 150 M M 0 26 160
28 95 75 85 6 0 20 0.00 M M 12.0 22 160 M M 0 28 140
29 93 72 83 4 0 18 0.00 M M 6.8 20 350 M M 1 24 350
30 95 70 83 5 0 18 0.00 M M 3.1 12 150 M M 0 14 150
31 97 69 83 5 0 18 0.00 M M 5.5 15 150 M M 0 18 150
================================================================================
SM 2891 2224 0 549 0.71 0.0 264.4 M 38
================================================================================
AV 93.3 71.7 8.5 FASTST M M 1 MAX(MPH)
MISC ----> 24 140 33 150
================================================================================
NOTES:
# LAST OF SEVERAL OCCURRENCES
COLUMN 17 PEAK WIND IN M.P.H.
PRELIMINARY LOCAL CLIMATOLOGICAL DATA (WS FORM: F-6) , PAGE 2
STATION: PONCA CITY
MONTH: AUGUST
YEAR: 2021
LATITUDE: 36 44 N
LONGITUDE: 97 6 W
[TEMPERATURE DATA] [PRECIPITATION DATA] SYMBOLS USED IN COLUMN 16
AVERAGE MONTHLY: 82.5 TOTAL FOR MONTH: 0.71 1 = FOG OR MIST
DPTR FM NORMAL: 1.6 DPTR FM NORMAL: -2.57 2 = FOG REDUCING VISIBILITY
HIGHEST: 100 ON 25 GRTST 24HR 2.64 ON 31- 1 TO 1/4 MILE OR LESS
LOWEST: 61 ON 3 3 = THUNDER
SNOW, ICE PELLETS, HAIL 4 = ICE PELLETS
TOTAL MONTH: 0.0 INCH 5 = HAIL
GRTST 24HR 0.0 6 = FREEZING RAIN OR DRIZZLE
GRTST DEPTH: M ON M 7 = DUSTSTORM OR SANDSTORM:
VSBY 1/2 MILE OR LESS
8 = SMOKE OR HAZE
[NO. OF DAYS WITH] [WEATHER - DAYS WITH] 9 = BLOWING SNOW
X = TORNADO
MAX 32 OR BELOW: 0 0.01 INCH OR MORE: 6
MAX 90 OR ABOVE: 24 0.10 INCH OR MORE: 2
MIN 32 OR BELOW: 0 0.50 INCH OR MORE: 0
MIN 0 OR BELOW: 0 1.00 INCH OR MORE: 0
[HDD (BASE 65) ]
TOTAL THIS MO. 0 CLEAR (SCALE 0-3) 27
DPTR FM NORMAL 0 PTCLDY (SCALE 4-7) 4
TOTAL FM JUL 1 0 CLOUDY (SCALE 8-10) 0
DPTR FM NORMAL 0
[CDD (BASE 65) ]
TOTAL THIS MO. 549
DPTR FM NORMAL 56 [PRESSURE DATA]
TOTAL FM JAN 1 1585 HIGHEST SLP M ON M
DPTR FM NORMAL -34 LOWEST SLP 29.64 ON 31
[REMARKS]
#FINAL-08-21#