000
CXUS54 KMOB 010628
CF6PNS
PRELIMINARY LOCAL CLIMATOLOGICAL DATA (WS FORM: F-6)
STATION: PENSACOLA
MONTH: AUGUST
YEAR: 2022
LATITUDE: 30 28 N
LONGITUDE: 87 12 W
TEMPERATURE IN F: :PCPN: SNOW: WIND :SUNSHINE: SKY :PK WND
================================================================================
1 2 3 4 5 6A 6B 7 8 9 10 11 12 13 14 15 16 17 18
12Z AVG MX 2MIN
DY MAX MIN AVG DEP HDD CDD WTR SNW DPTH SPD SPD DIR MIN PSBL S-S WX SPD DR
================================================================================
1 92 79 86 2 0 21 0.07 0.0 0 5.7 17 290 M M 3 3 24 280
2 88 75 82 -1 0 17 0.02 0.0 0 5.8 24 300 M M 2 3 30 300
3 88 75 82 -1 0 17 T 0.0 0 5.4 15 220 M M 3 20 210
4 90 77 84 1 0 19 0.01 0.0 0 7.3 17 170 M M 4 23 170
5 91 79 85 2 0 20 0.00 0.0 0 8.0 17 160 M M 1 22 160
6 93 80 87 4 0 22 0.00 0.0 0 7.0 14 120 M M 1 20 170
7 93 78 86 3 0 21 0.00 0.0 0 6.0 18 190 M M 0 3 24 180
8 89 76 83 0 0 18 0.00 0.0 0 4.4 14 310 M M 3 3 18 320
9 88 76 82 -1 0 17 0.06 0.0 0 5.5 21 230 M M 2 13 29 220
10 87 77 82 -1 0 17 0.01 0.0 0 5.2 14 120 M M 3 3 23 160
11 82 74 78 -5 0 13 4.59 0.0 0 6.4 22 130 M M 6 13 26 130
12 86 75 81 -2 0 16 0.55 0.0 0 7.7 18 230 M M 6 13 26 230
13 88 75 82 -1 0 17 0.29 0.0 0 4.3 22 230 M M 4 1 25 230
14 89 76 83 0 0 18 0.02 0.0 0 4.7 16 170 M M 2 21 170
15 93 78 86 3 0 21 T 0.0 0 5.9 17 280 M M 2 3 24 280
16 97 75 86 3 0 21 1.42 0.0 0 8.0 22 360 M M 2 13 32 10
17 94 75 85 2 0 20 0.00 0.0 0 5.9 18 240 M M 1 3 23 240
18 83 75 79 -4 0 14 0.48 0.0 0 4.4 16 290 M M 4 13 26 40
19 88 76 82 -1 0 17 T 0.0 0 3.4 13 330 M M 2 17 320
20 91 77 84 1 0 19 0.00 0.0 0 4.6 14 180 M M 1 3 18 190
21 89 75 82 -1 0 17 1.28 0.0 0 3.8 21 170 M M 4 138 26 170
22 87 75 81 -2 0 16 0.40 0.0 0 3.6 13 320 M M 3 138 17 330
23 87 75 81 -2 0 16 0.05 0.0 0 3.5 13 100 M M 3 13 18 80
24 87 73 80 -3 0 15 1.65 0.0 0 5.5 21 120 M M 5 138 30 120
25 80 75 78 -5 0 13 0.85 0.0 0 4.5 10 100 M M 6 13 14 90
26 86 77 82 -1 0 17 0.01 0.0 0 2.9 13 200 M M 2 15 200
27 91 77 84 2 0 19 0.00 0.0 0 3.0 15 200 M M 2 13 19 190
28 91 75 83 1 0 18 0.00 0.0 0 5.4 12 170 M M 2 16 170
29 91 77 84 2 0 19 0.00 0.0 0 4.5 12 140 M M 0 17 150
30 98 77 88 6 0 23 0.00 0.0 0 6.4 25 350 M M 0 8 34 360
31 95 76 86 4 0 21 0.00 0.0 0 6.6 9 10 M M 0 16 350
================================================================================
SM 2772 2360 0 559 11.76 0.0 165.3 M 79
================================================================================
AV 89.4 76.1 5.3 FASTST M M 3 MAX(MPH)
MISC ----> 25 350 34 360
================================================================================
NOTES:
# LAST OF SEVERAL OCCURRENCES
COLUMN 17 PEAK WIND IN M.P.H.
PRELIMINARY LOCAL CLIMATOLOGICAL DATA (WS FORM: F-6) , PAGE 2
STATION: PENSACOLA
MONTH: AUGUST
YEAR: 2022
LATITUDE: 30 28 N
LONGITUDE: 87 12 W
[TEMPERATURE DATA] [PRECIPITATION DATA] SYMBOLS USED IN COLUMN 16
AVERAGE MONTHLY: 82.8 TOTAL FOR MONTH: 11.76 1 = FOG OR MIST
DPTR FM NORMAL: -0.2 DPTR FM NORMAL: 4.26 2 = FOG REDUCING VISIBILITY
HIGHEST: 98 ON 30 GRTST 24HR 4.80 ON 11-12 TO 1/4 MILE OR LESS
LOWEST: 73 ON 24 3 = THUNDER
SNOW, ICE PELLETS, HAIL 4 = ICE PELLETS
TOTAL MONTH: 0.0 INCH 5 = HAIL
GRTST 24HR 0.0 6 = FREEZING RAIN OR DRIZZLE
GRTST DEPTH: 0 7 = DUSTSTORM OR SANDSTORM:
VSBY 1/2 MILE OR LESS
8 = SMOKE OR HAZE
[NO. OF DAYS WITH] [WEATHER - DAYS WITH] 9 = BLOWING SNOW
X = TORNADO
MAX 32 OR BELOW: 0 0.01 INCH OR MORE: 17
MAX 90 OR ABOVE: 14 0.10 INCH OR MORE: 9
MIN 32 OR BELOW: 0 0.50 INCH OR MORE: 6
MIN 0 OR BELOW: 0 1.00 INCH OR MORE: 4
[HDD (BASE 65) ]
TOTAL THIS MO. 0 CLEAR (SCALE 0-3) 23
DPTR FM NORMAL 0 PTCLDY (SCALE 4-7) 8
TOTAL FM JUL 1 0 CLOUDY (SCALE 8-10) 0
DPTR FM NORMAL 0
[CDD (BASE 65) ]
TOTAL THIS MO. 559
DPTR FM NORMAL 1 [PRESSURE DATA]
TOTAL FM JAN 1 2442 HIGHEST SLP M ON M
DPTR FM NORMAL 248 LOWEST SLP 29.88 ON 15
[REMARKS]
#FINAL-08-22#