266
CXUS54 KMOB 012215
CF6PNS
PRELIMINARY LOCAL CLIMATOLOGICAL DATA (WS FORM: F-6)
STATION: PENSACOLA
MONTH: DECEMBER
YEAR: 2020
LATITUDE: 30 28 N
LONGITUDE: 87 12 W
TEMPERATURE IN F: :PCPN: SNOW: WIND :SUNSHINE: SKY :PK WND
================================================================================
1 2 3 4 5 6A 6B 7 8 9 10 11 12 13 14 15 16 17 18
12Z AVG MX 2MIN
DY MAX MIN AVG DEP HDD CDD WTR SNW DPTH SPD SPD DIR MIN PSBL S-S WX SPD DR
================================================================================
1 56 30 43 -13 22 0 0.00 0.0 0 5.6 14 330 M M 0 21 340
2 61 33 47 -9 18 0 T 0.0 0 6.0 13 30 M M 0 19 30
3 63 48 56 0 9 0 0.00 0.0 0 9.4 17 100 M M 2 23 110
4 70 43 57 1 8 0 1.72 0.0 0 8.6 21 330 M M 6 13 26 330
5 64 39 52 -4 13 0 T 0.0 0 6.2 15 350 M M 0 21 360
6 63 48 56 1 9 0 0.03 0.0 0 5.8 16 320 M M 4 20 330
7 60 43 52 -3 13 0 0.00 0.0 0 12.5 23 330 M M 0 34 340
8 61 35 48 -7 17 0 T 0.0 0 7.2 14 350 M M 0 19 350
9 71 44 58 3 7 0 0.00 0.0 0 7.2 16 240 M M 0 1 22 250
10 70 44 57 3 8 0 0.00 0.0 0 3.1 12 160 M M 2 12 15 150
11 72 49 61 7 4 0 T 0.0 0 6.5 14 120 M M 3 1 20 120
12 78 65 72 18 0 7 0.22 0.0 0 10.4 21 160 M M 8 28 170
13 73 64 69 15 0 4 T 0.0 0 8.2 21 190 M M 9 30 190
14 73 45 59 5 6 0 T 0.0 0 16.1 28 320 M M 8 40 310
15 63 39 51 -2 14 0 0.01 0.0 0 4.5 13 30 M M 6 17 30
16 58 46 52 -1 13 0 0.26 0.0 0 10.2 22 330 M M 10 27 330
17 48 33 41 -12 24 0 0.00 0.0 0 9.2 17 330 M M 5 23 330
18 58 32 45 -8 20 0 0.00 0.0 0 4.5 13 20 M M 0 18 17 10
19 62 39 51 -2 14 0 0.29 0.0 0 7.9 16 100 M M 5 18 26 100
20 59 51 55 2 10 0 0.28 0.0 0 8.1 16 90 M M 10 1 22 80
21 67 48 58 6 7 0 0.00 0.0 0 6.9 15 320 M M 2 20 330
22 71 43 57 5 8 0 0.00 0.0 0 3.3 9 340 M M 0 1 13 50
23 71 48 60 8 5 0 T 0.0 0 10.1 20 160 M M 5 27 160
24 69 35 52 0 13 0 1.11 0.0 0 16.6 29 320 M M 6 13 43 300
25 51 31 41 -11 24 0 0.00 0.0 0 8.4 20 310 M M 0 28 330
26 54 29 42 -10 23 0 0.00 0.0 0 2.0 8 310 M M 0 8 12 40
27 61 33 47 -5 18 0 0.00 0.0 0 5.8 14 120 M M 0 19 120
28 67 44 56 4 9 0 0.00 0.0 0 3.1 9 160 M M 1 1 12 140
29 70 46 58 6 7 0 0.00 0.0 0 6.5 15 120 M M 0 1 21 110
30 71 56 64 12 1 0 T 0.0 0 9.5 20 120 M M 5 27 130
31 75 62 69 18 0 4 0.84 0.0 0 13.1 25 150 M M 9 1 40 150
================================================================================
SM 2010 1345 344 15 4.76 0.0 242.5 M 106
================================================================================
AV 64.8 43.4 7.8 FASTST M M 3 MAX(MPH)
MISC ----> 29 320 43 300
================================================================================
NOTES:
# LAST OF SEVERAL OCCURRENCES
COLUMN 17 PEAK WIND IN M.P.H.
PRELIMINARY LOCAL CLIMATOLOGICAL DATA (WS FORM: F-6) , PAGE 2
STATION: PENSACOLA
MONTH: DECEMBER
YEAR: 2020
LATITUDE: 30 28 N
LONGITUDE: 87 12 W
[TEMPERATURE DATA] [PRECIPITATION DATA] SYMBOLS USED IN COLUMN 16
AVERAGE MONTHLY: 54.1 TOTAL FOR MONTH: 4.76 1 = FOG OR MIST
DPTR FM NORMAL: 0.6 DPTR FM NORMAL: 0.21 2 = FOG REDUCING VISIBILITY
HIGHEST: 78 ON 12 GRTST 24HR 1.72 ON 4- 4 TO 1/4 MILE OR LESS
LOWEST: 29 ON 26 3 = THUNDER
SNOW, ICE PELLETS, HAIL 4 = ICE PELLETS
TOTAL MONTH: 0.0 INCH 5 = HAIL
GRTST 24HR 0.0 6 = FREEZING RAIN OR DRIZZLE
GRTST DEPTH: 0 7 = DUSTSTORM OR SANDSTORM:
VSBY 1/2 MILE OR LESS
8 = SMOKE OR HAZE
[NO. OF DAYS WITH] [WEATHER - DAYS WITH] 9 = BLOWING SNOW
X = TORNADO
MAX 32 OR BELOW: 0 0.01 INCH OR MORE: 9
MAX 90 OR ABOVE: 0 0.10 INCH OR MORE: 7
MIN 32 OR BELOW: 4 0.50 INCH OR MORE: 3
MIN 0 OR BELOW: 0 1.00 INCH OR MORE: 2
[HDD (BASE 65) ]
TOTAL THIS MO. 344 CLEAR (SCALE 0-3) 17
DPTR FM NORMAL -26 PTCLDY (SCALE 4-7) 9
TOTAL FM JUL 1 416 CLOUDY (SCALE 8-10) 5
DPTR FM NORMAL -166
[CDD (BASE 65) ]
TOTAL THIS MO. 15
DPTR FM NORMAL 2 [PRESSURE DATA]
TOTAL FM JAN 1 3247 HIGHEST SLP 30.45 ON 18
DPTR FM NORMAL 638 LOWEST SLP 29.76 ON 24
[REMARKS]
#FINAL-12-20#