000
CXUS55 KALY 170901
CF6POU
PRELIMINARY LOCAL CLIMATOLOGICAL DATA (WS FORM: F-6)
STATION: POUGHKEEPSIE NY
MONTH: AUGUST
YEAR: 2020
LATITUDE: 41 37 N
LONGITUDE: 73 53 W
TEMPERATURE IN F: :PCPN: SNOW: WIND :SUNSHINE: SKY :PK WND
================================================================================
1 2 3 4 5 6A 6B 7 8 9 10 11 12 13 14 15 16 17 18
12Z AVG MX 2MIN
DY MAX MIN AVG DEP HDD CDD WTR SNW DPTH SPD SPD DIR MIN PSBL S-S WX SPD DR
================================================================================
1 92 60 76 3 0 11 0.00 M M 3.7 13 250 M M 0 17 250
2 89 72 81 8 0 16 0.12 M M 5.1 21 240 M M 8 138 27 250
3 89 72 81 8 0 16 0.18 M M 7.1 14 200 M M 3 18 22 240
4 77 70 74 1 0 9 1.19 M M M M M M M 7 1 43 110
5 86 63 75 3 0 10 0.00 M M 4.2 16 250 M M 1 1 21 250
6 83 60 72 0 0 7 0.00 M M 2.0 9 360 M M 3 12 10
7 83 67 75 3 0 10 0.06 M M 2.6 13 10 M M 6 1 16 330
8 87 64 76 4 0 11 0.00 M M 2.4 8 250 M M 2 12 240
9 90 67 79 7 0 14 0.00 M M 3.9 14 230 M M 0 19 240
10 93 68 81 9 0 16 0.17 M M 3.7 21 360 M M 1 13 26 10
11 93 67 80 8 0 15 0.00 M M 4.5 14 180 M M 1 20 200
12 90 70 80 8 0 15 0.07 M M 2.5 12 10 M M 3 13 14 360
13 84 66 75 3 0 10 0.00 M M 2.4 8 360 M M 3 11 340
14 89 63 76 4 0 11 0.00 M M 4.1 14 30 M M 2 17 30
15 86 62 74 2 0 9 0.00 M M 5.2 17 110 M M 2 23 100
16 72 62 67 -4 0 2 0.12 M M 3.7 12 50 M M 10 18 15 30
17 80 57 69 -2 0 4 0.00 M M 2.8 12 240 M M 5 12 14 240
18 83 59 71 0 0 6 0.18 M M 4.2 14 240 M M 2 1 19 250
19 81 55 68 -3 0 3 0.00 M M 2.3 15 360 M M 3 21 330
20 80 50 65 -6 0 0 0.00 M M 1.4 12 240 M M 0 1 15 230
21 89 54 72 1 0 7 0.00 M M 4.2 17 250 M M 0 22 230
22 93 63 78 8 0 13 0.00 M M 1.8 18 20 M M 1 23 360
23 91 63 77 7 0 12 0.00 M M 4.0 17 250 M M 0 22 250
24 93 68 81 11 0 16 0.00 M M 5.5 16 250 M M 1 3 23 250
25 92 69 81 11 0 16 T M M 9.2 24 320 M M 2 3 40 310
26 80 58 69 -1 0 4 0.00 M M 7.4 17 290 M M 1 24 290
27 90 62 76 7 0 11 0.79 M M 5.4 24 20 M M 6 13 32 20
28 84 64 74 5 0 9 0.00 M M 2.9 14 250 M M 2 1 17 300
29 83 63 73 4 0 8 0.19 M M 5.0 20 320 M M 7 1 25 300
30 78 54 66 -3 0 1 0.00 M M 8.1 18 340 M M 3 22 350
31 76 49 63 -5 2 0 0.00 M M 1.5 8 160 M M 2 12 170
================================================================================
SM 2656 1941 2 292 3.07 M 122.8 M 87
================================================================================
AV 85.7 62.6 4.1 FASTST M M 3 MAX(MPH)
MISC ----> # 24 320 43 110
================================================================================
NOTES:
# LAST OF SEVERAL OCCURRENCES
COLUMN 17 PEAK WIND IN M.P.H.
PRELIMINARY LOCAL CLIMATOLOGICAL DATA (WS FORM: F-6) , PAGE 2
STATION: POUGHKEEPSIE NY
MONTH: AUGUST
YEAR: 2020
LATITUDE: 41 37 N
LONGITUDE: 73 53 W
[TEMPERATURE DATA] [PRECIPITATION DATA] SYMBOLS USED IN COLUMN 16
AVERAGE MONTHLY: 74.1 TOTAL FOR MONTH: 3.07 1 = FOG OR MIST
DPTR FM NORMAL: 3.0 DPTR FM NORMAL: -1.13 2 = FOG REDUCING VISIBILITY
HIGHEST: 93 ON 24,22 GRTST 24HR 1.19 ON 4- 4 TO 1/4 MILE OR LESS
LOWEST: 49 ON 31 3 = THUNDER
SNOW, ICE PELLETS, HAIL 4 = ICE PELLETS
TOTAL MONTH: M 5 = HAIL
GRTST 24HR M ON M 6 = FREEZING RAIN OR DRIZZLE
GRTST DEPTH: M ON M 7 = DUSTSTORM OR SANDSTORM:
VSBY 1/2 MILE OR LESS
8 = SMOKE OR HAZE
[NO. OF DAYS WITH] [WEATHER - DAYS WITH] 9 = BLOWING SNOW
X = TORNADO
MAX 32 OR BELOW: 0 0.01 INCH OR MORE: 10
MAX 90 OR ABOVE: 10 0.10 INCH OR MORE: 8
MIN 32 OR BELOW: 0 0.50 INCH OR MORE: 2
MIN 0 OR BELOW: 0 1.00 INCH OR MORE: 1
[HDD (BASE 65) ]
TOTAL THIS MO. 2 CLEAR (SCALE 0-3) 23
DPTR FM NORMAL -10 PTCLDY (SCALE 4-7) 7
TOTAL FM JUL 1 2 CLOUDY (SCALE 8-10) 1
DPTR FM NORMAL -12
[CDD (BASE 65) ]
TOTAL THIS MO. 292
DPTR FM NORMAL 91 [PRESSURE DATA]
TOTAL FM JAN 1 936 HIGHEST SLP 30.18 ON 7
DPTR FM NORMAL 332 LOWEST SLP 29.41 ON 29
[REMARKS]
#FINAL-08-20#