000
CXUS56 KLOX 011255
CF6PRB
PRELIMINARY LOCAL CLIMATOLOGICAL DATA (WS FORM: F-6)
STATION: PASO ROBLES AIRPORT CA
MONTH: NOVEMBER
YEAR: 2022
LATITUDE: 35 40 N
LONGITUDE: 120 38 W
TEMPERATURE IN F: :PCPN: SNOW: WIND :SUNSHINE: SKY :PK WND
================================================================================
1 2 3 4 5 6A 6B 7 8 9 10 11 12 13 14 15 16 17 18
12Z AVG MX 2MIN
DY MAX MIN AVG DEP HDD CDD WTR SNW DPTH SPD SPD DIR MIN PSBL S-S WX SPD DR
================================================================================
1 64 39 52 -6 13 0 T M M 6.9 23 230 M M 6 28 230
2 62 37 50 -7 15 0 0.05 M M 3.2 22 340 M M 2 26 330
3 61 32 47 -10 18 0 0.00 M M 4.7 16 340 M M 1 20 310
4 66 30 48 -8 17 0 0.00 M M 2.8 13 120 M M 0 16 100
5 71 32 52 -4 13 0 0.00 M M 3.4 15 320 M M 0 19 320
6 70 43 57 1 8 0 0.00 M M 4.8 18 200 M M 6 22 200
7 59 40 50 -6 15 0 0.12 M M 6.3 20 270 M M 5 1 23 260
8 54 40 47 -8 18 0 0.50 M M 9.2 30 180 M M 7 1 46 180
9 59 38 49 -6 16 0 0.04 M M 3.9 14 320 M M 3 1 17 310
10 59 33 46 -9 19 0 0.00 M M 5.3 17 80 M M 1 12 23 60
11 64 32 48 -6 17 0 0.00 M M 2.5 12 110 M M 0 14 110
12 63 31 47 -7 18 0 0.00 M M 5.1 18 320 M M 1 18 23 320
13 61 33 47 -7 18 0 0.00 M M 3.8 13 310 M M 0 15 300
14 65 29 47 -6 18 0 0.00 M M 1.9 9 130 M M 0 12 210
15 65 35 50 -3 15 0 0.00 M M 4.8 16 80 M M 4 12 20 80
16 71 31 51 -2 14 0 0.00 M M 5.6 15 60 M M 0 20 90
17 72 29 51 -1 14 0 0.00 M M 2.2 14 100 M M 0 17 90
18 66 30 48 -4 17 0 0.00 M M 3.1 15 90 M M 0 18 100
19 68 30 49 -3 16 0 0.00 M M 4.7 16 80 M M 0 20 70
20 70 27 49 -2 16 0 0.00 M M 3.1 15 80 M M 0 17 80
21 70 27 49 -2 16 0 0.00 M M 3.1 15 90 M M 0 18 18 90
22 70 27 49 -2 16 0 0.00 M M 3.1 15 100 M M 0 18 90
23 69 32 51 1 14 0 0.00 M M 4.7 20 90 M M 0 24 70
24 76 30 53 3 12 0 0.00 M M 1.9 9 130 M M 0 10 120
25 74 31 53 3 12 0 0.00 M M 3.1 9 250 M M 0 10 250
26 71 30 51 1 14 0 0.00 M M 1.1 7 130 M M 0 9 70
27 68 30 49 0 16 0 0.00 M M 2.8 10 100 M M 0 12 100
28 65 32 49 0 16 0 0.00 M M 9.4 25 320 M M 0 30 320
29 59 30 45 -4 20 0 0.00 M M 4.8 17 60 M M 0 21 60
30 61 29 45 -4 20 0 0.00 M M 4.0 16 220 M M 4 21 240
================================================================================
SM 1973 969 471 0 0.71 M 125.3 M 40
================================================================================
AV 65.8 32.3 4.2 FASTST M M 1 MAX(MPH)
MISC ----> 30 180 46 180
================================================================================
NOTES:
# LAST OF SEVERAL OCCURRENCES
COLUMN 17 PEAK WIND IN M.P.H.
PRELIMINARY LOCAL CLIMATOLOGICAL DATA (WS FORM: F-6) , PAGE 2
STATION: PASO ROBLES AIRPORT CA
MONTH: NOVEMBER
YEAR: 2022
LATITUDE: 35 40 N
LONGITUDE: 120 38 W
[TEMPERATURE DATA] [PRECIPITATION DATA] SYMBOLS USED IN COLUMN 16
AVERAGE MONTHLY: 49.0 TOTAL FOR MONTH: 0.71 1 = FOG OR MIST
DPTR FM NORMAL: -3.9 DPTR FM NORMAL: -0.16 2 = FOG REDUCING VISIBILITY
HIGHEST: 76 ON 24 GRTST 24HR 0.54 ON 8- 9 TO 1/4 MILE OR LESS
LOWEST: 27 ON 22,21 3 = THUNDER
SNOW, ICE PELLETS, HAIL 4 = ICE PELLETS
TOTAL MONTH: M 5 = HAIL
GRTST 24HR M ON M 6 = FREEZING RAIN OR DRIZZLE
GRTST DEPTH: M ON M 7 = DUSTSTORM OR SANDSTORM:
VSBY 1/2 MILE OR LESS
8 = SMOKE OR HAZE
[NO. OF DAYS WITH] [WEATHER - DAYS WITH] 9 = BLOWING SNOW
X = TORNADO
MAX 32 OR BELOW: 0 0.01 INCH OR MORE: 4
MAX 90 OR ABOVE: 0 0.10 INCH OR MORE: 2
MIN 32 OR BELOW: 21 0.50 INCH OR MORE: 1
MIN 0 OR BELOW: 0 1.00 INCH OR MORE: 0
[HDD (BASE 65) ]
TOTAL THIS MO. 471 CLEAR (SCALE 0-3) 23
DPTR FM NORMAL 105 PTCLDY (SCALE 4-7) 7
TOTAL FM JUL 1 574 CLOUDY (SCALE 8-10) 0
DPTR FM NORMAL 52
[CDD (BASE 65) ]
TOTAL THIS MO. 0
DPTR FM NORMAL -1 [PRESSURE DATA]
TOTAL FM JAN 1 1474 HIGHEST SLP 30.42 ON 4
DPTR FM NORMAL 516 LOWEST SLP 29.66 ON 8
[REMARKS]
#FINAL-11-22#