000
CXUS56 KLOX 011155
CF6PRB
PRELIMINARY LOCAL CLIMATOLOGICAL DATA (WS FORM: F-6)
STATION: PASO ROBLES AIRPORT CA
MONTH: MARCH
YEAR: 2022
LATITUDE: 35 40 N
LONGITUDE: 120 38 W
TEMPERATURE IN F: :PCPN: SNOW: WIND :SUNSHINE: SKY :PK WND
================================================================================
1 2 3 4 5 6A 6B 7 8 9 10 11 12 13 14 15 16 17 18
12Z AVG MX 2MIN
DY MAX MIN AVG DEP HDD CDD WTR SNW DPTH SPD SPD DIR MIN PSBL S-S WX SPD DR
================================================================================
1 81 33 57 5 8 0 0.00 M M 3.4 15 90 M M 0 18 90
2 81 38 60 8 5 0 0.00 M M 5.4 18 310 M M 0 22 310
3 70 38 54 2 11 0 T M M 4.8 20 170 M M 2 28 170
4 61 41 51 -1 14 0 0.00 M M 8.7 25 330 M M 6 31 330
5 57 30 44 -8 21 0 0.00 M M 5.5 21 320 M M 2 26 360
6 62 26 44 -8 21 0 0.00 M M 3.5 10 220 M M 1 13 340
7 67 26 47 -6 18 0 0.00 M M 5.2 16 80 M M 0 22 90
8 71 28 50 -3 15 0 0.00 M M 3.6 10 190 M M 0 13 190
9 74 30 52 -1 13 0 0.00 M M 6.5 23 310 M M 0 30 320
10 71 36 54 1 11 0 0.00 M M 6.8 20 340 M M 3 24 340
11 74 28 51 -2 14 0 0.00 M M 3.0 13 210 M M 0 14 200
12 77 30 54 1 11 0 0.00 M M 4.7 16 310 M M 0 21 310
13 74 36 55 2 10 0 0.00 M M 8.3 23 320 M M 3 1 29 300
14 76 31 54 1 11 0 0.00 M M 4.7 14 300 M M 0 M M
15 74 37 56 2 9 0 0.00 M M 6.2 16 320 M M 1 M M
16 75 44 60 6 5 0 0.00 M M 9.2 16 320 M M 2 1 M M
17 76 36 56 2 9 0 0.00 M M 6.8 16 310 M M 0 M M
18 80 33 57 3 8 0 0.00 M M 4.1 12 290 M M 0 M M
19 61 48 55 1 10 0 0.18 M M 9.5 20 310 M M 5 18 25 310
20 69 45 57 3 8 0 0.00 M M 12.2 21 330 M M 2 24 330
21 77 35 56 2 9 0 0.00 M M 4.5 15 330 M M 0 19 330
22 84 39 62 8 3 0 0.00 M M 3.0 12 70 M M 0 14 60
23 90 43 67 13 0 2 0.00 M M 4.4 16 230 M M 0 20 240
24 89 42 66 12 0 1 0.00 M M 4.6 16 200 M M 0 19 240
25 87 44 66 12 0 1 0.00 M M 4.9 15 200 M M 0 19 210
26 82 41 62 8 3 0 0.00 M M 4.8 16 230 M M 0 M M
27 65 45 55 0 10 0 0.00 M M 11.3 24 180 M M 4 37 180
28 58 48 53 -2 12 0 0.93 M M 7.8 17 120 M M 9 1 22 140
29 68 44 56 1 9 0 0.00 M M 8.2 17 310 M M 6 20 320
30 69 46 58 3 7 0 0.00 M M 10.2 18 320 M M 5 1 25 320
31 70 45 58 3 7 0 0.00 M M 6.6 16 320 M M 4 19 310
================================================================================
SM 2270 1166 292 4 1.11 M 192.5 M 55
================================================================================
AV 73.2 37.6 6.2 FASTST M M 2 MAX(MPH)
MISC ----> 25 330 37 180
================================================================================
NOTES:
# LAST OF SEVERAL OCCURRENCES
COLUMN 17 PEAK WIND IN M.P.H.
PRELIMINARY LOCAL CLIMATOLOGICAL DATA (WS FORM: F-6) , PAGE 2
STATION: PASO ROBLES AIRPORT CA
MONTH: MARCH
YEAR: 2022
LATITUDE: 35 40 N
LONGITUDE: 120 38 W
[TEMPERATURE DATA] [PRECIPITATION DATA] SYMBOLS USED IN COLUMN 16
AVERAGE MONTHLY: 55.4 TOTAL FOR MONTH: 1.11 1 = FOG OR MIST
DPTR FM NORMAL: 1.9 DPTR FM NORMAL: -1.31 2 = FOG REDUCING VISIBILITY
HIGHEST: 90 ON 23 GRTST 24HR 0.93 ON 28-28 TO 1/4 MILE OR LESS
LOWEST: 26 ON 7, 6 3 = THUNDER
SNOW, ICE PELLETS, HAIL 4 = ICE PELLETS
TOTAL MONTH: M 5 = HAIL
GRTST 24HR M ON M 6 = FREEZING RAIN OR DRIZZLE
GRTST DEPTH: M ON M 7 = DUSTSTORM OR SANDSTORM:
VSBY 1/2 MILE OR LESS
8 = SMOKE OR HAZE
[NO. OF DAYS WITH] [WEATHER - DAYS WITH] 9 = BLOWING SNOW
X = TORNADO
MAX 32 OR BELOW: 0 0.01 INCH OR MORE: 2
MAX 90 OR ABOVE: 1 0.10 INCH OR MORE: 2
MIN 32 OR BELOW: 8 0.50 INCH OR MORE: 1
MIN 0 OR BELOW: 0 1.00 INCH OR MORE: 0
[HDD (BASE 65) ]
TOTAL THIS MO. 292 CLEAR (SCALE 0-3) 24
DPTR FM NORMAL -65 PTCLDY (SCALE 4-7) 6
TOTAL FM JUL 1 2053 CLOUDY (SCALE 8-10) 1
DPTR FM NORMAL -332
[CDD (BASE 65) ]
TOTAL THIS MO. 4
DPTR FM NORMAL 4 [PRESSURE DATA]
TOTAL FM JAN 1 4 HIGHEST SLP 30.35 ON 11
DPTR FM NORMAL 4 LOWEST SLP 29.65 ON 28
[REMARKS]
#FINAL-03-22#