000
CXUS56 KLOX 011155
CF6PRB
PRELIMINARY LOCAL CLIMATOLOGICAL DATA (WS FORM: F-6)
STATION: PASO ROBLES AIRPORT CA
MONTH: APRIL
YEAR: 2022
LATITUDE: 35 40 N
LONGITUDE: 120 38 W
TEMPERATURE IN F: :PCPN: SNOW: WIND :SUNSHINE: SKY :PK WND
================================================================================
1 2 3 4 5 6A 6B 7 8 9 10 11 12 13 14 15 16 17 18
12Z AVG MX 2MIN
DY MAX MIN AVG DEP HDD CDD WTR SNW DPTH SPD SPD DIR MIN PSBL S-S WX SPD DR
================================================================================
1 78 40 59 4 6 0 0.00 M M 4.2 15 300 M M 0 18 300
2 78 42 60 5 5 0 0.00 M M 4.6 18 200 M M 0 22 200
3 81 45 63 8 2 0 0.00 M M 9.3 28 310 M M 0 33 310
4 78 38 58 3 7 0 0.00 M M 9.9 23 330 M M 0 29 330
5 81 48 65 9 0 0 0.00 M M 6.5 20 330 M M 0 23 320
6 88 38 63 7 2 0 0.00 M M 7.0 20 80 M M 0 24 100
7 96 46 71 15 0 6 0.00 M M 2.6 12 330 M M 0 15 290
8 96 45 71 15 0 6 0.00 M M 6.2 20 310 M M 0 25 310
9 84 46 65 9 0 0 0.00 M M 10.4 25 320 M M 0 29 320
10 76 37 57 1 8 0 0.00 M M 7.0 24 320 M M 0 30 320
11 68 41 55 -1 10 0 0.00 M M 14.4 29 320 M M 2 36 320
12 64 37 51 -5 14 0 0.00 M M 13.7 24 330 M M 0 29 320
13 68 31 50 -6 15 0 0.00 M M 8.4 21 330 M M 0 26 340
14 72 34 53 -4 12 0 0.00 M M 7.4 22 330 M M 0 26 340
15 75 38 57 0 8 0 0.00 M M 5.8 21 230 M M 0 24 220
16 65 46 56 -1 9 0 0.04 M M 9.6 25 230 M M 5 1 30 240
17 79 38 59 2 6 0 0.00 M M 5.6 20 300 M M 2 1 25 300
18 76 38 57 0 8 0 0.00 M M 7.5 18 200 M M 0 23 200
19 76 42 59 1 6 0 0.00 M M 7.2 22 310 M M 2 18 27 310
20 72 37 55 -3 10 0 T M M 7.2 21 200 M M 0 25 200
21 68 50 59 1 6 0 0.18 M M 9.0 20 240 M M 9 1 26 240
22 67 43 55 -3 10 0 0.00 M M 8.9 21 330 M M 6 26 340
23 78 38 58 0 7 0 0.00 M M 7.5 20 330 M M 1 24 330
24 84 39 62 3 3 0 0.00 M M 4.9 17 310 M M 0 21 320
25 87 42 65 6 0 0 0.00 M M 7.2 18 200 M M 0 23 230
26 78 48 63 4 2 0 0.00 M M 12.6 23 310 M M 0 27 310
27 80 41 61 2 4 0 0.00 M M 10.4 21 310 M M 0 25 310
28 71 41 56 -3 9 0 0.00 M M 15.9 29 320 M M 0 34 330
29 82 34 58 -2 7 0 0.00 M M 6.5 15 330 M M 0 18 330
30 85 38 62 2 3 0 0.00 M M 11.3 25 330 M M 0 32 320
================================================================================
SM 2331 1221 179 12 0.22 M 248.7 M 27
================================================================================
AV 77.7 40.7 8.3 FASTST M M 1 MAX(MPH)
MISC ----> # 29 320 36 320
================================================================================
NOTES:
# LAST OF SEVERAL OCCURRENCES
COLUMN 17 PEAK WIND IN M.P.H.
PRELIMINARY LOCAL CLIMATOLOGICAL DATA (WS FORM: F-6) , PAGE 2
STATION: PASO ROBLES AIRPORT CA
MONTH: APRIL
YEAR: 2022
LATITUDE: 35 40 N
LONGITUDE: 120 38 W
[TEMPERATURE DATA] [PRECIPITATION DATA] SYMBOLS USED IN COLUMN 16
AVERAGE MONTHLY: 59.2 TOTAL FOR MONTH: 0.22 1 = FOG OR MIST
DPTR FM NORMAL: 2.0 DPTR FM NORMAL: -0.38 2 = FOG REDUCING VISIBILITY
HIGHEST: 96 ON 8, 7 GRTST 24HR 0.18 ON 21-21 TO 1/4 MILE OR LESS
LOWEST: 31 ON 13 3 = THUNDER
SNOW, ICE PELLETS, HAIL 4 = ICE PELLETS
TOTAL MONTH: M 5 = HAIL
GRTST 24HR M ON M 6 = FREEZING RAIN OR DRIZZLE
GRTST DEPTH: M ON M 7 = DUSTSTORM OR SANDSTORM:
VSBY 1/2 MILE OR LESS
8 = SMOKE OR HAZE
[NO. OF DAYS WITH] [WEATHER - DAYS WITH] 9 = BLOWING SNOW
X = TORNADO
MAX 32 OR BELOW: 0 0.01 INCH OR MORE: 2
MAX 90 OR ABOVE: 2 0.10 INCH OR MORE: 1
MIN 32 OR BELOW: 1 0.50 INCH OR MORE: 0
MIN 0 OR BELOW: 0 1.00 INCH OR MORE: 0
[HDD (BASE 65) ]
TOTAL THIS MO. 179 CLEAR (SCALE 0-3) 27
DPTR FM NORMAL -63 PTCLDY (SCALE 4-7) 2
TOTAL FM JUL 1 2232 CLOUDY (SCALE 8-10) 1
DPTR FM NORMAL -397
[CDD (BASE 65) ]
TOTAL THIS MO. 12
DPTR FM NORMAL 5 [PRESSURE DATA]
TOTAL FM JAN 1 16 HIGHEST SLP 30.27 ON 13
DPTR FM NORMAL 9 LOWEST SLP 29.81 ON 9
[REMARKS]
#FINAL-04-22#