000
CXUS56 KLOX 011155
CF6PRB
PRELIMINARY LOCAL CLIMATOLOGICAL DATA (WS FORM: F-6)
STATION: PASO ROBLES AIRPORT CA
MONTH: AUGUST
YEAR: 2023
LATITUDE: 35 40 N
LONGITUDE: 120 38 W
TEMPERATURE IN F: :PCPN: SNOW: WIND :SUNSHINE: SKY :PK WND
================================================================================
1 2 3 4 5 6A 6B 7 8 9 10 11 12 13 14 15 16 17 18
12Z AVG MX 2MIN
DY MAX MIN AVG DEP HDD CDD WTR SNW DPTH SPD SPD DIR MIN PSBL S-S WX SPD DR
================================================================================
1 89 52 71 -3 0 6 0.00 M M 8.8 23 210 M M 0 1 27 200
2 80 54 67 -7 0 2 0.00 M M 9.3 21 210 M M 3 25 200
3 90 50 70 -4 0 5 0.00 M M 12.1 22 310 M M 2 27 310
4 95 55 75 1 0 10 0.00 M M 7.9 20 310 M M 3 25 320
5 100 52 76 2 0 11 0.00 M M 6.9 22 330 M M 0 1 26 330
6 104 55 80 6 0 15 0.00 M M 5.3 17 340 M M 0 22 330
7 94 58 76 2 0 11 0.00 M M 6.9 21 210 M M 0 26 230
8 88 50 69 -5 0 4 0.00 M M 6.2 16 210 M M 0 1 20 200
9 86 52 69 -5 0 4 0.00 M M 6.7 20 220 M M 2 12 24 200
10 80 56 68 -6 0 3 T M M 5.9 15 240 M M 3 19 230
11 89 62 76 2 0 11 T M M 7.7 17 200 M M 4 22 210
12 95 57 76 2 0 11 0.00 M M 6.2 21 190 M M 1 24 190
13 101 57 79 5 0 14 0.00 M M 5.5 23 200 M M 0 28 210
14 99 58 79 5 0 14 0.00 M M 6.1 25 210 M M 0 31 210
15 104 58 81 7 0 16 0.00 M M 5.2 24 210 M M 0 29 210
16 104 58 81 7 0 16 0.00 M M 5.6 21 200 M M 0 23 200
17 97 58 78 4 0 13 0.00 M M 6.7 21 210 M M 0 26 230
18 92 56 74 0 0 9 0.00 M M 6.1 18 210 M M 3 1 21 210
19 87 53 70 -4 0 5 T M M 6.6 23 210 M M 1 29 210
20 86 62 74 0 0 9 0.00 M M 8.1 22 90 M M 2 27 90
21 78 61 70 -4 0 5 0.00 M M 8.3 20 230 M M 3 24 210
22 93 55 74 1 0 9 0.00 M M 6.6 21 200 M M 1 1 26 200
23 97 57 77 4 0 12 0.00 M M 5.1 22 210 M M 0 26 210
24 84 56 70 -3 0 5 0.00 M M 8.0 20 230 M M 1 24 210
25 92 58 75 2 0 10 0.00 M M 6.4 16 190 M M 4 21 200
26 94 55 75 2 0 10 0.00 M M 5.7 18 290 M M 2 1 23 290
27 99 50 75 2 0 10 0.00 M M 5.6 17 340 M M 0 22 330
28 102 50 76 3 0 11 0.00 M M 7.0 16 320 M M 0 21 320
29 99 51 75 2 0 10 0.00 M M 8.5 22 330 M M 0 26 330
30 101 49 75 2 0 10 0.00 M M 4.4 20 200 M M 0 22 200
31 89 51 70 -3 0 5 0.00 M M 7.2 18 230 M M 0 23 230
================================================================================
SM 2888 1706 0 286 T M 212.6 M 35
================================================================================
AV 93.2 55.0 6.9 FASTST M M 1 MAX(MPH)
MISC ----> 25 210 31 210
================================================================================
NOTES:
# LAST OF SEVERAL OCCURRENCES
COLUMN 17 PEAK WIND IN M.P.H.
PRELIMINARY LOCAL CLIMATOLOGICAL DATA (WS FORM: F-6) , PAGE 2
STATION: PASO ROBLES AIRPORT CA
MONTH: AUGUST
YEAR: 2023
LATITUDE: 35 40 N
LONGITUDE: 120 38 W
[TEMPERATURE DATA] [PRECIPITATION DATA] SYMBOLS USED IN COLUMN 16
AVERAGE MONTHLY: 74.1 TOTAL FOR MONTH: T 1 = FOG OR MIST
DPTR FM NORMAL: 0.5 DPTR FM NORMAL: -0.01 2 = FOG REDUCING VISIBILITY
HIGHEST: 104 ON 16,15 GRTST 24HR T ON 10-10 TO 1/4 MILE OR LESS
LOWEST: 49 ON 30 3 = THUNDER
SNOW, ICE PELLETS, HAIL 4 = ICE PELLETS
TOTAL MONTH: M 5 = HAIL
GRTST 24HR M ON M 6 = FREEZING RAIN OR DRIZZLE
GRTST DEPTH: M ON M 7 = DUSTSTORM OR SANDSTORM:
VSBY 1/2 MILE OR LESS
8 = SMOKE OR HAZE
[NO. OF DAYS WITH] [WEATHER - DAYS WITH] 9 = BLOWING SNOW
X = TORNADO
MAX 32 OR BELOW: 0 0.01 INCH OR MORE: 0
MAX 90 OR ABOVE: 20 0.10 INCH OR MORE: 0
MIN 32 OR BELOW: 0 0.50 INCH OR MORE: 0
MIN 0 OR BELOW: 0 1.00 INCH OR MORE: 0
[HDD (BASE 65) ]
TOTAL THIS MO. 0 CLEAR (SCALE 0-3) 27
DPTR FM NORMAL -2 PTCLDY (SCALE 4-7) 4
TOTAL FM JUL 1 0 CLOUDY (SCALE 8-10) 0
DPTR FM NORMAL -4
[CDD (BASE 65) ]
TOTAL THIS MO. 286
DPTR FM NORMAL 17 [PRESSURE DATA]
TOTAL FM JAN 1 805 HIGHEST SLP 30.10 ON 3
DPTR FM NORMAL 59 LOWEST SLP 29.58 ON 20
[REMARKS]
#FINAL-08-23#