000
CXUS54 KFWD 010830
CF6PSN
PRELIMINARY LOCAL CLIMATOLOGICAL DATA (WS FORM: F-6)
STATION: PALESTINE
MONTH: NOVEMBER
YEAR: 2022
LATITUDE: 31 46 N
LONGITUDE: 95 42 W
TEMPERATURE IN F: :PCPN: SNOW: WIND :SUNSHINE: SKY :PK WND
================================================================================
1 2 3 4 5 6A 6B 7 8 9 10 11 12 13 14 15 16 17 18
12Z AVG MX 2MIN
DY MAX MIN AVG DEP HDD CDD WTR SNW DPTH SPD SPD DIR MIN PSBL S-S WX SPD DR
================================================================================
1 72 54 63 2 2 0 0.00 M M 2.9 9 100 M M 2 1 M M
2 79 52 66 5 0 1 0.00 M M 3.9 9 190 M M 3 12 14 120
3 82 64 73 13 0 8 0.00 M M 7.4 14 170 M M 8 22 160
4 82 55 69 9 0 4 0.01 M M 11.6 18 160 M M 10 18 29 170
5 66 45 56 -4 9 0 0.00 M M 2.9 8 M M M 1 16 200
6 79 52 66 7 0 1 0.00 M M 5.2 9 190 M M 5 1 17 190
7 86 72 79 20 0 14 0.00 M M 3.5 8 M M M 6 1 13 99
8 84 68 76 17 0 11 0.00 M M 6.4 9 130 M M 4 1 16 130
9 84 66 75 17 0 10 0.00 M M 6.0 9 150 M M 5 1 15 130
10 79 63 71 13 0 6 0.00 M M 5.2 10 160 M M 7 1 14 150
11 68 43 56 -2 9 0 0.01 M M 8.7 20 350 M M 10 1 26 350
12 54 32 43 -14 22 0 0.00 M M 10.3 17 340 M M 0 24 340
13 55 27 41 -16 24 0 0.00 M M 6.6 12 80 M M 1 1 16 100
14 48 43 46 -10 19 0 0.01 M M 8.6 14 340 M M 10 13 21 80
15 43 34 39 -17 26 0 0.04 M M 10.1 16 350 M M 8 1 23 340
16 55 34 45 -11 20 0 0.00 M M 2.6 7 99 M M 3 1 14 99
17 59 37 48 -7 17 0 0.00 M M 2.3 9 70 M M 2 M M
18 57 34 46 -9 19 0 0.00 M M 3.0 13 20 M M 7 15 40
19 46 30 38 -16 27 0 0.00 M M 7.6 13 10 M M 8 17 360
20 52 27 40 -14 25 0 0.01 M M 4.4 12 90 M M 5 16 70
21 50 41 46 -8 19 0 0.02 M M 1.1 5 190 M M 9 18 M M
22 63 43 53 0 12 0 0.00 M M 1.1 5 70 M M 8 12 M M
23 68 50 59 6 6 0 0.00 M M 4.5 9 140 M M 8 14 120
24 64 57 61 8 4 0 0.91 M M 5.9 10 80 M M 9 12 20 180
25 59 55 57 5 8 0 0.00 M M 8.8 14 40 M M 10 1 21 40
26 61 46 54 2 11 0 0.64 M M 8.4 21 250 M M 8 1 30 250
27 66 37 52 0 13 0 0.00 M M 3.3 10 310 M M 0 1 13 99
28 70 37 54 3 11 0 0.00 M M 4.8 9 170 M M 1 1 17 170
29 82 59 71 20 0 6 0.00 M M 8.4 14 220 M M 6 18 29 310
30 57 37 47 -4 18 0 0.00 M M 11.9 18 350 M M 3 29 350
================================================================================
SM 1970 1394 321 61 1.65 M 177.5 M 167
================================================================================
AV 65.7 46.5 5.9 FASTST M M 6 MAX(MPH)
MISC ----> 21 250 30 250
================================================================================
NOTES:
# LAST OF SEVERAL OCCURRENCES
COLUMN 17 PEAK WIND IN M.P.H.
PRELIMINARY LOCAL CLIMATOLOGICAL DATA (WS FORM: F-6) , PAGE 2
STATION: PALESTINE
MONTH: NOVEMBER
YEAR: 2022
LATITUDE: 31 46 N
LONGITUDE: 95 42 W
[TEMPERATURE DATA] [PRECIPITATION DATA] SYMBOLS USED IN COLUMN 16
AVERAGE MONTHLY: 56.1 TOTAL FOR MONTH: 1.65 1 = FOG OR MIST
DPTR FM NORMAL: 0.2 DPTR FM NORMAL: -2.59 2 = FOG REDUCING VISIBILITY
HIGHEST: 86 ON 7 GRTST 24HR 0.91 ON 24-24 TO 1/4 MILE OR LESS
LOWEST: 27 ON 20,13 3 = THUNDER
SNOW, ICE PELLETS, HAIL 4 = ICE PELLETS
TOTAL MONTH: M 5 = HAIL
GRTST 24HR M ON M 6 = FREEZING RAIN OR DRIZZLE
GRTST DEPTH: M ON M 7 = DUSTSTORM OR SANDSTORM:
VSBY 1/2 MILE OR LESS
8 = SMOKE OR HAZE
[NO. OF DAYS WITH] [WEATHER - DAYS WITH] 9 = BLOWING SNOW
X = TORNADO
MAX 32 OR BELOW: 0 0.01 INCH OR MORE: 8
MAX 90 OR ABOVE: 0 0.10 INCH OR MORE: 2
MIN 32 OR BELOW: 4 0.50 INCH OR MORE: 2
MIN 0 OR BELOW: 0 1.00 INCH OR MORE: 0
[HDD (BASE 65) ]
TOTAL THIS MO. 321 CLEAR (SCALE 0-3) 10
DPTR FM NORMAL 23 PTCLDY (SCALE 4-7) 10
TOTAL FM JUL 1 384 CLOUDY (SCALE 8-10) 10
DPTR FM NORMAL -2
[CDD (BASE 65) ]
TOTAL THIS MO. 61
DPTR FM NORMAL 37 [PRESSURE DATA]
TOTAL FM JAN 1 3117 HIGHEST SLP M ON M
DPTR FM NORMAL 801 LOWEST SLP M ON M
[REMARKS]
#FINAL-11-22#