000
CXUS56 KOTX 010900
CF6PUW
PRELIMINARY LOCAL CLIMATOLOGICAL DATA (WS FORM: F-6)
STATION: PULLMAN-MOSCOW AIRPORT
MONTH: MARCH
YEAR: 2020
LATITUDE: 46 44 N
LONGITUDE: 117 7 W
TEMPERATURE IN F: :PCPN: SNOW: WIND :SUNSHINE: SKY :PK WND
================================================================================
1 2 3 4 5 6A 6B 7 8 9 10 11 12 13 14 15 16 17 18
12Z AVG MX 2MIN
DY MAX MIN AVG DEP HDD CDD WTR SNW DPTH SPD SPD DIR MIN PSBL S-S WX SPD DR
================================================================================
1 42 22 32 -6 33 0 0.00 M M 8.1 18 240 M M 2 25 220
2 46 29 38 0 27 0 0.00 M M 11.6 24 240 M M 8 31 240
3 54 39 47 9 18 0 0.00 M M 18.4 33 250 M M 3 45 260
4 48 30 39 1 26 0 0.00 M M 15.9 31 250 M M 3 8 41 250
5 61 34 48 10 17 0 0.00 M M 9.4 22 100 M M 0 25 100
6 54 38 46 7 19 0 0.00 M M 3.3 12 20 M M 2 14 20
7 41 30 36 -3 29 0 0.13 M M 5.8 15 250 M M 9 12 22 260
8 44 30 37 -2 28 0 0.00 M M 4.4 14 220 M M 5 1 17 230
9 47 23 35 -4 30 0 0.00 M M 3.9 17 240 M M 1 20 280
10 54 23 39 -1 26 0 0.00 M M 7.1 21 230 M M 3 25 240
11 52 25 39 -1 26 0 0.00 M M 14.1 30 240 M M 4 36 240
12 45 21 33 -7 32 0 0.00 M M 3.8 15 270 M M 2 8 19 260
13 49 24 37 -3 28 0 0.00 M M 10.8 20 80 M M 7 23 80
14 35 24 30 -10 35 0 0.03 M M 6.3 17 30 M M 10 1 20 30
15 40 20 30 -11 35 0 0.00 M M 2.2 10 260 M M 3 12 260
16 50 20 35 -6 30 0 0.00 M M 2.3 14 280 M M 2 12 16 280
17 54 20 37 -4 28 0 0.00 M M 2.5 12 320 M M 0 17 300
18 52 28 40 -1 25 0 0.00 M M 3.1 13 230 M M 4 17 240
19 58 24 41 0 24 0 0.00 M M 2.3 12 350 M M 1 14 350
20 58 27 43 1 22 0 0.00 M M 3.6 16 280 M M 1 20 300
21 56 31 44 2 21 0 0.00 M M 6.3 16 240 M M 0 21 300
22 57 24 41 -1 24 0 0.00 M M 3.9 13 90 M M 1 17 230
23 50 36 43 1 22 0 0.00 M M 11.7 26 250 M M 2 8 34 250
24 49 29 39 -3 26 0 0.00 M M 6.1 18 250 M M 3 8 23 240
25 38 25 32 -10 33 0 0.05 M M 7.3 21 250 M M 9 12 29 230
26 46 23 35 -7 30 0 0.00 M M 7.4 23 230 M M 7 1 28 220
27 44 35 40 -3 25 0 T M M 7.3 20 230 M M 10 23 230
28 51 37 44 1 21 0 0.19 M M 5.4 17 240 M M 10 1 20 240
29 51 39 45 2 20 0 0.25 M M 9.4 32 240 M M 8 1 41 240
30 47 35 41 -2 24 0 0.39 M M 14.2 28 220 M M 8 1 39 190
31 44 31 38 -5 27 0 0.13 M M 10.4 30 230 M M 9 1 34 230
================================================================================
SM 1517 876 811 0 1.17 M 228.3 M 137
================================================================================
AV 48.9 28.3 7.4 FASTST M M 4 MAX(MPH)
MISC ----> # 33 250 # 45 260
================================================================================
NOTES:
# LAST OF SEVERAL OCCURRENCES
COLUMN 17 PEAK WIND IN M.P.H.
PRELIMINARY LOCAL CLIMATOLOGICAL DATA (WS FORM: F-6) , PAGE 2
STATION: PULLMAN-MOSCOW AIRPORT
MONTH: MARCH
YEAR: 2020
LATITUDE: 46 44 N
LONGITUDE: 117 7 W
[TEMPERATURE DATA] [PRECIPITATION DATA] SYMBOLS USED IN COLUMN 16
AVERAGE MONTHLY: 38.6 TOTAL FOR MONTH: 1.17 1 = FOG OR MIST
DPTR FM NORMAL: -2.0 DPTR FM NORMAL: -0.88 2 = FOG REDUCING VISIBILITY
HIGHEST: 61 ON 5 GRTST 24HR 0.39 ON 30-30 TO 1/4 MILE OR LESS
LOWEST: 20 ON 17,16 3 = THUNDER
SNOW, ICE PELLETS, HAIL 4 = ICE PELLETS
TOTAL MONTH: M 5 = HAIL
GRTST 24HR M ON M 6 = FREEZING RAIN OR DRIZZLE
GRTST DEPTH: M ON M 7 = DUSTSTORM OR SANDSTORM:
VSBY 1/2 MILE OR LESS
8 = SMOKE OR HAZE
[NO. OF DAYS WITH] [WEATHER - DAYS WITH] 9 = BLOWING SNOW
X = TORNADO
MAX 32 OR BELOW: 0 0.01 INCH OR MORE: 7
MAX 90 OR ABOVE: 0 0.10 INCH OR MORE: 5
MIN 32 OR BELOW: 23 0.50 INCH OR MORE: 0
MIN 0 OR BELOW: 0 1.00 INCH OR MORE: 0
[HDD (BASE 65) ]
TOTAL THIS MO. 811 CLEAR (SCALE 0-3) 15
DPTR FM NORMAL 55 PTCLDY (SCALE 4-7) 8
TOTAL FM JUL 1 5139 CLOUDY (SCALE 8-10) 8
DPTR FM NORMAL -320
[CDD (BASE 65) ]
TOTAL THIS MO. 0
DPTR FM NORMAL 0 [PRESSURE DATA]
TOTAL FM JAN 1 0 HIGHEST SLP M ON M
DPTR FM NORMAL 0 LOWEST SLP 29.49 ON 13
[REMARKS]
#FINAL-03-20#