000
CXUS51 KBOX 011144
CF6PVD
PRELIMINARY LOCAL CLIMATOLOGICAL DATA (WS FORM: F-6)
STATION: PROVIDENCE RI
MONTH: MAY
YEAR: 2020
LATITUDE: 41 43 N
LONGITUDE: 71 26 W
TEMPERATURE IN F: :PCPN: SNOW: WIND :SUNSHINE: SKY :PK WND
================================================================================
1 2 3 4 5 6A 6B 7 8 9 10 11 12 13 14 15 16 17 18
12Z AVG MX 2MIN
DY MAX MIN AVG DEP HDD CDD WTR SNW DPTH SPD SPD DIR MIN PSBL S-S WX SPD DR
================================================================================
1 63 53 58 4 7 0 1.24 0.0 0 8.5 26 160 M M 8 1 35 170
2 72 48 60 6 5 0 T 0.0 0 11.3 23 360 M M 5 29 280
3 72 53 63 8 2 0 T 0.0 0 9.4 22 220 M M 7 29 210
4 74 48 61 6 4 0 T 0.0 0 11.7 23 320 M M 7 36 310
5 62 44 53 -2 12 0 0.00 0.0 0 10.7 20 310 M M 2 29 290
6 57 40 49 -7 16 0 0.26 0.0 0 6.2 15 130 M M 6 1 18 150
7 66 40 53 -3 12 0 0.00 0.0 0 9.1 22 280 M M 5 26 280
8 58 43 51 -5 14 0 0.49 0.0 0 7.6 22 250 M M 8 1 30 270
9 48 35 42 -14 23 0 0.07 0.0 0 19.4 35 300 M M 7 1 49 340
10 63 34 49 -8 16 0 0.00 0.0 0 13.5 30 260 M M 3 39 260
11 57 40 49 -8 16 0 0.06 0.0 0 9.2 25 170 M M 4 13 32 160
12 58 40 49 -8 16 0 0.00 0.0 0 12.9 25 310 M M 3 34 290
13 61 37 49 -9 16 0 0.00 0.0 0 12.1 24 280 M M 1 32 260
14 71 39 55 -3 10 0 0.01 0.0 0 7.2 22 210 M M 5 29 210
15 76 51 64 6 1 0 0.33 0.0 0 8.3 18 240 M M 8 1 25 240
16 75 51 63 5 2 0 0.10 0.0 0 9.9 22 360 M M 6 1 27 360
17 62 51 57 -2 8 0 0.00 0.0 0 8.5 22 160 M M 7 26 150
18 67 50 59 0 6 0 T 0.0 0 6.3 14 50 M M 9 17 50
19 66 47 57 -2 8 0 0.00 0.0 0 13.9 26 60 M M 6 37 40
20 66 43 55 -5 10 0 0.00 0.0 0 8.2 15 110 M M 3 34 100
21 70 40 55 -5 10 0 0.00 0.0 0 9.2 22 160 M M 3 27 150
22 80 51 66 6 0 1 0.00 0.0 0 11.3 21 230 M M 2 27 230
23 69 46 58 -3 7 0 0.33 0.0 0 10.4 26 40 M M 8 18 31 50
24 67 46 57 -4 8 0 0.00 0.0 0 11.3 18 60 M M 5 25 50
25 70 50 60 -1 5 0 0.03 0.0 0 5.0 10 40 M M 9 1 13 10
26 77 59 68 6 0 3 0.00 0.0 0 6.4 18 160 M M 6 1 22 160
27 79 59 69 7 0 4 0.00 0.0 0 9.2 21 190 M M 6 12 26 190
28 79 63 71 9 0 6 0.03 0.0 0 10.5 22 210 M M 10 18 28 190
29 78 66 72 10 0 7 0.01 0.0 0 12.7 24 210 M M 9 1 33 220
30 81 65 73 10 0 8 0.01 0.0 0 9.3 16 300 M M 6 18 24 310
31 70 52 61 -2 4 0 0.00 0.0 0 13.0 21 10 M M 3 28 330
================================================================================
SM 2114 1484 238 29 2.97 0.0 312.2 M 177
================================================================================
AV 68.2 47.9 10.1 FASTST M M 6 MAX(MPH)
MISC ----> # 35 300 # 49 340
================================================================================
NOTES:
# LAST OF SEVERAL OCCURRENCES
COLUMN 17 PEAK WIND IN M.P.H.
PRELIMINARY LOCAL CLIMATOLOGICAL DATA (WS FORM: F-6) , PAGE 2
STATION: PROVIDENCE RI
MONTH: MAY
YEAR: 2020
LATITUDE: 41 43 N
LONGITUDE: 71 26 W
[TEMPERATURE DATA] [PRECIPITATION DATA] SYMBOLS USED IN COLUMN 16
AVERAGE MONTHLY: 58.0 TOTAL FOR MONTH: 2.97 1 = FOG OR MIST
DPTR FM NORMAL: -0.5 DPTR FM NORMAL: -0.58 2 = FOG REDUCING VISIBILITY
HIGHEST: 81 ON 30 GRTST 24HR 1.24 ON 1- 1 TO 1/4 MILE OR LESS
LOWEST: 34 ON 10 3 = THUNDER
SNOW, ICE PELLETS, HAIL 4 = ICE PELLETS
TOTAL MONTH: 0.0 INCH 5 = HAIL
GRTST 24HR 0.0 6 = FREEZING RAIN OR DRIZZLE
GRTST DEPTH: 0 7 = DUSTSTORM OR SANDSTORM:
VSBY 1/2 MILE OR LESS
8 = SMOKE OR HAZE
[NO. OF DAYS WITH] [WEATHER - DAYS WITH] 9 = BLOWING SNOW
X = TORNADO
MAX 32 OR BELOW: 0 0.01 INCH OR MORE: 13
MAX 90 OR ABOVE: 0 0.10 INCH OR MORE: 6
MIN 32 OR BELOW: 0 0.50 INCH OR MORE: 1
MIN 0 OR BELOW: 0 1.00 INCH OR MORE: 1
[HDD (BASE 65) ]
TOTAL THIS MO. 238 CLEAR (SCALE 0-3) 6
DPTR FM NORMAL 13 PTCLDY (SCALE 4-7) 19
TOTAL FM JUL 1 5182 CLOUDY (SCALE 8-10) 6
DPTR FM NORMAL -393
[CDD (BASE 65) ]
TOTAL THIS MO. 29
DPTR FM NORMAL 5 [PRESSURE DATA]
TOTAL FM JAN 1 29 HIGHEST SLP 30.48 ON 20
DPTR FM NORMAL 3 LOWEST SLP 29.55 ON 9
[REMARKS]
#FINAL-05-20#