000
CXUS54 KFWD 161605
CF6PWG
PRELIMINARY LOCAL CLIMATOLOGICAL DATA (WS FORM: F-6)
STATION: WACO MCGREGOR
MONTH: JANUARY
YEAR: 2024
LATITUDE: 31 28 N
LONGITUDE: 97 19 W
TEMPERATURE IN F: :PCPN: SNOW: WIND :SUNSHINE: SKY :PK WND
================================================================================
1 2 3 4 5 6A 6B 7 8 9 10 11 12 13 14 15 16 17 18
12Z AVG MX 2MIN
DY MAX MIN AVG DEP HDD CDD WTR SNW DPTH SPD SPD DIR MIN PSBL S-S WX SPD DR
================================================================================
1 50 34 42 -3 23 0 0.00 M M 11.1 18 350 M M 0 26 350
2 53 29 41 -4 24 0 0.94 M M 5.9 15 20 M M 5 1 M M
3 50 40 45 0 20 0 0.01 M M 5.7 12 350 M M 9 1 M M
4 58 35 47 2 18 0 0.03 M M 6.2 17 150 M M 8 12 M M
5 61 43 52 7 13 0 0.21 M M 5.1 16 280 M M 6 1 22 280
6 56 35 46 1 19 0 0.00 M M 5.6 10 330 M M 0 M M
7 61 30 46 1 19 0 0.00 M M 10.4 18 140 M M 1 24 130
8 64 42 53 8 12 0 0.17 M M 16.4 25 280 M M 8 1 60 280
9 53 32 43 -2 22 0 0.00 M M 14.2 23 310 M M 0 33 280
10 68 32 50 5 15 0 0.00 M M 11.0 23 200 M M 0 35 210
11 70 39 55 10 10 0 0.00 M M 11.0 23 160 M M 0 1 35 170
12 64 32 48 2 17 0 0.25 M M 12.7 23 300 M M 1 13 37 310
13 62 28 45 -1 20 0 0.00 0.0 0 11.7 24 340 M M 0 35 340
14 28 16 22 -24 43 0 T M M 14.6 17 340 M M 9 25 350
15 22 14 18 -28 47 0 T M M 13.1 17 350 M M 8 1 25 350
16 29 14 22 -24 43 0 0.00 M M 11.2 21 360 M M 0 30 360
17 45 12 29 -17 36 0 0.00 M M 10.5 22 170 M M 0 26 170
18 72 33 53 7 12 0 0.00 M M 9.0 16 220 M M 0 M M
19 45 26 36 -10 29 0 0.00 M M 14.6 23 350 M M 0 32 350
20 38 21 30 -16 35 0 0.00 M M 8.2 14 30 M M 2 M M
21 42 35 39 -7 26 0 T M M 9.9 15 120 M M 10 M M
22 47 35 41 -5 24 0 2.20 M M 4.5 9 360 M M 10 12 M M
23 51 45 48 2 17 0 0.52 M M 5.8 10 340 M M 10 13 M M
24 53 48 51 5 14 0 0.18 M M 5.3 10 350 M M 10 18 M M
25 55 49 52 6 13 0 0.02 M M 5.4 10 270 M M 10 1 M M
26 53 48 51 5 14 0 0.13 M M 6.3 14 10 M M 10 12 M M
27 56 42 49 2 16 0 0.00 M M 10.4 18 320 M M 6 1 24 320
28 64 32 48 1 17 0 0.00 M M 4.2 9 360 M M 0 M M
29 72 37 55 8 10 0 0.00 M M 5.3 10 230 M M 0 M M
30 75 42 59 12 6 0 0.00 M M 5.1 10 260 M M 0 M M
31 75 39 57 10 8 0 0.00 M M 3.1 8 180 M M 0 M M
================================================================================
SM 1692 1039 642 0 4.66 0.0 273.5 M 123
================================================================================
AV 54.6 33.5 8.8 FASTST M M 4 MAX(MPH)
MISC ----> 25 280 60 280
================================================================================
NOTES:
# LAST OF SEVERAL OCCURRENCES
COLUMN 17 PEAK WIND IN M.P.H.
PRELIMINARY LOCAL CLIMATOLOGICAL DATA (WS FORM: F-6) , PAGE 2
STATION: WACO MCGREGOR
MONTH: JANUARY
YEAR: 2024
LATITUDE: 31 28 N
LONGITUDE: 97 19 W
[TEMPERATURE DATA] [PRECIPITATION DATA] SYMBOLS USED IN COLUMN 16
AVERAGE MONTHLY: 44.0 TOTAL FOR MONTH: 4.66 1 = FOG OR MIST
DPTR FM NORMAL: -1.8 DPTR FM NORMAL: 2.51 2 = FOG REDUCING VISIBILITY
HIGHEST: 75 ON 31,30 GRTST 24HR 2.20 ON 22-22 TO 1/4 MILE OR LESS
LOWEST: 12 ON 17 3 = THUNDER
SNOW, ICE PELLETS, HAIL 4 = ICE PELLETS
TOTAL MONTH: 0.0 INCH 5 = HAIL
GRTST 24HR 0.0 6 = FREEZING RAIN OR DRIZZLE
GRTST DEPTH: 0 7 = DUSTSTORM OR SANDSTORM:
VSBY 1/2 MILE OR LESS
8 = SMOKE OR HAZE
[NO. OF DAYS WITH] [WEATHER - DAYS WITH] 9 = BLOWING SNOW
X = TORNADO
MAX 32 OR BELOW: 3 0.01 INCH OR MORE: 11
MAX 90 OR ABOVE: 0 0.10 INCH OR MORE: 8
MIN 32 OR BELOW: 13 0.50 INCH OR MORE: 3
MIN 0 OR BELOW: 0 1.00 INCH OR MORE: 1
[HDD (BASE 65) ]
TOTAL THIS MO. 642 CLEAR (SCALE 0-3) 17
DPTR FM NORMAL 47 PTCLDY (SCALE 4-7) 5
TOTAL FM JUL 1 1326 CLOUDY (SCALE 8-10) 9
DPTR FM NORMAL -184
[CDD (BASE 65) ]
TOTAL THIS MO. 0
DPTR FM NORMAL -2 [PRESSURE DATA]
TOTAL FM JAN 1 0 HIGHEST SLP M ON M
DPTR FM NORMAL -2 LOWEST SLP M ON M
[REMARKS]
#FINAL-01-24#