000
CXUS53 KMKX 010810
CF6RAC
PRELIMINARY LOCAL CLIMATOLOGICAL DATA (WS FORM: F-6)
STATION: RACINE WI
MONTH: JUNE
YEAR: 2023
LATITUDE: 42 45 N
LONGITUDE: 87 49 W
TEMPERATURE IN F: :PCPN: SNOW: WIND :SUNSHINE: SKY :PK WND
================================================================================
1 2 3 4 5 6A 6B 7 8 9 10 11 12 13 14 15 16 17 18
12Z AVG MX 2MIN
DY MAX MIN AVG DEP HDD CDD WTR SNW DPTH SPD SPD DIR MIN PSBL S-S WX SPD DR
================================================================================
1 86 59 73 11 0 8 0.00 M M 4.9 14 180 M M 0 20 170
2 86 61 74 12 0 9 0.00 M M 4.9 12 10 M M 0 18 16 20
3 82 61 72 10 0 7 0.00 M M 8.7 17 10 M M 0 8 23 20
4 75 57 66 3 0 1 0.00 M M 6.8 13 90 M M 0 8 19 120
5 79 55 67 4 0 2 0.00 M M 3.8 10 20 M M 0 8 16 20
6 68 56 62 -2 3 0 0.13 M M 10.9 21 10 M M 3 18 27 360
7 67 55 61 -3 4 0 0.00 M M 12.7 18 360 M M 0 26 360
8 71 52 62 -2 3 0 0.00 M M 7.7 14 30 M M 0 19 30
9 73 48 61 -3 4 0 0.00 M M 6.3 15 150 M M 0 8 19 160
10 86 56 71 6 0 6 0.00 M M 9.4 24 20 M M 2 33 30
11 56 51 54 -11 11 0 0.27 M M 18.4 30 10 M M 10 18 44 360
12 65 45 55 -11 10 0 0.00 M M 7.8 14 160 M M 7 22 350
13 63 55 59 -7 6 0 0.82 M M 9.2 17 290 M M 9 1 27 300
14 68 56 62 -4 3 0 0.00 M M 4.4 12 140 M M 5 1 15 130
15 69 53 61 -5 4 0 0.00 M M 10.7 28 10 M M 6 18 41 20
16 64 51 58 -9 7 0 0.00 M M 9.7 21 10 M M 6 18 29 30
17 75 50 63 -4 2 0 M M M 4.5 9 140 M M 0 18 M M
18 74 54 64 -3 1 0 0.00 M M 5.2 13 140 M M 0 18 16 110
19 80 57 69 1 0 4 0.00 M M 6.4 13 30 M M 0 18 18 30
20 76 59 68 0 0 3 0.00 0.0 0 9.2 18 20 M M 0 8 27 10
21 81 58 70 2 0 5 0.00 0.0 0 7.0 15 40 M M 0 18 20 30
22 82 59 71 2 0 6 0.00 M M 6.6 14 30 M M 0 18 19 30
23 81 61 71 2 0 6 0.00 M M 4.6 13 30 M M 0 8 17 30
24 85 59 72 3 0 7 T M M 6.8 15 140 M M 0 21 140
25 82 67 75 6 0 10 0.64 M M 9.9 24 80 M M 6 13 36 240
26 73 66 70 0 0 5 0.05 M M 10.6 20 350 M M 10 18 29 340
27 71 56 64 -6 1 0 0.00 M M 8.9 21 350 M M 10 18 29 340
28 74 53 64 -6 1 0 0.00 M M 6.1 13 170 M M 4 18 18 180
29 84 66 75 5 0 10 0.00 M M 6.0 14 150 M M 6 18 19 170
30 89 71 80 10 0 15 0.00 M M 5.7 12 270 M M 2 18 18 260
================================================================================
SM 2265 1707 60 104 1.91 0.0 233.8 M 86
================================================================================
AV 75.5 56.9 7.8 FASTST M M 3 MAX(MPH)
MISC ----> 30 10 44 360
================================================================================
NOTES:
# LAST OF SEVERAL OCCURRENCES
COLUMN 17 PEAK WIND IN M.P.H.
PRELIMINARY LOCAL CLIMATOLOGICAL DATA (WS FORM: F-6) , PAGE 2
STATION: RACINE WI
MONTH: JUNE
YEAR: 2023
LATITUDE: 42 45 N
LONGITUDE: 87 49 W
[TEMPERATURE DATA] [PRECIPITATION DATA] SYMBOLS USED IN COLUMN 16
AVERAGE MONTHLY: 66.2 TOTAL FOR MONTH: 1.91 1 = FOG OR MIST
DPTR FM NORMAL: -0.2 DPTR FM NORMAL: -2.08 2 = FOG REDUCING VISIBILITY
HIGHEST: 89 ON 30 GRTST 24HR 0.82 ON 13-13 TO 1/4 MILE OR LESS
LOWEST: 45 ON 12 3 = THUNDER
SNOW, ICE PELLETS, HAIL 4 = ICE PELLETS
TOTAL MONTH: 0.0 INCH 5 = HAIL
GRTST 24HR 0.0 6 = FREEZING RAIN OR DRIZZLE
GRTST DEPTH: 0 7 = DUSTSTORM OR SANDSTORM:
VSBY 1/2 MILE OR LESS
8 = SMOKE OR HAZE
[NO. OF DAYS WITH] [WEATHER - DAYS WITH] 9 = BLOWING SNOW
X = TORNADO
MAX 32 OR BELOW: 0 0.01 INCH OR MORE: 5
MAX 90 OR ABOVE: 0 0.10 INCH OR MORE: 4
MIN 32 OR BELOW: 0 0.50 INCH OR MORE: 2
MIN 0 OR BELOW: 0 1.00 INCH OR MORE: 0
[HDD (BASE 65) ]
TOTAL THIS MO. 60 CLEAR (SCALE 0-3) 18
DPTR FM NORMAL -12 PTCLDY (SCALE 4-7) 8
TOTAL FM JUL 1 6041 CLOUDY (SCALE 8-10) 4
DPTR FM NORMAL -643
[CDD (BASE 65) ]
TOTAL THIS MO. 104
DPTR FM NORMAL -12 [PRESSURE DATA]
TOTAL FM JAN 1 128 HIGHEST SLP M ON M
DPTR FM NORMAL -13 LOWEST SLP 29.51 ON 25
[REMARKS]
#FINAL-06-23#