000
CXUS56 KSGX 011052
CLMRAL
CLIMATE REPORT
NATIONAL WEATHER SERVICE SAN DIEGO, CA
352 AM PDT FRI SEP 01 2023
...................................
...THE RIVERSIDE MUNI AIRPORT CA CLIMATE SUMMARY FOR THE MONTH OF AUGUST 2023...
CLIMATE NORMAL PERIOD: 1991 TO 2020
CLIMATE RECORD PERIOD: 1893 TO 2023
WEATHER OBSERVED NORMAL DEPART LAST YEAR`S
VALUE DATE(S) VALUE FROM VALUE DATE(S)
NORMAL
................................................................
TEMPERATURE (F)
RECORD
HIGH 113 08/05/1997
08/24/1926
LOW 40 08/27/1902
HIGHEST 106 08/28 95 11 109 08/31
08/29
LOWEST 60 08/04 64 -4 65 08/27
08/28
08/29
AVG. MAXIMUM 95.9 94.9 1.0 97.5
AVG. MINIMUM 65.9 64.7 1.2 68.5
MEAN 80.9 79.8 1.1 83.0
DAYS MAX >= 90 27 25.2 1.8 29
DAYS MAX <= 32 0 0.0 0.0 0
DAYS MAX >= 45 31 31
DAYS MAX >= 120 0 0
DAYS MIN <= 32 0 0.0 0.0 0
PRECIPITATION (INCHES)
RECORD
MAXIMUM 2.33 1983
MINIMUM 0.00 2022
TOTALS 1.99 0.02 1.97 0.00
DAILY AVG. 0.06 0.00 0.06 0.00
DAYS >= .01 3 0.5 2.5 0
DAYS >= .10 2 0.0 2.0 0
DAYS >= .50 1 0.0 1.0 0
DAYS >= 1.00 1 0.0 1.0 0
DAYS >= %-5.2F 0 0
DAYS >= %-5.2F 0 0
GREATEST
24 HR. TOTAL 1.95 08/20 TO 08/21 0.03 07/31 TO 07/31
STORM TOTAL 1.83 0.00
(MM/DD(HH)) MM
DEGREE DAYS
HEATING TOTAL 0 0 0 0
SINCE 7/1 0 0 0 MM
COOLING TOTAL 499 459 40 562
SINCE 1/1 1235 1316 -81 MM
FREEZE DATES
RECORD
EARLIEST 10/21/1949
LATEST 04/28/1894
EARLIEST 01/17
LATEST 01/02
................................................................
WIND (MPH)
AVERAGE WIND SPEED 5.4
RESULTANT WIND SPEED/DIRECTION 4/270
HIGHEST WIND SPEED/DIRECTION 25/140 DATE 08/20
HIGHEST GUST SPEED/DIRECTION 36/140 DATE 08/20
SKY COVER
POSSIBLE SUNSHINE (PERCENT) MM
AVERAGE SKY COVER 0.10
NUMBER OF DAYS FAIR 27
NUMBER OF DAYS PC 3
NUMBER OF DAYS CLOUDY 1
AVERAGE RH (PERCENT) 53
WEATHER CONDITIONS. NUMBER OF DAYS WITH
THUNDERSTORM 1 MIXED PRECIP 0
HEAVY RAIN 1 RAIN 3
LIGHT RAIN 5 FREEZING RAIN 0
LT FREEZING RAIN 0 HAIL 0
HEAVY SNOW 0 SNOW 0
LIGHT SNOW 0 SLEET 0
FOG 3 FOG W/VIS <= 1/4 MILE 0
HAZE 5
- INDICATES NEGATIVE NUMBERS.
R INDICATES RECORD WAS SET OR TIED.
MM INDICATES DATA IS MISSING.
T INDICATES TRACE AMOUNT.
$$