000
CXUS54 KFWD 010730
CF6RBD
PRELIMINARY LOCAL CLIMATOLOGICAL DATA (WS FORM: F-6)
STATION: DALLAS EXECUTIVE
MONTH: OCTOBER
YEAR: 2022
LATITUDE: 32 40 N
LONGITUDE: 96 52 W
TEMPERATURE IN F: :PCPN: SNOW: WIND :SUNSHINE: SKY :PK WND
================================================================================
1 2 3 4 5 6A 6B 7 8 9 10 11 12 13 14 15 16 17 18
12Z AVG MX 2MIN
DY MAX MIN AVG DEP HDD CDD WTR SNW DPTH SPD SPD DIR MIN PSBL S-S WX SPD DR
================================================================================
1 81 50 66 -8 0 1 0.00 M M 4.3 13 110 M M 0 19 110
2 83 51 67 -6 0 2 0.00 M M 3.3 14 60 M M 0 19 60
3 84 51 68 -5 0 3 0.00 M M 2.6 12 90 M M 0 16 90
4 85 56 71 -2 0 6 0.00 M M 5.2 10 100 M M 0 14 170
5 87 57 72 0 0 7 0.00 M M 4.6 10 70 M M 0 8 15 40
6 88 60 74 2 0 9 0.00 M M 4.5 8 350 M M 0 12 330
7 86 62 74 2 0 9 0.00 M M 4.6 13 80 M M 0 18 50
8 78 60 69 -2 0 4 0.00 M M 8.0 14 50 M M 3 19 50
9 82 56 69 -2 0 4 0.00 M M 5.0 10 100 M M 1 14 90
10 87 62 75 5 0 10 0.00 M M 7.6 16 180 M M 1 22 160
11 83 65 74 4 0 9 T M M 11.9 21 180 M M 2 30 180
12 94 68 81 11 0 16 0.00 M M 10.1 18 210 M M 0 27 210
13 83 52 68 -1 0 3 0.00 M M 6.5 15 10 M M 0 8 19 10
14 86 53 70 1 0 5 0.00 M M 7.3 18 190 M M 0 8 28 190
15 92 70 81 13 0 16 0.00 M M 11.1 20 210 M M 0 28 210
16 75 63 69 1 0 4 0.48 M M 10.2 24 340 M M 7 13 33 20
17 70 52 61 -7 4 0 0.00 M M 10.3 20 10 M M 1 28 320
18 64 44 54 -13 11 0 0.00 M M 8.8 21 20 M M 0 29 10
19 67 35 51 -16 14 0 0.00 M M 4.0 12 170 M M 0 16 200
20 84 52 68 1 0 3 0.00 M M 8.6 20 250 M M 0 30 270
21 90 51 71 5 0 6 0.00 M M 9.1 21 190 M M 0 31 180
22 86 63 75 9 0 10 0.00 M M 17.8 28 190 M M 0 39 170
23 85 69 77 11 0 12 T M M 19.8 31 170 M M 4 46 180
24 74 57 66 1 0 1 2.49 M M 12.5 29 310 M M 9 13 37 300
25 69 47 58 -7 7 0 T M M 13.3 33 320 M M 3 47 290
26 71 45 58 -6 7 0 0.00 M M 4.7 12 130 M M 0 18 17 100
27 73 48 61 -3 4 0 0.00 M M 9.3 17 130 M M 0 23 130
28 61 52 57 -7 8 0 1.83 M M 10.9 32 60 M M 9 13 43 60
29 65 54 60 -3 5 0 0.17 M M 10.3 18 320 M M 10 1 23 310
30 74 53 64 1 1 0 0.00 M M 7.5 15 310 M M 1 20 310
31 77 51 64 2 1 0 0.00 M M 2.4 8 250 M M 0 10 320
================================================================================
SM 2464 1709 62 140 4.97 M 256.1 M 51
================================================================================
AV 79.5 55.1 8.3 FASTST M M 2 MAX(MPH)
MISC ----> 33 320 47 290
================================================================================
NOTES:
# LAST OF SEVERAL OCCURRENCES
COLUMN 17 PEAK WIND IN M.P.H.
PRELIMINARY LOCAL CLIMATOLOGICAL DATA (WS FORM: F-6) , PAGE 2
STATION: DALLAS EXECUTIVE
MONTH: OCTOBER
YEAR: 2022
LATITUDE: 32 40 N
LONGITUDE: 96 52 W
[TEMPERATURE DATA] [PRECIPITATION DATA] SYMBOLS USED IN COLUMN 16
AVERAGE MONTHLY: 67.3 TOTAL FOR MONTH: 4.97 1 = FOG OR MIST
DPTR FM NORMAL: -0.8 DPTR FM NORMAL: 0.43 2 = FOG REDUCING VISIBILITY
HIGHEST: 94 ON 12 GRTST 24HR 2.49 ON 24-24 TO 1/4 MILE OR LESS
LOWEST: 35 ON 19 3 = THUNDER
SNOW, ICE PELLETS, HAIL 4 = ICE PELLETS
TOTAL MONTH: M 5 = HAIL
GRTST 24HR M ON M 6 = FREEZING RAIN OR DRIZZLE
GRTST DEPTH: M ON M 7 = DUSTSTORM OR SANDSTORM:
VSBY 1/2 MILE OR LESS
8 = SMOKE OR HAZE
[NO. OF DAYS WITH] [WEATHER - DAYS WITH] 9 = BLOWING SNOW
X = TORNADO
MAX 32 OR BELOW: 0 0.01 INCH OR MORE: 4
MAX 90 OR ABOVE: 3 0.10 INCH OR MORE: 4
MIN 32 OR BELOW: 0 0.50 INCH OR MORE: 2
MIN 0 OR BELOW: 0 1.00 INCH OR MORE: 2
[HDD (BASE 65) ]
TOTAL THIS MO. 62 CLEAR (SCALE 0-3) 25
DPTR FM NORMAL -4 PTCLDY (SCALE 4-7) 3
TOTAL FM JUL 1 62 CLOUDY (SCALE 8-10) 3
DPTR FM NORMAL -7
[CDD (BASE 65) ]
TOTAL THIS MO. 140
DPTR FM NORMAL -24 [PRESSURE DATA]
TOTAL FM JAN 1 3127 HIGHEST SLP M ON M
DPTR FM NORMAL 328 LOWEST SLP 29.58 ON 24
[REMARKS]
#FINAL-10-22#