000
CXUS56 KMFR 011030
CF6RBG
PRELIMINARY LOCAL CLIMATOLOGICAL DATA (WS FORM: F-6)
STATION: ROSEBURG OR
MONTH: FEBRUARY
YEAR: 2022
LATITUDE: 43 13 N
LONGITUDE: 123 22 W
TEMPERATURE IN F: :PCPN: SNOW: WIND :SUNSHINE: SKY :PK WND
================================================================================
1 2 3 4 5 6A 6B 7 8 9 10 11 12 13 14 15 16 17 18
12Z AVG MX 2MIN
DY MAX MIN AVG DEP HDD CDD WTR SNW DPTH SPD SPD DIR MIN PSBL S-S WX SPD DR
================================================================================
1 48 33 41 -3 24 0 T M M 2.0 10 10 M M 8 12 14 360
2 51 35 43 -1 22 0 0.00 M M 0.7 7 150 M M 8 9 150
3 54 34 44 -1 21 0 0.00 M M 1.9 12 20 M M 5 15 30
4 52 31 42 -3 23 0 0.00 M M 0.9 7 310 M M 7 12 9 310
5 52 40 46 1 19 0 0.00 M M 1.3 8 360 M M 7 11 350
6 62 38 50 5 15 0 0.00 M M 1.6 7 230 M M 4 9 230
7 60 33 47 2 18 0 0.00 M M 1.0 8 360 M M 4 12 12 20
8 54 35 45 0 20 0 0.00 M M 0.9 8 10 M M 4 1 11 30
9 59 36 48 3 17 0 0.00 M M 2.0 8 150 M M 5 12 10 150
10 51 37 44 -1 21 0 0.00 M M 0.6 5 230 M M 5 12 7 230
11 46 41 44 -1 21 0 0.00 M M 0.6 6 230 M M 10 12 8 230
12 55 38 47 2 18 0 0.00 M M 0.1 5 240 M M 6 1 7 230
13 64 37 51 6 14 0 0.00 M M 0.2 6 240 M M 4 12 7 240
14 52 37 45 -1 20 0 0.11 M M 2.9 17 310 M M 8 12 29 310
15 50 39 45 -1 20 0 0.04 M M 1.8 10 10 M M 10 1 13 20
16 52 35 44 -2 21 0 0.00 M M 1.2 9 10 M M 8 12 10
17 53 32 43 -3 22 0 0.00 M M 0.5 6 20 M M 4 12 13 40
18 49 33 41 -5 24 0 0.00 M M 0.8 7 340 M M 5 12 10 360
19 54 34 44 -2 21 0 0.00 M M 1.8 8 360 M M 7 12 12 360
20 49 39 44 -2 21 0 0.10 M M 2.4 15 290 M M 9 1 24 310
21 45 36 41 -5 24 0 0.17 M M 2.7 17 330 M M 10 1 24 330
22 45 30 38 -8 27 0 T M M 5.9 18 10 M M 6 1 23 360
23 44 23 34 -13 31 0 0.00 M M 4.1 10 20 M M 1 14 30
24 48 22 35 -12 30 0 0.00 M M 2.2 10 360 M M 4 16 360
25 58 23 41 -6 24 0 0.00 M M 1.2 9 20 M M 0 13 350
26 57 29 43 -4 22 0 0.01 M M 1.5 14 180 M M 5 1 22 160
27 63 52 58 11 7 0 0.01 M M 5.8 16 170 M M 8 24 170
28 68 51 60 13 5 0 0.04 M M 7.0 15 180 M M 6 25 180
================================================================================
SM 1495 983 572 0 0.48 M 55.6 M 168
================================================================================
AV 53.4 35.1 2.0 FASTST M M 6 MAX(MPH)
MISC ----> 18 10 29 310
================================================================================
NOTES:
# LAST OF SEVERAL OCCURRENCES
COLUMN 17 PEAK WIND IN M.P.H.
PRELIMINARY LOCAL CLIMATOLOGICAL DATA (WS FORM: F-6) , PAGE 2
STATION: ROSEBURG OR
MONTH: FEBRUARY
YEAR: 2022
LATITUDE: 43 13 N
LONGITUDE: 123 22 W
[TEMPERATURE DATA] [PRECIPITATION DATA] SYMBOLS USED IN COLUMN 16
AVERAGE MONTHLY: 44.3 TOTAL FOR MONTH: 0.48 1 = FOG OR MIST
DPTR FM NORMAL: -1.5 DPTR FM NORMAL: -3.14 2 = FOG REDUCING VISIBILITY
HIGHEST: 68 ON 28 GRTST 24HR 0.17 ON 20-21 TO 1/4 MILE OR LESS
LOWEST: 22 ON 24 3 = THUNDER
SNOW, ICE PELLETS, HAIL 4 = ICE PELLETS
TOTAL MONTH: M 5 = HAIL
GRTST 24HR M ON M 6 = FREEZING RAIN OR DRIZZLE
GRTST DEPTH: M ON M 7 = DUSTSTORM OR SANDSTORM:
VSBY 1/2 MILE OR LESS
8 = SMOKE OR HAZE
[NO. OF DAYS WITH] [WEATHER - DAYS WITH] 9 = BLOWING SNOW
X = TORNADO
MAX 32 OR BELOW: 0 0.01 INCH OR MORE: 7
MAX 90 OR ABOVE: 0 0.10 INCH OR MORE: 3
MIN 32 OR BELOW: 7 0.50 INCH OR MORE: 0
MIN 0 OR BELOW: 0 1.00 INCH OR MORE: 0
[HDD (BASE 65) ]
TOTAL THIS MO. 572 CLEAR (SCALE 0-3) 2
DPTR FM NORMAL 30 PTCLDY (SCALE 4-7) 19
TOTAL FM JUL 1 2678 CLOUDY (SCALE 8-10) 7
DPTR FM NORMAL -100
[CDD (BASE 65) ]
TOTAL THIS MO. 0
DPTR FM NORMAL 0 [PRESSURE DATA]
TOTAL FM JAN 1 0 HIGHEST SLP 30.61 ON 9
DPTR FM NORMAL 0 LOWEST SLP 29.90 ON 21
[REMARKS]
#FINAL-02-22#