680
CXUS56 KMFR 011000
CF6RBG
PRELIMINARY LOCAL CLIMATOLOGICAL DATA (WS FORM: F-6)
STATION: ROSEBURG OR
MONTH: JULY
YEAR: 2020
LATITUDE: 43 13 N
LONGITUDE: 123 22 W
TEMPERATURE IN F: :PCPN: SNOW: WIND :SUNSHINE: SKY :PK WND
================================================================================
1 2 3 4 5 6A 6B 7 8 9 10 11 12 13 14 15 16 17 18
12Z AVG MX 2MIN
DY MAX MIN AVG DEP HDD CDD WTR SNW DPTH SPD SPD DIR MIN PSBL S-S WX SPD DR
================================================================================
1 75 57 66 -2 0 1 0.00 M M 6.6 17 10 M M 6 21 10
2 83 53 68 0 0 3 0.00 M M 5.3 15 10 M M 2 21 20
3 78 54 66 -2 0 1 0.00 M M 5.4 14 360 M M 3 18 360
4 78 54 66 -2 0 1 0.00 M M 4.4 14 10 M M 4 18 330
5 79 56 68 0 0 3 0.00 M M 4.3 15 300 M M 5 21 10
6 68 56 62 -7 3 0 T M M 5.5 13 300 M M 10 18 17 290
7 78 56 67 -2 0 2 0.00 M M 4.8 16 10 M M 6 19 10
8 81 58 70 1 0 5 0.00 M M 5.6 15 10 M M 4 19 20
9 81 55 68 -1 0 3 0.00 M M 4.6 18 360 M M 0 22 360
10 86 55 71 1 0 6 0.00 0.0 0 5.2 15 10 M M 2 20 10
11 81 56 69 -1 0 4 0.00 M M 4.9 14 10 M M 0 19 10
12 81 54 68 -2 0 3 0.00 M M 5.1 18 10 M M 1 23 10
13 85 58 72 2 0 7 0.00 M M 7.7 17 10 M M 0 23 360
14 88 54 71 1 0 6 0.00 M M 7.0 21 10 M M 0 26 20
15 93 57 75 5 0 10 0.00 M M 7.1 23 10 M M 0 28 30
16 94 69 82 11 0 17 0.00 M M 8.0 18 20 M M 0 24 10
17 84 60 72 1 0 7 0.00 M M 8.2 21 10 M M 3 25 20
18 86 57 72 1 0 7 0.00 M M 6.8 18 30 M M 0 23 10
19 94 58 76 5 0 11 0.00 M M 6.0 17 20 M M 0 21 10
20 97 63 80 9 0 15 0.00 M M 3.9 14 330 M M 0 19 310
21 95 62 79 8 0 14 0.00 M M 4.7 17 10 M M 0 21 330
22 91 61 76 5 0 11 0.00 M M 5.5 15 10 M M 0 21 300
23 84 56 70 -1 0 5 0.00 M M 6.3 16 10 M M 0 18 20
24 81 58 70 -2 0 5 0.00 M M 8.0 22 360 M M 3 26 360
25 86 56 71 -1 0 6 0.00 M M 6.9 18 20 M M 0 24 360
26 102 58 80 8 0 15 0.00 M M 2.6 15 10 M M 0 19 10
27 96 70 83 11 0 18 0.00 M M 3.8 12 10 M M 0 15 320
28 98 65 82 10 0 17 0.00 M M 4.3 15 10 M M 0 18 10
29 99 65 82 10 0 17 0.00 M M 4.5 15 10 M M 0 19 10
30 99 64 82 10 0 17 0.00 M M 3.9 15 300 M M 0 22 300
31 91 60 76 4 0 11 0.00 M M 4.8 16 360 M M 0 22 360
================================================================================
SM 2692 1815 3 248 T 0.0 171.7 M 49
================================================================================
AV 86.8 58.6 5.5 FASTST M M 2 MAX(MPH)
MISC ----> # 23 10 # 28 30
================================================================================
NOTES:
# LAST OF SEVERAL OCCURRENCES
COLUMN 17 PEAK WIND IN M.P.H.
PRELIMINARY LOCAL CLIMATOLOGICAL DATA (WS FORM: F-6) , PAGE 2
STATION: ROSEBURG OR
MONTH: JULY
YEAR: 2020
LATITUDE: 43 13 N
LONGITUDE: 123 22 W
[TEMPERATURE DATA] [PRECIPITATION DATA] SYMBOLS USED IN COLUMN 16
AVERAGE MONTHLY: 72.7 TOTAL FOR MONTH: T 1 = FOG OR MIST
DPTR FM NORMAL: 2.4 DPTR FM NORMAL: -0.42 2 = FOG REDUCING VISIBILITY
HIGHEST: 102 ON 26 GRTST 24HR T ON 6- 6 TO 1/4 MILE OR LESS
LOWEST: 53 ON 2 3 = THUNDER
SNOW, ICE PELLETS, HAIL 4 = ICE PELLETS
TOTAL MONTH: 0.0 INCH 5 = HAIL
GRTST 24HR 0.0 6 = FREEZING RAIN OR DRIZZLE
GRTST DEPTH: 0 7 = DUSTSTORM OR SANDSTORM:
VSBY 1/2 MILE OR LESS
8 = SMOKE OR HAZE
[NO. OF DAYS WITH] [WEATHER - DAYS WITH] 9 = BLOWING SNOW
X = TORNADO
MAX 32 OR BELOW: 0 0.01 INCH OR MORE: 0
MAX 90 OR ABOVE: 12 0.10 INCH OR MORE: 0
MIN 32 OR BELOW: 0 0.50 INCH OR MORE: 0
MIN 0 OR BELOW: 0 1.00 INCH OR MORE: 0
[HDD (BASE 65) ]
TOTAL THIS MO. 3 CLEAR (SCALE 0-3) 24
DPTR FM NORMAL -8 PTCLDY (SCALE 4-7) 6
TOTAL FM JUL 1 3 CLOUDY (SCALE 8-10) 1
DPTR FM NORMAL -8
[CDD (BASE 65) ]
TOTAL THIS MO. 248
DPTR FM NORMAL 75 [PRESSURE DATA]
TOTAL FM JAN 1 389 HIGHEST SLP 30.25 ON 4
DPTR FM NORMAL 146 LOWEST SLP 29.91 ON 29
[REMARKS]
#FINAL-07-20#