000
CXUS52 KRAH 010945
CF6RDU
PRELIMINARY LOCAL CLIMATOLOGICAL DATA (WS FORM: F-6)
STATION: RALEIGH NC
MONTH: DECEMBER
YEAR: 2021
LATITUDE: 35 52 N
LONGITUDE: 78 47 W
TEMPERATURE IN F: :PCPN: SNOW: WIND :SUNSHINE: SKY :PK WND
================================================================================
1 2 3 4 5 6A 6B 7 8 9 10 11 12 13 14 15 16 17 18
12Z AVG MX 2MIN
DY MAX MIN AVG DEP HDD CDD WTR SNW DPTH SPD SPD DIR MIN PSBL S-S WX SPD DR
================================================================================
1 67 30 49 2 16 0 0.00 0.0 0 3.4 10 220 M M 6 14 220
2 71 45 58 11 7 0 0.00 0.0 0 8.2 20 230 M M 7 24 230
3 74 44 59 12 6 0 0.00 0.0 0 3.8 9 150 M M 3 14 150
4 73 44 59 12 6 0 0.00 0.0 0 3.6 9 50 M M 6 12 30
5 62 42 52 5 13 0 0.00 0.0 0 5.4 17 80 M M 5 22 80
6 73 47 60 14 5 0 T 0.0 0 11.4 24 230 M M 7 1 32 230
7 56 41 49 3 16 0 0.00 0.0 0 6.4 14 50 M M 8 23 20
8 48 32 40 -6 25 0 0.14 0.0 0 2.1 13 90 M M 7 1 16 90
9 45 27 36 -10 29 0 0.00 0.0 0 3.4 15 100 M M 5 1 21 100
10 59 37 48 2 17 0 T 0.0 0 2.4 10 210 M M 9 14 200
11 73 55 64 19 1 0 0.41 0.0 0 12.4 28 220 M M 9 128 37 250
12 58 30 44 -1 21 0 T 0.0 0 4.1 13 40 M M 3 21 360
13 60 27 44 -1 21 0 0.00 0.0 0 2.1 10 240 M M 1 14 230
14 61 28 45 0 20 0 0.00 0.0 0 3.5 15 50 M M 1 19 50
15 62 32 47 2 18 0 0.00 0.0 0 1.9 9 30 M M 5 1 12 20
16 69 36 53 9 12 0 0.00 0.0 0 5.9 18 230 M M 5 25 220
17 73 54 64 20 1 0 T 0.0 0 6.9 14 220 M M 8 1 20 250
18 71 59 65 21 0 0 0.02 0.0 0 9.4 17 230 M M 9 1 22 220
19 65 34 50 6 15 0 0.67 0.0 0 7.9 22 40 M M 9 1 30 50
20 44 29 37 -7 28 0 0.00 0.0 0 4.4 14 50 M M 5 17 40
21 41 30 36 -8 29 0 0.27 0.0 0 4.1 9 360 M M 10 1 16 350
22 58 37 48 5 17 0 T 0.0 0 4.6 12 280 M M 5 1 18 300
23 51 27 39 -4 26 0 0.00 0.0 0 2.8 8 180 M M 2 13 20
24 63 35 49 6 16 0 0.00 0.0 0 11.7 22 230 M M 7 26 240
25 72 49 61 18 4 0 0.00 0.0 0 13.2 23 240 M M 5 29 240
26 73 47 60 17 5 0 0.00 0.0 0 3.2 12 300 M M 3 1 19 310
27 66 45 56 13 9 0 0.00 0.0 0 3.1 13 140 M M 6 18 150
28 75 53 64 21 1 0 0.00 0.0 0 9.1 22 220 M M 4 1 28 230
29 73 61 67 25 0 2 0.02 0.0 0 11.8 22 230 M M 8 29 220
30 67 64 66 24 0 1 0.10 0.0 0 6.3 14 230 M M 10 1 16 230
31 74 61 68 26 0 3 0.00 0.0 0 5.0 14 210 M M 9 19 220
================================================================================
SM 1977 1282 384 6 1.63 0.0 183.5 M 187
================================================================================
AV 63.8 41.4 5.9 FASTST M M 6 MAX(MPH)
MISC ----> 28 220 37 250
================================================================================
NOTES:
# LAST OF SEVERAL OCCURRENCES
COLUMN 17 PEAK WIND IN M.P.H.
PRELIMINARY LOCAL CLIMATOLOGICAL DATA (WS FORM: F-6) , PAGE 2
STATION: RALEIGH NC
MONTH: DECEMBER
YEAR: 2021
LATITUDE: 35 52 N
LONGITUDE: 78 47 W
[TEMPERATURE DATA] [PRECIPITATION DATA] SYMBOLS USED IN COLUMN 16
AVERAGE MONTHLY: 52.6 TOTAL FOR MONTH: 1.63 1 = FOG OR MIST
DPTR FM NORMAL: 8.0 DPTR FM NORMAL: -1.76 2 = FOG REDUCING VISIBILITY
HIGHEST: 75 ON 28 GRTST 24HR 0.68 ON 18-19 TO 1/4 MILE OR LESS
LOWEST: 27 ON 23,13 3 = THUNDER
SNOW, ICE PELLETS, HAIL 4 = ICE PELLETS
TOTAL MONTH: 0.0 INCH 5 = HAIL
GRTST 24HR 0.0 6 = FREEZING RAIN OR DRIZZLE
GRTST DEPTH: 0 7 = DUSTSTORM OR SANDSTORM:
VSBY 1/2 MILE OR LESS
8 = SMOKE OR HAZE
[NO. OF DAYS WITH] [WEATHER - DAYS WITH] 9 = BLOWING SNOW
X = TORNADO
MAX 32 OR BELOW: 0 0.01 INCH OR MORE: 7
MAX 90 OR ABOVE: 0 0.10 INCH OR MORE: 5
MIN 32 OR BELOW: 10 0.50 INCH OR MORE: 1
MIN 0 OR BELOW: 0 1.00 INCH OR MORE: 0
[HDD (BASE 65) ]
TOTAL THIS MO. 384 CLEAR (SCALE 0-3) 5
DPTR FM NORMAL -252 PTCLDY (SCALE 4-7) 18
TOTAL FM JUL 1 929 CLOUDY (SCALE 8-10) 8
DPTR FM NORMAL -295
[CDD (BASE 65) ]
TOTAL THIS MO. 6
DPTR FM NORMAL 4 [PRESSURE DATA]
TOTAL FM JAN 1 1863 HIGHEST SLP 30.56 ON 15
DPTR FM NORMAL 59 LOWEST SLP 29.71 ON 22
[REMARKS]
#FINAL-12-21#