000
CXUS53 KGRB 131102
CF6RHI
PRELIMINARY LOCAL CLIMATOLOGICAL DATA (WS FORM: F-6)
STATION: RHINELANDER WI
MONTH: JULY
YEAR: 2022
LATITUDE: 45 37 N
LONGITUDE: 89 27 W
TEMPERATURE IN F: :PCPN: SNOW: WIND :SUNSHINE: SKY :PK WND
================================================================================
1 2 3 4 5 6A 6B 7 8 9 10 11 12 13 14 15 16 17 18
12Z AVG MX 2MIN
DY MAX MIN AVG DEP HDD CDD WTR SNW DPTH SPD SPD DIR MIN PSBL S-S WX SPD DR
================================================================================
1 78 50 64 -2 1 0 0.00 0.0 0 7.7 22 270 M M 2 30 270
2 76 46 61 -5 4 0 0.00 0.0 0 4.3 16 260 M M 1 24 270
3 77 44 61 -5 4 0 T 0.0 0 3.4 12 210 M M 4 1 17 190
4 74 63 69 3 0 4 0.30 0.0 0 4.2 12 270 M M 7 18 16 250
5 82 65 74 7 0 9 0.00 0.0 0 4.2 10 60 M M 8 1 19 10
6 75 60 68 1 0 3 0.00 0.0 0 5.8 12 90 M M 9 18 70
7 84 59 72 5 0 7 T 0.0 0 4.3 17 90 M M 6 23 90
8 79 56 68 1 0 3 0.00 0.0 0 6.9 17 110 M M 4 22 100
9 79 47 63 -4 2 0 0.00 0.0 0 2.4 9 220 M M 4 1 13 260
10 83 58 71 4 0 6 0.16 0.0 0 8.8 17 230 M M 2 13 27 230
11 81 60 71 4 0 6 0.41 0.0 0 8.6 20 310 M M 6 13 32 280
12 80 54 67 0 0 2 0.24 0.0 0 7.0 16 260 M M 7 123 24 260
13 75 54 65 -2 0 0 0.00 0.0 0 4.0 9 60 M M 5 12 M M
14 77 47 62 -5 3 0 0.00 0.0 0 4.0 10 180 M M 2 15 240
15 74 55 65 -2 0 0 0.14 0.0 0 4.7 12 160 M M 5 12 18 170
16 81 54 68 1 0 3 T 0.0 0 2.0 9 230 M M 7 12 12 230
17 88 61 75 8 0 10 0.00 0.0 0 2.3 15 160 M M 3 123 21 170
18 89 58 74 7 0 9 0.39 0.0 0 6.6 24 250 M M 2 123 36 260
19 85 67 76 9 0 11 0.01 0.0 0 9.1 20 200 M M 3 1 31 180
20 73 60 67 0 0 2 0.16 0.0 0 9.6 21 260 M M 7 1 29 260
21 82 55 69 2 0 4 0.00 0.0 0 9.3 20 260 M M 1 29 260
22 85 55 70 3 0 5 T 0.0 0 8.0 21 270 M M 1 34 280
23 82 55 69 2 0 4 0.04 0.0 0 4.1 22 180 M M 1 12 36 190
24 75 53 64 -3 1 0 0.00 0.0 0 7.0 18 280 M M 3 12 29 260
25 75 46 61 -6 4 0 0.00 0.0 0 5.7 13 280 M M 3 1 19 260
26 80 45 63 -4 2 0 T 0.0 0 6.1 14 250 M M 4 12 21 260
27 79 57 68 1 0 3 T 0.0 0 7.6 20 260 M M 6 32 350
28 73 52 63 -4 2 0 0.03 0.0 0 9.6 18 280 M M 5 28 310
29 75 49 62 -5 3 0 0.00 0.0 0 5.3 14 280 M M 4 12 23 270
30 82 47 65 -2 0 0 0.00 0.0 0 5.9 15 230 M M 2 12 23 200
31 83 63 73 6 0 8 0.01 0.0 0 9.5 20 190 M M 4 3 30 190
================================================================================
SM 2461 1695 26 99 1.89 0.0 188.0 M 128
================================================================================
AV 79.4 54.7 6.1 FASTST M M 4 MAX(MPH)
MISC ----> 24 250 # 36 260
================================================================================
NOTES:
# LAST OF SEVERAL OCCURRENCES
COLUMN 17 PEAK WIND IN M.P.H.
PRELIMINARY LOCAL CLIMATOLOGICAL DATA (WS FORM: F-6) , PAGE 2
STATION: RHINELANDER WI
MONTH: JULY
YEAR: 2022
LATITUDE: 45 37 N
LONGITUDE: 89 27 W
[TEMPERATURE DATA] [PRECIPITATION DATA] SYMBOLS USED IN COLUMN 16
AVERAGE MONTHLY: 67.0 TOTAL FOR MONTH: 1.89 1 = FOG OR MIST
DPTR FM NORMAL: -0.1 DPTR FM NORMAL: -2.13 2 = FOG REDUCING VISIBILITY
HIGHEST: 89 ON 18 GRTST 24HR 0.65 ON 11-12 TO 1/4 MILE OR LESS
LOWEST: 44 ON 3 3 = THUNDER
SNOW, ICE PELLETS, HAIL 4 = ICE PELLETS
TOTAL MONTH: 0.0 INCH 5 = HAIL
GRTST 24HR 0.0 6 = FREEZING RAIN OR DRIZZLE
GRTST DEPTH: 0 7 = DUSTSTORM OR SANDSTORM:
VSBY 1/2 MILE OR LESS
8 = SMOKE OR HAZE
[NO. OF DAYS WITH] [WEATHER - DAYS WITH] 9 = BLOWING SNOW
X = TORNADO
MAX 32 OR BELOW: 0 0.01 INCH OR MORE: 11
MAX 90 OR ABOVE: 0 0.10 INCH OR MORE: 7
MIN 32 OR BELOW: 0 0.50 INCH OR MORE: 0
MIN 0 OR BELOW: 0 1.00 INCH OR MORE: 0
[HDD (BASE 65) ]
TOTAL THIS MO. 26 CLEAR (SCALE 0-3) 12
DPTR FM NORMAL -22 PTCLDY (SCALE 4-7) 18
TOTAL FM JUL 1 26 CLOUDY (SCALE 8-10) 1
DPTR FM NORMAL -21
[CDD (BASE 65) ]
TOTAL THIS MO. 99
DPTR FM NORMAL -13 [PRESSURE DATA]
TOTAL FM JAN 1 209 HIGHEST SLP 30.32 ON 9
DPTR FM NORMAL 26 LOWEST SLP 29.41 ON 20
[REMARKS]
#FINAL-07-22#