000
CXUS53 KGRB 230639
CF6RHI
PRELIMINARY LOCAL CLIMATOLOGICAL DATA (WS FORM: F-6)
STATION: RHINELANDER WI
MONTH: SEPTEMBER
YEAR: 2021
LATITUDE: 45 37 N
LONGITUDE: 89 27 W
TEMPERATURE IN F: :PCPN: SNOW: WIND :SUNSHINE: SKY :PK WND
================================================================================
1 2 3 4 5 6A 6B 7 8 9 10 11 12 13 14 15 16 17 18
12Z AVG MX 2MIN
DY MAX MIN AVG DEP HDD CDD WTR SNW DPTH SPD SPD DIR MIN PSBL S-S WX SPD DR
================================================================================
1 73 44 59 -3 6 0 0.00 0.0 0 2.7 8 60 M M 0 1 14 70
2 72 44 58 -4 7 0 0.00 0.0 0 2.2 8 120 M M 0 1 11 190
3 64 55 60 -1 5 0 0.04 0.0 0 5.7 16 200 M M 8 18 25 180
4 70 49 60 -1 5 0 0.15 0.0 0 4.9 17 270 M M 8 12 26 310
5 69 47 58 -3 7 0 0.01 0.0 0 8.1 18 280 M M 4 1 27 270
6 72 40 56 -4 9 0 0.00 0.0 0 5.0 16 270 M M 2 12 24 300
7 74 50 62 2 3 0 0.48 0.0 0 9.1 26 280 M M 4 138 40 280
8 67 50 59 -1 6 0 0.00 0.0 0 8.4 18 310 M M 6 30 320
9 71 46 59 0 6 0 0.00 0.0 0 1.8 10 280 M M 6 12 16 280
10 73 45 59 0 6 0 0.00 0.0 0 4.7 14 200 M M 2 12 20 180
11 74 53 64 5 1 0 0.00 0.0 0 6.2 16 270 M M 1 25 260
12 69 46 58 0 7 0 0.00 0.0 0 2.0 9 280 M M 2 1 14 270
13 74 43 59 1 6 0 0.48 0.0 0 6.5 17 110 M M 3 123 24 130
14 65 49 57 -1 8 0 0.65 0.0 0 8.4 24 260 M M 8 1 36 260
15 73 42 58 1 7 0 0.00 0.0 0 4.9 14 280 M M 1 12 19 270
16 76 50 63 6 2 0 T 0.0 0 11.7 22 200 M M 2 34 180
17 72 41 57 1 8 0 0.00 0.0 0 8.1 21 240 M M 2 32 190
18 71 36 54 -2 11 0 0.00 0.0 0 4.4 13 210 M M 0 1 19 210
19 83 54 69 13 0 4 0.00 0.0 0 8.2 21 190 M M 2 30 190
20 74 57 66 11 0 1 0.23 0.0 0 10.8 24 270 M M 5 18 33 180
21 65 42 54 -1 11 0 0.01 0.0 0 6.3 16 290 M M 7 1 26 290
22 62 39 51 -3 14 0 0.00 0.0 0 2.5 10 60 M M 3 12 17 340
23 67 34 51 -3 14 0 0.00 0.0 0 3.6 14 320 M M 0 1 22 310
24 73 36 55 1 10 0 0.56 0.0 0 5.5 16 320 M M 4 12 28 300
25 61 38 50 -3 15 0 0.00 0.0 0 9.5 22 270 M M 4 30 260
26 72 47 60 7 5 0 T 0.0 0 4.0 14 220 M M 4 12 21 230
27 69 42 56 4 9 0 0.00 0.0 0 3.3 12 80 M M 0 12 17 60
28 71 39 55 3 10 0 0.00 0.0 0 2.7 13 190 M M 1 12 17 190
29 79 41 60 8 5 0 0.00 0.0 0 2.2 9 140 M M 0 1 13 200
30 81 42 62 11 3 0 0.00 0.0 0 1.6 8 220 M M 1 12 12 230
================================================================================
SM 2136 1341 206 5 2.61 0.0 165.0 M 90
================================================================================
AV 71.2 44.7 5.5 FASTST M M 3 MAX(MPH)
MISC ----> 26 280 40 280
================================================================================
NOTES:
# LAST OF SEVERAL OCCURRENCES
COLUMN 17 PEAK WIND IN M.P.H.
PRELIMINARY LOCAL CLIMATOLOGICAL DATA (WS FORM: F-6) , PAGE 2
STATION: RHINELANDER WI
MONTH: SEPTEMBER
YEAR: 2021
LATITUDE: 45 37 N
LONGITUDE: 89 27 W
[TEMPERATURE DATA] [PRECIPITATION DATA] SYMBOLS USED IN COLUMN 16
AVERAGE MONTHLY: 58.0 TOTAL FOR MONTH: 2.61 1 = FOG OR MIST
DPTR FM NORMAL: 1.0 DPTR FM NORMAL: -0.87 2 = FOG REDUCING VISIBILITY
HIGHEST: 83 ON 19 GRTST 24HR 1.13 ON 13-14 TO 1/4 MILE OR LESS
LOWEST: 34 ON 23 3 = THUNDER
SNOW, ICE PELLETS, HAIL 4 = ICE PELLETS
TOTAL MONTH: 0.0 INCH 5 = HAIL
GRTST 24HR 0.0 6 = FREEZING RAIN OR DRIZZLE
GRTST DEPTH: 0 7 = DUSTSTORM OR SANDSTORM:
VSBY 1/2 MILE OR LESS
8 = SMOKE OR HAZE
[NO. OF DAYS WITH] [WEATHER - DAYS WITH] 9 = BLOWING SNOW
X = TORNADO
MAX 32 OR BELOW: 0 0.01 INCH OR MORE: 9
MAX 90 OR ABOVE: 0 0.10 INCH OR MORE: 6
MIN 32 OR BELOW: 0 0.50 INCH OR MORE: 2
MIN 0 OR BELOW: 0 1.00 INCH OR MORE: 0
[HDD (BASE 65) ]
TOTAL THIS MO. 206 CLEAR (SCALE 0-3) 18
DPTR FM NORMAL -64 PTCLDY (SCALE 4-7) 12
TOTAL FM JUL 1 268 CLOUDY (SCALE 8-10) 0
DPTR FM NORMAL -129
[CDD (BASE 65) ]
TOTAL THIS MO. 5
DPTR FM NORMAL -20 [PRESSURE DATA]
TOTAL FM JAN 1 318 HIGHEST SLP 30.34 ON 22
DPTR FM NORMAL 38 LOWEST SLP 29.59 ON 7
[REMARKS]
#FINAL-09-21#