000
CXUS53 KGRB 010752
CLMRHI
CLIMATE REPORT
NATIONAL WEATHER SERVICE GREEN BAY
252 AM CDT WED NOV 01 2023
...................................
...THE RHINELANDER WI CLIMATE SUMMARY FOR THE MONTH OF OCTOBER 2023...
CLIMATE NORMAL PERIOD: 1991 TO 2020
CLIMATE RECORD PERIOD: 1908 TO 2023
WEATHER OBSERVED NORMAL DEPART LAST YEAR`S
VALUE DATE(S) VALUE FROM VALUE DATE(S)
NORMAL
................................................................
TEMPERATURE (F)
RECORD
HIGH 86 10/02/1953
LOW 2 10/30/1925
HIGHEST 85 10/01 74 11 75 10/11
LOWEST 13 10/31 20 -7 22 10/27
AVG. MAXIMUM 53.5 54.8 -1.3 56.5
AVG. MINIMUM 36.7 33.8 2.9 34.5
MEAN 45.1 44.3 0.8 45.5
DAYS MAX >= 90 0 0.0 0.0 0
DAYS MAX <= 32 1 0.5 0.5 0
DAYS MIN <= 32 13 14.9 -1.9 16
DAYS MIN <= 0 0 0.0 0.0 0
PRECIPITATION (INCHES)
RECORD
MAXIMUM 8.87 1911
MINIMUM 0.23 1952
TOTALS 3.21 3.22 -0.01 1.28
DAYS >= .01 16 13.6 2.4 11
DAYS >= .10 8 7.7 0.3 4
DAYS >= .50 1 2.5 -1.5 0
DAYS >= 1.00 0 0.6 -0.6 0
GREATEST
STORM TOTAL 0.92
(MM/DD(HH))
SNOWFALL (INCHES)
RECORDS
TOTAL 10.6 2020
TOTALS 2.3 1.9 0.4 2.4
SINCE 7/1 2.3 1.9 0.4 MM
DAYS >= TRACE 4 1.9 2.1 7
DAYS >= 1.0 1 0.7 0.3 1
GREATEST
SNOW DEPTH 2 10/31 MM 10/14
10/17
10/16
24 HR TOTAL MM
DEGREE DAYS
HEATING TOTAL 630 643 -13 597
SINCE 7/1 935 1039 -104 MM
COOLING TOTAL 19 2 17 0
SINCE 1/1 311 282 29 MM
................................................................
WIND (MPH)
AVERAGE WIND SPEED 6.3
HIGHEST WIND SPEED/DIRECTION 24/260 DATE 10/05
HIGHEST GUST SPEED/DIRECTION 36/270 DATE 10/05
SKY COVER
POSSIBLE SUNSHINE (PERCENT) MM
AVERAGE SKY COVER 0.64
NUMBER OF DAYS FAIR 6
NUMBER OF DAYS PC 11
NUMBER OF DAYS CLOUDY 14
AVERAGE RH (PERCENT) 76
WEATHER CONDITIONS. NUMBER OF DAYS WITH
THUNDERSTORM 1 MIXED PRECIP 0
HEAVY RAIN 2 RAIN 5
LIGHT RAIN 16 FREEZING RAIN 0
LT FREEZING RAIN 0 HAIL 0
HEAVY SNOW 0 SNOW 0
LIGHT SNOW 4 SLEET 0
FOG 20 FOG W/VIS <= 1/4 MILE 3
HAZE 3
- INDICATES NEGATIVE NUMBERS.
R INDICATES RECORD WAS SET OR TIED.
MM INDICATES DATA IS MISSING.
T INDICATES TRACE AMOUNT.
$$