000
CXUS55 KGJT 011149 CCA
CF6RIL
PRELIMINARY LOCAL CLIMATOLOGICAL DATA (WS FORM: F-6)
STATION: RIFLE CO
MONTH: SEPTEMBER
YEAR: 2021
LATITUDE: 39 31 N
LONGITUDE: 107 43 W
TEMPERATURE IN F: :PCPN: SNOW: WIND :SUNSHINE: SKY :PK WND
================================================================================
1 2 3 4 5 6A 6B 7 8 9 10 11 12 13 14 15 16 17 18
12Z AVG MX 2MIN
DY MAX MIN AVG DEP HDD CDD WTR SNW DPTH SPD SPD DIR MIN PSBL S-S WX SPD DR
================================================================================
1 77 59 68 0 0 3 0.40 M M 5.6 17 280 M M 7 1 24 280
2 81 58 70 3 0 5 0.00 M M 2.3 8 260 M M 4 1 12 50
3 84 55 70 3 0 5 T M M 3.5 29 310 M M 3 3 39 330
4 85 53 69 2 0 4 0.01 M M 4.8 17 270 M M 2 23 260
5 89 45 67 1 0 2 0.00 M M 2.7 10 300 M M 0 16 280
6 91 46 69 3 0 4 0.00 M M 5.0 17 250 M M 0 23 260
7 92 47 70 4 0 5 0.00 M M 4.0 12 130 M M 0 14 320
8 95 47 71 6 0 6 0.00 M M 4.1 18 270 M M 0 25 260
9 95 45 70 5 0 5 0.00 M M 3.9 16 260 M M 0 22 260
10 95 48 72 7 0 7 0.00 M M 6.5 23 280 M M 0 31 330
11 92 54 73 9 0 8 0.03 M M 8.5 39 320 M M 1 38 61 320
12 88 55 72 8 0 7 0.01 M M 6.9 28 260 M M 1 35 270
13 90 54 72 8 0 7 0.00 M M 7.5 28 260 M M 1 38 270
14 87 57 72 9 0 7 T M M 6.1 24 250 M M 1 33 250
15 89 46 68 5 0 3 0.00 M M 7.5 22 260 M M 0 29 280
16 88 45 67 4 0 2 0.00 M M 7.3 29 270 M M 0 41 260
17 88 47 68 6 0 3 0.00 M M 6.8 24 260 M M 0 34 270
18 86 43 65 3 0 0 0.03 M M 6.9 48 260 M M 3 3 63 260
19 78 48 63 2 2 0 0.01 M M 6.5 33 320 M M 5 52 320
20 70 43 57 -4 8 0 T M M 7.0 22 320 M M 1 29 310
21 73 35 54 -7 11 0 0.00 M M 3.7 13 250 M M 0 18 240
22 82 36 59 -1 6 0 0.00 M M 5.0 24 260 M M 0 31 270
23 83 39 61 1 4 0 T M M 3.8 14 270 M M 1 18 260
24 84 42 63 4 2 0 0.00 M M 4.6 16 320 M M 0 22 260
25 86 40 63 4 2 0 0.00 M M 5.4 28 270 M M 0 39 260
26 85 42 64 6 1 0 0.00 M M 4.7 17 260 M M 0 22 280
27 88 43 66 8 0 1 0.00 M M 3.4 20 20 M M 0 31 240
28 79 52 66 8 0 1 0.11 M M 7.7 26 270 M M 4 3 36 280
29 62 48 55 -2 10 0 0.66 M M 5.7 24 260 M M 7 13 35 250
30 65 46 56 -1 9 0 T M M 4.7 14 270 M M 5 18 290
================================================================================
SM 2527 1418 55 85 1.26 M 162.1 M 46
================================================================================
AV 84.2 47.3 5.4 FASTST M M 2 MAX(MPH)
MISC ----> 48 260 63 260
================================================================================
NOTES:
# LAST OF SEVERAL OCCURRENCES
COLUMN 17 PEAK WIND IN M.P.H.
PRELIMINARY LOCAL CLIMATOLOGICAL DATA (WS FORM: F-6) , PAGE 2
STATION: RIFLE CO
MONTH: SEPTEMBER
YEAR: 2021
LATITUDE: 39 31 N
LONGITUDE: 107 43 W
[TEMPERATURE DATA] [PRECIPITATION DATA] SYMBOLS USED IN COLUMN 16
AVERAGE MONTHLY: 65.8 TOTAL FOR MONTH: 1.26 1 = FOG OR MIST
DPTR FM NORMAL: 3.3 DPTR FM NORMAL: -0.08 2 = FOG REDUCING VISIBILITY
HIGHEST: 95 ON 10, 9, 8 GRTST 24HR 0.66 ON 29-29 TO 1/4 MILE OR LESS
LOWEST: 35 ON 21 3 = THUNDER
SNOW, ICE PELLETS, HAIL 4 = ICE PELLETS
TOTAL MONTH: M 5 = HAIL
GRTST 24HR M ON M 6 = FREEZING RAIN OR DRIZZLE
GRTST DEPTH: M ON M 7 = DUSTSTORM OR SANDSTORM:
VSBY 1/2 MILE OR LESS
8 = SMOKE OR HAZE
[NO. OF DAYS WITH] [WEATHER - DAYS WITH] 9 = BLOWING SNOW
X = TORNADO
MAX 32 OR BELOW: 0 0.01 INCH OR MORE: 8
MAX 90 OR ABOVE: 7 0.10 INCH OR MORE: 3
MIN 32 OR BELOW: 0 0.50 INCH OR MORE: 1
MIN 0 OR BELOW: 0 1.00 INCH OR MORE: 0
[HDD (BASE 65) ]
TOTAL THIS MO. 55 CLEAR (SCALE 0-3) 24
DPTR FM NORMAL -58 PTCLDY (SCALE 4-7) 6
TOTAL FM JUL 1 70 CLOUDY (SCALE 8-10) 0
DPTR FM NORMAL -48
[CDD (BASE 65) ]
TOTAL THIS MO. 85
DPTR FM NORMAL 47 [PRESSURE DATA]
TOTAL FM JAN 1 925 HIGHEST SLP M ON M
DPTR FM NORMAL 294 LOWEST SLP 29.61 ON 1
[REMARKS]
#FINAL-09-21#