000
CXUS55 KGJT 011010
CF6RIL
PRELIMINARY LOCAL CLIMATOLOGICAL DATA (WS FORM: F-6)
STATION: RIFLE CO
MONTH: NOVEMBER
YEAR: 2020
LATITUDE: 39 31 N
LONGITUDE: 107 43 W
TEMPERATURE IN F: :PCPN: SNOW: WIND :SUNSHINE: SKY :PK WND
================================================================================
1 2 3 4 5 6A 6B 7 8 9 10 11 12 13 14 15 16 17 18
12Z AVG MX 2MIN
DY MAX MIN AVG DEP HDD CDD WTR SNW DPTH SPD SPD DIR MIN PSBL S-S WX SPD DR
================================================================================
1 64 28 46 4 19 0 0.00 M M 1.7 8 200 M M 0 10 210
2 66 28 47 5 18 0 0.00 M M 1.3 8 200 M M 0 9 210
3 65 30 48 7 17 0 0.00 M M 1.1 8 200 M M 1 8 10 210
4 70 32 51 10 14 0 0.00 M M 1.7 10 260 M M 1 13 260
5 69 33 51 11 14 0 0.00 M M 3.2 10 150 M M 0 12 250
6 63 32 48 8 17 0 0.00 M M 3.8 13 260 M M 1 8 19 260
7 60 41 51 12 14 0 0.10 M M 6.7 41 260 M M 9 18 57 270
8 46 33 40 1 25 0 0.07 M M 10.0 37 250 M M 8 1 48 260
9 41 31 36 -2 29 0 0.03 M M 7.2 31 250 M M 9 12 37 250
10 37 27 32 -6 33 0 T M M 11.0 25 270 M M 9 1 34 280
11 44 23 34 -4 31 0 0.00 M M 5.3 22 260 M M 3 29 270
12 44 22 33 -4 32 0 T M M 3.6 12 260 M M 3 16 270
13 50 17 34 -3 31 0 0.00 M M 2.7 28 210 M M 2 35 200
14 47 24 36 0 29 0 0.02 M M 14.2 38 260 M M 6 1 51 290
15 46 26 36 0 29 0 0.00 M M 2.2 10 100 M M 7 11 110
16 58 24 41 6 24 0 0.00 M M 2.1 9 200 M M 0 11 220
17 62 24 43 8 22 0 0.00 M M 1.7 9 100 M M 0 8 10 100
18 69 29 49 15 16 0 0.00 M M 4.6 22 250 M M 1 29 230
19 63 33 48 14 17 0 0.00 M M 8.1 25 270 M M 1 35 270
20 56 33 45 11 20 0 0.00 M M 2.0 16 310 M M 1 23 310
21 58 26 42 9 23 0 0.00 M M 5.9 21 320 M M 2 27 310
22 52 20 36 3 29 0 T M M 3.3 17 100 M M 2 23 160
23 57 31 44 12 21 0 T M M 5.1 30 200 M M 6 39 200
24 46 24 35 3 30 0 T M M 9.4 21 300 M M 4 27 300
25 47 17 32 1 33 0 0.00 M M 2.1 9 130 M M 0 11 140
26 40 19 30 -1 35 0 0.00 M M 4.3 20 310 M M 7 26 300
27 43 15 29 -1 36 0 0.00 M M 1.8 6 110 M M 0 9 140
28 45 14 30 0 35 0 0.00 M M 2.2 9 110 M M 0 11 140
29 49 16 33 3 32 0 0.00 M M 1.6 8 220 M M 0 11 70
30 47 13 30 1 35 0 0.00 M M 3.7 12 230 M M 0 16 260
================================================================================
SM 1604 765 760 0 0.22 M 133.6 M 83
================================================================================
AV 53.5 25.5 4.5 FASTST M M 3 MAX(MPH)
MISC ----> 41 260 57 270
================================================================================
NOTES:
# LAST OF SEVERAL OCCURRENCES
COLUMN 17 PEAK WIND IN M.P.H.
PRELIMINARY LOCAL CLIMATOLOGICAL DATA (WS FORM: F-6) , PAGE 2
STATION: RIFLE CO
MONTH: NOVEMBER
YEAR: 2020
LATITUDE: 39 31 N
LONGITUDE: 107 43 W
[TEMPERATURE DATA] [PRECIPITATION DATA] SYMBOLS USED IN COLUMN 16
AVERAGE MONTHLY: 39.5 TOTAL FOR MONTH: 0.22 1 = FOG OR MIST
DPTR FM NORMAL: 3.9 DPTR FM NORMAL: -0.88 2 = FOG REDUCING VISIBILITY
HIGHEST: 70 ON 4 GRTST 24HR 0.17 ON 7- 8 TO 1/4 MILE OR LESS
LOWEST: 13 ON 30 3 = THUNDER
SNOW, ICE PELLETS, HAIL 4 = ICE PELLETS
TOTAL MONTH: M 5 = HAIL
GRTST 24HR M ON M 6 = FREEZING RAIN OR DRIZZLE
GRTST DEPTH: M ON M 7 = DUSTSTORM OR SANDSTORM:
VSBY 1/2 MILE OR LESS
8 = SMOKE OR HAZE
[NO. OF DAYS WITH] [WEATHER - DAYS WITH] 9 = BLOWING SNOW
X = TORNADO
MAX 32 OR BELOW: 0 0.01 INCH OR MORE: 4
MAX 90 OR ABOVE: 0 0.10 INCH OR MORE: 1
MIN 32 OR BELOW: 25 0.50 INCH OR MORE: 0
MIN 0 OR BELOW: 0 1.00 INCH OR MORE: 0
[HDD (BASE 65) ]
TOTAL THIS MO. 760 CLEAR (SCALE 0-3) 21
DPTR FM NORMAL -122 PTCLDY (SCALE 4-7) 6
TOTAL FM JUL 1 1349 CLOUDY (SCALE 8-10) 3
DPTR FM NORMAL -177
[CDD (BASE 65) ]
TOTAL THIS MO. 0
DPTR FM NORMAL 0 [PRESSURE DATA]
TOTAL FM JAN 1 903 HIGHEST SLP 30.65 ON 1
DPTR FM NORMAL 362 LOWEST SLP 29.27 ON 7
[REMARKS]
#FINAL-11-20#