000
CXUS56 KSGX 011045
CF6RIV
PRELIMINARY LOCAL CLIMATOLOGICAL DATA (WS FORM: F-6)
STATION: RIVERSIDE/MARCH ARB CA
MONTH: JULY
YEAR: 2021
LATITUDE: 33 53 N
LONGITUDE: 117-15 E
TEMPERATURE IN F: :PCPN: SNOW: WIND :SUNSHINE: SKY :PK WND
================================================================================
1 2 3 4 5 6A 6B 7 8 9 10 11 12 13 14 15 16 17 18
12Z AVG MX 2MIN
DY MAX MIN AVG DEP HDD CDD WTR SNW DPTH SPD SPD DIR MIN PSBL S-S WX SPD DR
================================================================================
1 99 61 80 M 0 15 0.00 M M 4.7 14 310 M M 0 M M
2 100 60 80 M 0 15 0.00 M M 7.4 17 310 M M 1 M M
3 96 62 79 M 0 14 T M M 5.8 15 320 M M 2 M M
4 92 60 76 M 0 11 0.00 M M 6.8 16 310 M M 1 M M
5 94 57 76 M 0 11 0.00 M M 5.7 17 320 M M 0 8 M M
6 96 57 77 M 0 12 0.00 M M 5.1 15 310 M M 0 18 320
7 97 64 81 M 0 16 0.00 M M 6.6 15 310 M M 0 17 300
8 100 66 83 M 0 18 0.00 M M 6.5 17 330 M M 0 21 320
9 99 68 84 M 0 19 0.00 M M 6.8 14 330 M M 0 M M
10 99 67 83 M 0 18 0.00 M M 5.5 14 310 M M 0 16 320
11 99 66 83 M 0 18 0.00 M M 5.7 15 320 M M 0 M M
12 96 65 81 M 0 16 0.00 M M 7.6 14 310 M M 0 M M
13 99 67 83 M 0 18 0.00 M M 5.4 16 320 M M 0 21 320
14 96 68 82 M 0 17 T M M 6.2 16 320 M M 1 M M
15 94 66 80 M 0 15 0.00 M M 5.5 14 310 M M 0 17 330
16 95 62 79 M 0 14 0.00 M M 5.2 16 310 M M 0 8 M M
17 97 63 80 M 0 15 0.00 M M 6.3 14 310 M M 1 20 300
18 101 72 87 M 0 22 T M M 6.4 15 310 M M 4 3 22 300
19 98 69 84 M 0 19 0.00 M M 6.6 16 320 M M 1 21 320
20 96 65 81 M 0 16 0.00 M M 5.8 15 320 M M 1 21 320
21 100 71 86 M 0 21 T M M 5.5 15 320 M M 3 22 320
22 95 70 83 M 0 18 0.00 M M 6.0 14 320 M M 0 M M
23 95 65 80 M 0 15 0.00 M M 5.4 12 300 M M 1 16 340
24 91 64 78 M 0 13 T M M 5.9 14 320 M M 3 M M
25 93 64 79 M 0 14 0.01 M M 5.3 14 320 M M 4 M M
26 92 67 80 M 0 15 0.07 M M 4.9 15 310 M M 4 1 M M
27 97 65 81 M 0 16 0.00 M M 6.2 17 320 M M 0 M M
28 97 66 82 M 0 17 0.00 M M 6.9 16 320 M M 0 23 320
29 100 63 82 M 0 17 0.00 M M 6.0 17 310 M M 0 22 340
30 100 66 83 M 0 18 0.00 M M 5.2 14 340 M M 2 M M
31 100 67 84 M 0 19 0.00 M M 6.9 21 310 M M 2 26 310
================================================================================
SM 3003 2013 0 502 0.08 M 185.9 M 31
================================================================================
AV 96.9 64.9 6.0 FASTST M M 1 MAX(MPH)
MISC ----> 21 310 26 310
================================================================================
NOTES:
# LAST OF SEVERAL OCCURRENCES
COLUMN 17 PEAK WIND IN M.P.H.
PRELIMINARY LOCAL CLIMATOLOGICAL DATA (WS FORM: F-6) , PAGE 2
STATION: RIVERSIDE/MARCH ARB CA
MONTH: JULY
YEAR: 2021
LATITUDE: 33 53 N
LONGITUDE: 117-15 E
[TEMPERATURE DATA] [PRECIPITATION DATA] SYMBOLS USED IN COLUMN 16
AVERAGE MONTHLY: 80.9 TOTAL FOR MONTH: 0.08 1 = FOG OR MIST
DPTR FM NORMAL: 0.0 DPTR FM NORMAL: M 2 = FOG REDUCING VISIBILITY
HIGHEST: 101 ON 18 GRTST 24HR 0.07 ON 26-26 TO 1/4 MILE OR LESS
LOWEST: 57 ON 6, 5 3 = THUNDER
SNOW, ICE PELLETS, HAIL 4 = ICE PELLETS
TOTAL MONTH: M 5 = HAIL
GRTST 24HR M ON M 6 = FREEZING RAIN OR DRIZZLE
GRTST DEPTH: M ON M 7 = DUSTSTORM OR SANDSTORM:
VSBY 1/2 MILE OR LESS
8 = SMOKE OR HAZE
[NO. OF DAYS WITH] [WEATHER - DAYS WITH] 9 = BLOWING SNOW
X = TORNADO
MAX 32 OR BELOW: 0 0.01 INCH OR MORE: 2
MAX 90 OR ABOVE: 31 0.10 INCH OR MORE: 0
MIN 32 OR BELOW: 0 0.50 INCH OR MORE: 0
MIN 0 OR BELOW: 0 1.00 INCH OR MORE: 0
[HDD (BASE 65) ]
TOTAL THIS MO. 0 CLEAR (SCALE 0-3) 27
DPTR FM NORMAL M PTCLDY (SCALE 4-7) 4
TOTAL FM JUL 1 0 CLOUDY (SCALE 8-10) 0
DPTR FM NORMAL M
[CDD (BASE 65) ]
TOTAL THIS MO. 502
DPTR FM NORMAL M [PRESSURE DATA]
TOTAL FM JAN 1 859 HIGHEST SLP M ON M
DPTR FM NORMAL M LOWEST SLP M ON M
[REMARKS]
#FINAL-07-21#