000
CXUS56 KSGX 011045
CF6RNM
PRELIMINARY LOCAL CLIMATOLOGICAL DATA (WS FORM: F-6)
STATION: RAMONA AIRPORT CA
MONTH: MAY
YEAR: 2023
LATITUDE: 33 2 N
LONGITUDE: 116 55 W
TEMPERATURE IN F: :PCPN: SNOW: WIND :SUNSHINE: SKY :PK WND
================================================================================
1 2 3 4 5 6A 6B 7 8 9 10 11 12 13 14 15 16 17 18
12Z AVG MX 2MIN
DY MAX MIN AVG DEP HDD CDD WTR SNW DPTH SPD SPD DIR MIN PSBL S-S WX SPD DR
================================================================================
1 63 50 57 -3 8 0 0.01 M M 6.3 16 240 M M 10 18 20 240
2 63 40 52 -8 13 0 0.02 M M 3.8 15 260 M M 8 1 18 280
3 65 40 53 -7 12 0 T M M 4.4 16 260 M M 7 1 20 250
4 61 45 53 -7 12 0 0.29 M M 6.4 17 240 M M 8 18 23 250
5 62 45 54 -7 11 0 0.04 M M 4.6 14 300 M M 9 18 16 310
6 68 38 53 -8 12 0 0.00 M M 4.5 16 280 M M 3 12 21 290
7 71 38 55 -6 10 0 0.00 M M 3.7 14 270 M M 3 12 17 270
8 74 45 60 -1 5 0 0.00 M M 3.6 14 260 M M 4 12 18 260
9 72 50 61 0 4 0 0.01 M M 6.0 16 250 M M 7 128 19 260
10 65 45 55 -6 10 0 T M M 4.9 12 260 M M 8 18 20 260
11 72 52 62 0 3 0 0.00 M M 3.9 14 270 M M 7 8 17 250
12 77 53 65 3 0 0 0.00 M M 4.1 13 270 M M 6 18 16 310
13 83 53 68 6 0 3 0.00 M M 4.1 13 270 M M 6 128 17 270
14 81 54 68 6 0 3 0.00 M M 4.5 14 280 M M 5 128 18 260
15 81 51 66 4 0 1 0.00 M M 3.9 13 280 M M 4 128 18 280
16 83 49 66 4 0 1 0.00 M M 5.2 13 310 M M 2 128 17 310
17 78 49 64 2 1 0 0.00 M M 4.8 13 310 M M 4 128 17 300
18 76 49 63 1 2 0 0.00 M M 3.9 14 300 M M 6 128 16 310
19 76 55 66 3 0 1 0.00 M M 4.5 14 300 M M 7 18 17 310
20 79 55 67 4 0 2 0.00 M M 5.5 14 270 M M 6 18 21 270
21 83 56 70 7 0 5 0.00 M M 5.0 14 260 M M 6 18 18 280
22 76 58 67 4 0 2 0.00 M M 4.8 13 260 M M 8 18 17 270
23 64 56 60 -3 5 0 0.00 M M 4.7 10 300 M M 10 128 13 280
24 65 55 60 -3 5 0 0.00 M M 5.0 10 280 M M 10 128 13 270
25 71 53 62 -1 3 0 0.00 M M 5.7 15 260 M M 8 8 19 270
26 72 51 62 -2 3 0 0.00 M M 5.7 16 270 M M 7 20 250
27 71 54 63 -1 2 0 0.00 M M 5.0 13 270 M M 7 18 280
28 74 57 66 2 0 1 0.00 M M 4.5 16 280 M M 9 18 21 290
29 61 55 58 -6 7 0 T M M 5.5 10 270 M M 10 128 12 280
30 67 54 61 -3 4 0 0.06 M M 5.8 16 280 M M 10 18 20 260
31 62 52 57 -7 8 0 0.04 M M 3.6 10 270 M M 10 18 14 330
================================================================================
SM 2216 1557 140 19 0.47 M 147.9 M 215
================================================================================
AV 71.5 50.2 4.8 FASTST M M 7 MAX(MPH)
MISC ----> 17 240 23 250
================================================================================
NOTES:
# LAST OF SEVERAL OCCURRENCES
COLUMN 17 PEAK WIND IN M.P.H.
PRELIMINARY LOCAL CLIMATOLOGICAL DATA (WS FORM: F-6) , PAGE 2
STATION: RAMONA AIRPORT CA
MONTH: MAY
YEAR: 2023
LATITUDE: 33 2 N
LONGITUDE: 116 55 W
[TEMPERATURE DATA] [PRECIPITATION DATA] SYMBOLS USED IN COLUMN 16
AVERAGE MONTHLY: 60.9 TOTAL FOR MONTH: 0.47 1 = FOG OR MIST
DPTR FM NORMAL: -1.3 DPTR FM NORMAL: 0.06 2 = FOG REDUCING VISIBILITY
HIGHEST: 83 ON 21,16 GRTST 24HR 0.29 ON 3- 4 TO 1/4 MILE OR LESS
LOWEST: 38 ON 7, 6 3 = THUNDER
SNOW, ICE PELLETS, HAIL 4 = ICE PELLETS
TOTAL MONTH: M 5 = HAIL
GRTST 24HR M ON M 6 = FREEZING RAIN OR DRIZZLE
GRTST DEPTH: M ON M 7 = DUSTSTORM OR SANDSTORM:
VSBY 1/2 MILE OR LESS
8 = SMOKE OR HAZE
[NO. OF DAYS WITH] [WEATHER - DAYS WITH] 9 = BLOWING SNOW
X = TORNADO
MAX 32 OR BELOW: 0 0.01 INCH OR MORE: 7
MAX 90 OR ABOVE: 0 0.10 INCH OR MORE: 1
MIN 32 OR BELOW: 0 0.50 INCH OR MORE: 0
MIN 0 OR BELOW: 0 1.00 INCH OR MORE: 0
[HDD (BASE 65) ]
TOTAL THIS MO. 140 CLEAR (SCALE 0-3) 2
DPTR FM NORMAL 25 PTCLDY (SCALE 4-7) 18
TOTAL FM JUL 1 2667 CLOUDY (SCALE 8-10) 11
DPTR FM NORMAL 365
[CDD (BASE 65) ]
TOTAL THIS MO. 19
DPTR FM NORMAL -9 [PRESSURE DATA]
TOTAL FM JAN 1 19 HIGHEST SLP 30.09 ON 7
DPTR FM NORMAL -18 LOWEST SLP 29.78 ON 13
[REMARKS]
#FINAL-05-23#