000
CXUS56 KFGZ 010910
CF6RQE
PRELIMINARY LOCAL CLIMATOLOGICAL DATA (WS FORM: F-6)
STATION: WINDOW ROCK AZ AIRPORT
MONTH: APRIL
YEAR: 2022
LATITUDE: 35 39 N
LONGITUDE: 109 4 W
TEMPERATURE IN F: :PCPN: SNOW: WIND :SUNSHINE: SKY :PK WND
================================================================================
1 2 3 4 5 6A 6B 7 8 9 10 11 12 13 14 15 16 17 18
12Z AVG MX 2MIN
DY MAX MIN AVG DEP HDD CDD WTR SNW DPTH SPD SPD DIR MIN PSBL S-S WX SPD DR
================================================================================
1 64 31 48 4 17 0 T M M 4.3 18 320 M M 3 26 320
2 69 25 47 3 18 0 0.00 M M 6.1 23 230 M M 0 32 220
3 67 36 52 8 13 0 0.00 M M 5.8 17 250 M M 2 25 250
4 67 40 54 10 11 0 T M M 6.3 20 270 M M 3 25 270
5 73 33 53 8 12 0 0.00 M M 12.6 29 300 M M 0 42 300
6 59 27 43 -2 22 0 0.00 M M 8.8 24 330 M M 0 32 360
7 66 20 43 -2 22 0 0.00 M M 6.6 17 340 M M 0 22 330
8 72 17 45 0 20 0 0.00 M M 2.6 18 80 M M 0 28 60
9 75 20 48 3 17 0 0.00 M M 13.5 33 240 M M 0 8 41 220
10 66 33 50 4 15 0 T M M 12.4 26 230 M M 3 40 240
11 68 25 47 1 18 0 0.00 M M 17.7 38 230 M M 0 8 49 230
12 51 26 39 -7 26 0 0.01 M M 19.3 44 230 M M 5 8 60 250
13 52 18 35 -11 30 0 0.00 M M 9.3 29 260 M M 0 49 250
14 63 14 39 -7 26 0 0.00 M M 7.7 23 240 M M 0 32 240
15 70 30 50 4 15 0 0.00 M M 8.9 29 240 M M 0 41 240
16 73 38 56 9 9 0 0.00 M M 15.1 37 230 M M 0 8 49 240
17 73 29 51 4 14 0 0.00 M M 4.8 18 260 M M 0 24 270
18 78 25 52 5 13 0 0.00 M M 6.4 24 240 M M 0 31 240
19 77 41 59 12 6 0 0.00 M M 16.3 37 260 M M 1 8 52 230
20 75 42 59 11 6 0 0.00 M M 11.0 28 230 M M 0 36 230
21 77 37 57 9 8 0 0.00 M M 10.9 29 230 M M 0 40 250
22 68 38 53 5 12 0 T M M 19.9 48 250 M M 3 8 62 240
23 59 29 44 -4 21 0 0.00 M M 8.9 26 250 M M 1 33 240
24 59 20 40 -9 25 0 0.00 M M 5.2 18 330 M M 0 26 330
25 66 19 43 -6 22 0 0.00 M M 2.9 13 190 M M 0 17 100
26 76 24 50 1 15 0 0.00 M M 6.4 25 230 M M 0 37 180
27 75 35 55 5 10 0 0.00 M M 10.4 30 210 M M 0 39 220
28 73 29 51 1 14 0 0.00 M M 9.6 26 240 M M 0 33 230
29 71 32 52 2 13 0 0.00 M M 10.0 26 260 M M 0 8 36 250
30 73 24 49 -1 16 0 0.00 M M 2.5 15 290 M M 0 21 270
================================================================================
SM 2055 857 486 0 0.01 M 282.2 M 21
================================================================================
AV 68.5 28.6 9.4 FASTST M M 1 MAX(MPH)
MISC ----> 48 250 62 240
================================================================================
NOTES:
# LAST OF SEVERAL OCCURRENCES
COLUMN 17 PEAK WIND IN M.P.H.
PRELIMINARY LOCAL CLIMATOLOGICAL DATA (WS FORM: F-6) , PAGE 2
STATION: WINDOW ROCK AZ AIRPORT
MONTH: APRIL
YEAR: 2022
LATITUDE: 35 39 N
LONGITUDE: 109 4 W
[TEMPERATURE DATA] [PRECIPITATION DATA] SYMBOLS USED IN COLUMN 16
AVERAGE MONTHLY: 48.5 TOTAL FOR MONTH: 0.01 1 = FOG OR MIST
DPTR FM NORMAL: 1.7 DPTR FM NORMAL: -0.45 2 = FOG REDUCING VISIBILITY
HIGHEST: 78 ON 18 GRTST 24HR 0.01 ON 12-12 TO 1/4 MILE OR LESS
LOWEST: 14 ON 14 3 = THUNDER
SNOW, ICE PELLETS, HAIL 4 = ICE PELLETS
TOTAL MONTH: M 5 = HAIL
GRTST 24HR M ON M 6 = FREEZING RAIN OR DRIZZLE
GRTST DEPTH: M ON M 7 = DUSTSTORM OR SANDSTORM:
VSBY 1/2 MILE OR LESS
8 = SMOKE OR HAZE
[NO. OF DAYS WITH] [WEATHER - DAYS WITH] 9 = BLOWING SNOW
X = TORNADO
MAX 32 OR BELOW: 0 0.01 INCH OR MORE: 1
MAX 90 OR ABOVE: 0 0.10 INCH OR MORE: 0
MIN 32 OR BELOW: 20 0.50 INCH OR MORE: 0
MIN 0 OR BELOW: 0 1.00 INCH OR MORE: 0
[HDD (BASE 65) ]
TOTAL THIS MO. 486 CLEAR (SCALE 0-3) 27
DPTR FM NORMAL -60 PTCLDY (SCALE 4-7) 3
TOTAL FM JUL 1 5418 CLOUDY (SCALE 8-10) 0
DPTR FM NORMAL -368
[CDD (BASE 65) ]
TOTAL THIS MO. 0
DPTR FM NORMAL 0 [PRESSURE DATA]
TOTAL FM JAN 1 0 HIGHEST SLP M ON M
DPTR FM NORMAL 0 LOWEST SLP 29.35 ON 12
[REMARKS]
#FINAL-04-22#