000
CXUS53 KGRB 171620
CF6RRL
PRELIMINARY LOCAL CLIMATOLOGICAL DATA (WS FORM: F-6)
STATION: MERRILL MUNICIPAL AI
MONTH: FEBRUARY
YEAR: 2022
LATITUDE: 45 10 N
LONGITUDE: 89 42 W
TEMPERATURE IN F: :PCPN: SNOW: WIND :SUNSHINE: SKY :PK WND
================================================================================
1 2 3 4 5 6A 6B 7 8 9 10 11 12 13 14 15 16 17 18
12Z AVG MX 2MIN
DY MAX MIN AVG DEP HDD CDD WTR SNW DPTH SPD SPD DIR MIN PSBL S-S WX SPD DR
================================================================================
1 33 8 21 M 44 0 M M M 12.2 23 270 M M 2 31 270
2 13 -4 5 M 60 0 M M M 7.2 10 10 M M 0 18 360
3 11 -17 -3 M 68 0 M M M 2.5 13 30 M M 0 M M
4 11 -19 -4 M 69 0 M M M 0.5 5 140 M M 6 8 M M
5 17 -20 -1 M 66 0 M M M 4.1 10 190 M M 7 21 190
6 25 13 19 M 46 0 M M M 4.1 10 330 M M 10 1 16 340
7 24 12 18 M 47 0 M M M 4.6 9 210 M M 8 M M
8 34 9 22 M 43 0 M M M 3.6 9 210 M M 3 17 210
9 35 22 29 M 36 0 M M M 10.3 16 310 M M 10 24 270
10 25 15 20 M 45 0 M M M 8.4 13 310 M M 9 20 220
11 35 6 21 M 44 0 M M M 11.1 22 350 M M 10 28 360
12 10 -15 -2 M 67 0 M M M 3.0 13 350 M M 4 21 360
13 13 -22 -4 M 69 0 M M M 1.0 7 250 M M 4 M M
14 19 -8 6 M 59 0 M M M 1.1 9 310 M M 4 M M
15 28 -16 6 M 59 0 M M M 6.9 17 140 M M 5 29 140
16 36 18 27 M 38 0 M M M 5.2 17 360 M M 3 1 26 360
17 18 -10 4 M 61 0 M M M 8.4 17 360 M M 4 22 360
18 26 -24 1 M 64 0 M M M 10.0 28 290 M M 6 8 43 280
19 13 -7 3 M 62 0 M M M 9.8 17 300 M M 2 26 300
20 44 12 28 M 37 0 M M M 9.3 17 10 M M 2 25 10
21 24 13 19 M 46 0 M M M 11.8 17 80 M M 10 26 80
22 18 10 14 M 51 0 M M M 11.6 16 50 M M 10 26 50
23 19 -1 9 M 56 0 M M M 4.5 10 20 M M 3 18 20
24 18 -12 3 M 62 0 M M M 1.9 6 50 M M 7 M M
25 24 -3 11 M 54 0 M M M 4.5 12 240 M M 3 20 260
26 32 0 16 M 49 0 M M M 10.4 20 260 M M 0 8 31 260
27 33 16 25 M 40 0 M M M 5.6 10 320 M M 2 18 340
28 36 16 26 M 39 0 M M M 4.9 13 120 M M 5 16 120
================================================================================
SM 674 -8 1481 0 M M 178.4 M 139
================================================================================
AV 24.1 -0.3 6.4 FASTST M M 5 MAX(MPH)
MISC ----> 28 290 43 280
================================================================================
NOTES:
# LAST OF SEVERAL OCCURRENCES
COLUMN 17 PEAK WIND IN M.P.H.
PRELIMINARY LOCAL CLIMATOLOGICAL DATA (WS FORM: F-6) , PAGE 2
STATION: MERRILL MUNICIPAL AI
MONTH: FEBRUARY
YEAR: 2022
LATITUDE: 45 10 N
LONGITUDE: 89 42 W
[TEMPERATURE DATA] [PRECIPITATION DATA] SYMBOLS USED IN COLUMN 16
AVERAGE MONTHLY: 11.9 TOTAL FOR MONTH: M 1 = FOG OR MIST
DPTR FM NORMAL: 0.0 DPTR FM NORMAL: M 2 = FOG REDUCING VISIBILITY
HIGHEST: 44 ON 20 GRTST 24HR M ON M TO 1/4 MILE OR LESS
LOWEST: -24 ON 18 3 = THUNDER
SNOW, ICE PELLETS, HAIL 4 = ICE PELLETS
TOTAL MONTH: M 5 = HAIL
GRTST 24HR M ON M 6 = FREEZING RAIN OR DRIZZLE
GRTST DEPTH: M ON M 7 = DUSTSTORM OR SANDSTORM:
VSBY 1/2 MILE OR LESS
8 = SMOKE OR HAZE
[NO. OF DAYS WITH] [WEATHER - DAYS WITH] 9 = BLOWING SNOW
X = TORNADO
MAX 32 OR BELOW: 20 0.01 INCH OR MORE: 0
MAX 90 OR ABOVE: 0 0.10 INCH OR MORE: 0
MIN 32 OR BELOW: 28 0.50 INCH OR MORE: 0
MIN 0 OR BELOW: 15 1.00 INCH OR MORE: 0
[HDD (BASE 65) ]
TOTAL THIS MO. 1481 CLEAR (SCALE 0-3) 9
DPTR FM NORMAL M PTCLDY (SCALE 4-7) 13
TOTAL FM JUL 1 6317 CLOUDY (SCALE 8-10) 6
DPTR FM NORMAL 5937
[CDD (BASE 65) ]
TOTAL THIS MO. 0
DPTR FM NORMAL M [PRESSURE DATA]
TOTAL FM JAN 1 0 HIGHEST SLP M ON M
DPTR FM NORMAL 0 LOWEST SLP M ON M
[REMARKS]
#FINAL-02-22#