000
CXUS53 KGRB 171635
CF6RRL
PRELIMINARY LOCAL CLIMATOLOGICAL DATA (WS FORM: F-6)
STATION: MERRILL MUNICIPAL AI
MONTH: NOVEMBER
YEAR: 2021
LATITUDE: 45 10 N
LONGITUDE: 89 42 W
TEMPERATURE IN F: :PCPN: SNOW: WIND :SUNSHINE: SKY :PK WND
================================================================================
1 2 3 4 5 6A 6B 7 8 9 10 11 12 13 14 15 16 17 18
12Z AVG MX 2MIN
DY MAX MIN AVG DEP HDD CDD WTR SNW DPTH SPD SPD DIR MIN PSBL S-S WX SPD DR
================================================================================
1 38 29 34 M 31 0 M M M 7.8 16 300 M M 6 18 300
2 39 26 33 M 32 0 M M M 7.3 12 320 M M 5 20 330
3 38 22 30 M 35 0 M M M 1.7 9 320 M M 8 17 320
4 48 21 35 M 30 0 M M M 1.9 9 230 M M 5 M M
5 53 21 37 M 28 0 M M M 7.9 16 220 M M 3 26 220
6 62 37 50 M 15 0 M M M 7.8 12 240 M M 1 18 210
7 64 28 46 M 19 0 M M M 2.5 9 210 M M 0 17 210
8 65 31 48 M 17 0 M M M 3.6 13 350 M M 2 1 16 350
9 53 22 38 M 27 0 M M M 1.3 8 260 M M 0 M M
10 51 19 35 M 30 0 M M M 4.8 13 110 M M 3 22 110
11 49 32 41 M 24 0 M M M 12.2 18 260 M M 9 1 28 260
12 40 32 36 M 29 0 M M M 4.1 9 310 M M 10 20 310
13 34 28 31 M 34 0 M M M 6.8 14 310 M M 9 20 310
14 35 27 31 M 34 0 M M M 8.3 14 320 M M 10 21 350
15 36 15 26 M 39 0 M M M 3.4 7 230 M M 4 M M
16 42 14 28 M 37 0 M M M 7.1 18 140 M M 5 24 130
17 45 31 38 M 27 0 M M M 8.4 23 280 M M 9 1 31 280
18 31 26 29 M 36 0 M M M 12.9 17 300 M M 10 26 290
19 34 18 26 M 39 0 M M M 4.5 10 210 M M 2 M M
20 45 20 33 M 32 0 M M M 3.6 10 280 M M 2 M M
21 37 18 28 M 37 0 M M M 9.2 22 280 M M 4 32 340
22 27 12 20 M 45 0 M M M 7.6 13 290 M M 4 21 290
23 43 11 27 M 38 0 M M M 5.1 13 220 M M 1 21 220
24 49 34 42 M 23 0 M M M 6.4 14 350 M M 4 22 350
25 34 11 23 M 42 0 M M M 9.6 16 330 M M 7 24 330
26 26 7 17 M 48 0 M M M 3.1 8 150 M M 6 M M
27 32 23 28 M 37 0 M M M 4.6 8 300 M M 10 18 300
28 34 12 23 M 42 0 M M M 8.2 17 310 M M 3 23 330
29 31 12 22 M 43 0 M M M 2.4 9 130 M M 7 1 18 130
30 38 22 30 M 35 0 M M M 5.8 15 310 M M 3 23 310
================================================================================
SM 1253 661 985 0 M M 179.7 M 152
================================================================================
AV 41.8 22.0 6.0 FASTST M M 5 MAX(MPH)
MISC ----> 23 280 32 340
================================================================================
NOTES:
# LAST OF SEVERAL OCCURRENCES
COLUMN 17 PEAK WIND IN M.P.H.
PRELIMINARY LOCAL CLIMATOLOGICAL DATA (WS FORM: F-6) , PAGE 2
STATION: MERRILL MUNICIPAL AI
MONTH: NOVEMBER
YEAR: 2021
LATITUDE: 45 10 N
LONGITUDE: 89 42 W
[TEMPERATURE DATA] [PRECIPITATION DATA] SYMBOLS USED IN COLUMN 16
AVERAGE MONTHLY: 31.9 TOTAL FOR MONTH: M 1 = FOG OR MIST
DPTR FM NORMAL: 0.0 DPTR FM NORMAL: M 2 = FOG REDUCING VISIBILITY
HIGHEST: 65 ON 8 GRTST 24HR M ON M TO 1/4 MILE OR LESS
LOWEST: 7 ON 26 3 = THUNDER
SNOW, ICE PELLETS, HAIL 4 = ICE PELLETS
TOTAL MONTH: M 5 = HAIL
GRTST 24HR M ON M 6 = FREEZING RAIN OR DRIZZLE
GRTST DEPTH: M ON M 7 = DUSTSTORM OR SANDSTORM:
VSBY 1/2 MILE OR LESS
8 = SMOKE OR HAZE
[NO. OF DAYS WITH] [WEATHER - DAYS WITH] 9 = BLOWING SNOW
X = TORNADO
MAX 32 OR BELOW: 5 0.01 INCH OR MORE: 0
MAX 90 OR ABOVE: 0 0.10 INCH OR MORE: 0
MIN 32 OR BELOW: 28 0.50 INCH OR MORE: 0
MIN 0 OR BELOW: 0 1.00 INCH OR MORE: 0
[HDD (BASE 65) ]
TOTAL THIS MO. 985 CLEAR (SCALE 0-3) 11
DPTR FM NORMAL M PTCLDY (SCALE 4-7) 12
TOTAL FM JUL 1 1693 CLOUDY (SCALE 8-10) 7
DPTR FM NORMAL M
[CDD (BASE 65) ]
TOTAL THIS MO. 0
DPTR FM NORMAL M [PRESSURE DATA]
TOTAL FM JAN 1 307 HIGHEST SLP M ON M
DPTR FM NORMAL 307 LOWEST SLP M ON M
[REMARKS]
#FINAL-11-21#