000
CXUS51 KBTV 211445
CF6RUT
PRELIMINARY LOCAL CLIMATOLOGICAL DATA (WS FORM: F-6)
STATION: RUTLAND VT
MONTH: JUNE
YEAR: 2022
LATITUDE: 43 31 N
LONGITUDE: 72 57 W
TEMPERATURE IN F: :PCPN: SNOW: WIND :SUNSHINE: SKY :PK WND
================================================================================
1 2 3 4 5 6A 6B 7 8 9 10 11 12 13 14 15 16 17 18
12Z AVG MX 2MIN
DY MAX MIN AVG DEP HDD CDD WTR SNW DPTH SPD SPD DIR MIN PSBL S-S WX SPD DR
================================================================================
1 64 56 60 M 5 0 0.11 M M 10.2 17 110 M M 9 13 24 120
2 77 60 69 M 0 4 T M M 6.3 14 110 M M 6 M M
3 73 55 64 M 1 0 0.51 M M 5.0 16 340 M M 7 1 28 340
4 75 49 62 M 3 0 0.00 M M 7.5 14 230 M M 1 12 26 210
5 72 44 58 M 7 0 0.00 M M 6.2 12 330 M M 2 23 300
6 77 45 61 M 4 0 0.00 M M 8.2 16 130 M M 1 M M
7 79 58 69 M 0 4 0.01 M M 10.0 17 140 M M 3 22 140
8 73 58 66 M 0 1 0.05 M M 6.1 15 180 M M 7 21 180
9 63 56 60 M 5 0 0.25 M M 6.6 14 110 M M 8 1 30 90
10 68 53 61 M 4 0 T M M 6.5 15 290 M M 7 24 260
11 73 48 61 M 4 0 0.00 M M 5.8 12 120 M M 1 M M
12 77 51 64 M 1 0 0.13 M M 7.0 13 200 M M 4 18 200
13 78 54 66 M 0 1 0.01 M M 5.6 13 340 M M 6 1 20 340
14 77 49 63 M 2 0 0.00 M M 7.4 16 360 M M 1 24 360
15 80 53 67 M 0 2 0.00 M M 5.6 9 150 M M 2 M M
16 75 65 70 M 0 5 T M M 9.6 14 120 M M 8 M M
17 78 66 72 M 0 7 0.06 M M 7.8 15 250 M M 7 28 280
18 67 48 58 M 7 0 0.11 M M 7.0 16 350 M M 10 1 32 350
19 65 47 56 M 9 0 0.00 M M 12.1 21 310 M M 3 35 350
20 74 43 59 M 6 0 0.00 M M 7.2 15 360 M M 1 30 360
21 68 48 58 M 7 0 0.07 M M 4.8 12 120 M M 6 M M
22 64 56 60 M 5 0 0.01 M M 10.9 15 160 M M 10 28 150
23 71 57 64 M 1 0 0.03 M M 8.4 15 140 M M 5 1 25 160
24 79 58 69 M 0 4 T M M 4.4 10 360 M M 5 1 21 350
25 86 55 71 M 0 6 0.00 M M 5.8 13 120 M M 0 M M
26 89 60 75 M 0 10 0.00 M M 7.1 14 120 M M 1 18 190
27 79 56 68 M 0 3 0.47 M M 3.5 7 120 M M 7 1 M M
28 74 50 62 M 3 0 0.00 M M 5.1 9 120 M M 4 M M
29 79 53 66 M 0 1 0.00 M M 6.5 12 240 M M 3 17 240
30 76 52 64 M 1 0 0.00 M M 5.3 13 110 M M 1 1 M M
================================================================================
SM 2230 1603 75 48 1.82 M 209.5 M 136
================================================================================
AV 74.3 53.4 7.0 FASTST M M 5 MAX(MPH)
MISC ----> 21 310 35 350
================================================================================
NOTES:
# LAST OF SEVERAL OCCURRENCES
COLUMN 17 PEAK WIND IN M.P.H.
PRELIMINARY LOCAL CLIMATOLOGICAL DATA (WS FORM: F-6) , PAGE 2
STATION: RUTLAND VT
MONTH: JUNE
YEAR: 2022
LATITUDE: 43 31 N
LONGITUDE: 72 57 W
[TEMPERATURE DATA] [PRECIPITATION DATA] SYMBOLS USED IN COLUMN 16
AVERAGE MONTHLY: 63.9 TOTAL FOR MONTH: 1.82 1 = FOG OR MIST
DPTR FM NORMAL: 0.0 DPTR FM NORMAL: M 2 = FOG REDUCING VISIBILITY
HIGHEST: 89 ON 26 GRTST 24HR 0.51 ON 3- 3 TO 1/4 MILE OR LESS
LOWEST: 43 ON 20 3 = THUNDER
SNOW, ICE PELLETS, HAIL 4 = ICE PELLETS
TOTAL MONTH: M 5 = HAIL
GRTST 24HR M ON M 6 = FREEZING RAIN OR DRIZZLE
GRTST DEPTH: M ON M 7 = DUSTSTORM OR SANDSTORM:
VSBY 1/2 MILE OR LESS
8 = SMOKE OR HAZE
[NO. OF DAYS WITH] [WEATHER - DAYS WITH] 9 = BLOWING SNOW
X = TORNADO
MAX 32 OR BELOW: 0 0.01 INCH OR MORE: 13
MAX 90 OR ABOVE: 0 0.10 INCH OR MORE: 6
MIN 32 OR BELOW: 0 0.50 INCH OR MORE: 1
MIN 0 OR BELOW: 0 1.00 INCH OR MORE: 0
[HDD (BASE 65) ]
TOTAL THIS MO. 75 CLEAR (SCALE 0-3) 11
DPTR FM NORMAL M PTCLDY (SCALE 4-7) 16
TOTAL FM JUL 1 6734 CLOUDY (SCALE 8-10) 3
DPTR FM NORMAL M
[CDD (BASE 65) ]
TOTAL THIS MO. 48
DPTR FM NORMAL M [PRESSURE DATA]
TOTAL FM JAN 1 104 HIGHEST SLP M ON M
DPTR FM NORMAL M LOWEST SLP M ON M
[REMARKS]
#FINAL-06-22#