000
CXUS51 KBTV 010700
CF6RUT
PRELIMINARY LOCAL CLIMATOLOGICAL DATA (WS FORM: F-6)
STATION: RUTLAND VT
MONTH: OCTOBER
YEAR: 2021
LATITUDE: 43 31 N
LONGITUDE: 72 57 W
TEMPERATURE IN F: :PCPN: SNOW: WIND :SUNSHINE: SKY :PK WND
================================================================================
1 2 3 4 5 6A 6B 7 8 9 10 11 12 13 14 15 16 17 18
12Z AVG MX 2MIN
DY MAX MIN AVG DEP HDD CDD WTR SNW DPTH SPD SPD DIR MIN PSBL S-S WX SPD DR
================================================================================
1 61 39 50 M 15 0 T M M 4.8 9 330 M M 6 12 M M
2 67 44 56 M 9 0 T M M 5.2 12 220 M M 10 16 220
3 67 55 61 M 4 0 T M M 1.1 6 260 M M 9 M M
4 59 51 55 M 10 0 T M M 9.1 15 140 M M 10 22 140
5 63 50 57 M 8 0 T M M 6.3 15 130 M M 10 M M
6 67 50 59 M 6 0 0.00 M M 2.6 9 120 M M 6 1 M M
7 72 44 58 M 7 0 0.00 M M 3.9 10 130 M M 2 1 M M
8 72 53 63 M 2 0 0.00 M M 5.6 16 140 M M 3 12 22 140
9 59 53 56 M 9 0 0.00 M M 11.3 16 130 M M 7 21 140
10 63 53 58 M 7 0 0.00 M M 10.8 15 130 M M 4 21 140
11 71 51 61 M 4 0 0.00 M M 7.6 13 130 M M 2 M M
12 74 48 61 M 4 0 0.00 M M 4.8 10 120 M M 0 M M
13 72 48 60 M 5 0 0.00 M M 3.8 9 270 M M 4 1 M M
14 71 56 64 M 1 0 0.00 M M 2.8 9 340 M M 9 1 M M
15 68 56 62 M 3 0 T M M 3.5 9 120 M M 6 M M
16 76 55 66 M 0 1 M M M 8.9 22 160 M M 9 13 31 160
17 59 47 53 M 12 0 M M M 4.7 12 270 M M 10 1 18 99
18 50 38 44 M 21 0 M M M 3.2 8 290 M M 8 1 M M
19 57 42 50 M 15 0 0.00 M M 5.8 13 280 M M 8 20 280
20 69 45 57 M 8 0 0.00 M M 2.8 8 10 M M 2 M M
21 63 49 56 M 9 0 0.00 M M 6.1 13 110 M M 4 M M
22 62 42 52 M 13 0 0.00 M M 7.3 13 220 M M 9 1 20 99
23 49 36 43 M 22 0 0.00 M M 2.4 7 320 M M 7 M M
24 53 29 41 M 24 0 0.00 M M 4.1 10 110 M M 2 M M
25 48 42 45 M 20 0 M M M 12.5 21 110 M M 10 32 120
26 53 45 49 M 16 0 M M M 8.4 17 130 M M 10 1 23 90
27 51 35 43 M 22 0 0.00 M M 8.0 16 340 M M 6 1 21 340
28 52 34 43 M 22 0 0.00 M M 5.4 10 110 M M 3 M M
29 57 29 43 M 22 0 0.00 M M 7.9 17 140 M M 1 12 37 120
30 54 44 49 M 16 0 0.00 M M 11.8 26 140 M M 10 37 140
31 55 50 53 M 12 0 0.00 M M 6.4 14 220 M M 10 1 22 260
================================================================================
SM 1914 1413 348 1 T M 188.7 M 197
================================================================================
AV 61.7 45.6 6.1 FASTST M M 6 MAX(MPH)
MISC ----> 26 140 # 37 120
================================================================================
NOTES:
# LAST OF SEVERAL OCCURRENCES
COLUMN 17 PEAK WIND IN M.P.H.
PRELIMINARY LOCAL CLIMATOLOGICAL DATA (WS FORM: F-6) , PAGE 2
STATION: RUTLAND VT
MONTH: OCTOBER
YEAR: 2021
LATITUDE: 43 31 N
LONGITUDE: 72 57 W
[TEMPERATURE DATA] [PRECIPITATION DATA] SYMBOLS USED IN COLUMN 16
AVERAGE MONTHLY: 53.7 TOTAL FOR MONTH: T 1 = FOG OR MIST
DPTR FM NORMAL: 0.0 DPTR FM NORMAL: M 2 = FOG REDUCING VISIBILITY
HIGHEST: 76 ON 16 GRTST 24HR T ON 1- 1 TO 1/4 MILE OR LESS
LOWEST: 29 ON 29,24 3 = THUNDER
SNOW, ICE PELLETS, HAIL 4 = ICE PELLETS
TOTAL MONTH: M 5 = HAIL
GRTST 24HR M ON M 6 = FREEZING RAIN OR DRIZZLE
GRTST DEPTH: M ON M 7 = DUSTSTORM OR SANDSTORM:
VSBY 1/2 MILE OR LESS
8 = SMOKE OR HAZE
[NO. OF DAYS WITH] [WEATHER - DAYS WITH] 9 = BLOWING SNOW
X = TORNADO
MAX 32 OR BELOW: 0 0.01 INCH OR MORE: 0
MAX 90 OR ABOVE: 0 0.10 INCH OR MORE: 0
MIN 32 OR BELOW: 2 0.50 INCH OR MORE: 0
MIN 0 OR BELOW: 0 1.00 INCH OR MORE: 0
[HDD (BASE 65) ]
TOTAL THIS MO. 348 CLEAR (SCALE 0-3) 7
DPTR FM NORMAL M PTCLDY (SCALE 4-7) 10
TOTAL FM JUL 1 516 CLOUDY (SCALE 8-10) 14
DPTR FM NORMAL M
[CDD (BASE 65) ]
TOTAL THIS MO. 1
DPTR FM NORMAL M [PRESSURE DATA]
TOTAL FM JAN 1 497 HIGHEST SLP M ON M
DPTR FM NORMAL M LOWEST SLP M ON M
[REMARKS]
#FINAL-10-21#