000
CXUS54 KTSA 221831
CF6RVS
PRELIMINARY LOCAL CLIMATOLOGICAL DATA (WS FORM: F-6)
STATION: TULSA-RIVERSIDE OKLAHOMA
MONTH: FEBRUARY
YEAR: 2020
LATITUDE: 36 2 N
LONGITUDE: 95 59 W
TEMPERATURE IN F: :PCPN: SNOW: WIND :SUNSHINE: SKY :PK WND
================================================================================
1 2 3 4 5 6A 6B 7 8 9 10 11 12 13 14 15 16 17 18
12Z AVG MX 2MIN
DY MAX MIN AVG DEP HDD CDD WTR SNW DPTH SPD SPD DIR MIN PSBL S-S WX SPD DR
================================================================================
1 64 27 46 7 19 0 0.00 0.0 0 1.9 12 210 M M 0 17 210
2 79 37 58 19 7 0 0.00 0.0 0 5.0 14 200 M M 0 23 200
3 72 44 58 19 7 0 0.00 0.0 0 11.2 23 190 M M 1 33 180
4 44 35 40 1 25 0 0.01 0.0 0 9.8 18 10 M M 10 18 31 10
5 35 30 33 -6 32 0 0.39 0.0 0 7.6 15 360 M M 10 126 24 10
6 41 28 35 -5 30 0 0.00 0.0 0 4.1 9 30 M M 5 15 330
7 55 26 41 1 24 0 0.00 0.0 0 2.1 10 270 M M 2 17 330
8 59 27 43 3 22 0 0.00 0.0 0 6.2 15 170 M M 0 22 160
9 68 42 55 15 10 0 0.09 0.0 0 12.0 20 190 M M 10 18 30 170
10 45 33 39 -1 26 0 0.06 0.0 0 7.7 17 10 M M 4 26 360
11 47 38 43 2 22 0 0.01 0.0 0 7.0 15 10 M M 9 22 20
12 43 38 41 0 24 0 0.48 0.0 0 4.8 14 120 M M 10 1 18 340
13 39 20 30 -11 35 0 0.00 0.0 0 10.5 17 360 M M 6 27 20
14 44 17 31 -10 34 0 0.00 0.0 0 7.3 14 160 M M 3 23 170
15 60 38 49 7 16 0 0.00 0.0 0 9.1 23 200 M M 3 35 170
16 58 43 51 9 14 0 0.00 0.0 0 4.0 9 130 M M 10 14 180
17 70 49 60 18 5 0 0.00 0.0 0 5.0 17 360 M M 7 30 360
18 51 37 44 2 21 0 T 0.0 0 12.1 20 30 M M 4 29 30
19 57 33 45 2 20 0 0.00 0.0 0 8.5 16 20 M M 3 24 30
20 47 29 38 -5 27 0 0.00 0.0 0 12.0 21 20 M M 8 31 20
21 49 19 34 -9 31 0 0.00 0.0 0 2.7 10 160 M M 0 17 230
22 62 28 45 1 20 0 T 0.0 0 8.6 18 190 M M 0 27 170
23 53 47 50 6 15 0 0.15 0.0 0 6.8 15 190 M M 9 1 21 200
24 57 46 52 8 13 0 0.02 0.0 0 8.1 20 200 M M 9 1 30 190
25 53 35 44 -1 21 0 0.06 0.0 0 5.4 16 10 M M 7 1 26 10
26 44 25 35 -10 30 0 0.03 0.0 0 7.6 18 360 M M 7 1 31 360
27 60 23 42 -3 23 0 0.00 0.0 0 5.5 17 210 M M 2 25 330
28 65 30 48 2 17 0 0.00 0.0 0 3.5 14 320 M M 0 25 290
29 75 29 52 6 13 0 0.00 0.0 0 7.3 23 180 M M 0 31 180
================================================================================
SM 1596 953 603 0 1.30 0.0 203.4 M 139
================================================================================
AV 55.0 32.9 7.0 FASTST M M 5 MAX(MPH)
MISC ----> # 23 190 # 35 170
================================================================================
NOTES:
# LAST OF SEVERAL OCCURRENCES
COLUMN 17 PEAK WIND IN M.P.H.
PRELIMINARY LOCAL CLIMATOLOGICAL DATA (WS FORM: F-6) , PAGE 2
STATION: TULSA-RIVERSIDE OKLAHOMA
MONTH: FEBRUARY
YEAR: 2020
LATITUDE: 36 2 N
LONGITUDE: 95 59 W
[TEMPERATURE DATA] [PRECIPITATION DATA] SYMBOLS USED IN COLUMN 16
AVERAGE MONTHLY: 44.0 TOTAL FOR MONTH: 1.30 1 = FOG OR MIST
DPTR FM NORMAL: 2.1 DPTR FM NORMAL: -0.98 2 = FOG REDUCING VISIBILITY
HIGHEST: 79 ON 2 GRTST 24HR 0.48 ON 12-12 TO 1/4 MILE OR LESS
LOWEST: 17 ON 14 3 = THUNDER
SNOW, ICE PELLETS, HAIL 4 = ICE PELLETS
TOTAL MONTH: 0.0 INCH 5 = HAIL
GRTST 24HR 0.0 6 = FREEZING RAIN OR DRIZZLE
GRTST DEPTH: 0 7 = DUSTSTORM OR SANDSTORM:
VSBY 1/2 MILE OR LESS
8 = SMOKE OR HAZE
[NO. OF DAYS WITH] [WEATHER - DAYS WITH] 9 = BLOWING SNOW
X = TORNADO
MAX 32 OR BELOW: 0 0.01 INCH OR MORE: 10
MAX 90 OR ABOVE: 0 0.10 INCH OR MORE: 3
MIN 32 OR BELOW: 14 0.50 INCH OR MORE: 0
MIN 0 OR BELOW: 0 1.00 INCH OR MORE: 0
[HDD (BASE 65) ]
TOTAL THIS MO. 603 CLEAR (SCALE 0-3) 11
DPTR FM NORMAL -48 PTCLDY (SCALE 4-7) 10
TOTAL FM JUL 1 2621 CLOUDY (SCALE 8-10) 8
DPTR FM NORMAL -397
[CDD (BASE 65) ]
TOTAL THIS MO. 0
DPTR FM NORMAL -1 [PRESSURE DATA]
TOTAL FM JAN 1 0 HIGHEST SLP 30.79 ON 20
DPTR FM NORMAL -1 LOWEST SLP 29.52 ON 24
[REMARKS]
#FINAL-02-20#
#FINAL-02-20#