000
CXUS55 KCYS 041540
CF6RWL
PRELIMINARY LOCAL CLIMATOLOGICAL DATA (WS FORM: F-6)
STATION: RAWLINS WYOMING AIRPORT
MONTH: APRIL
YEAR: 2022
LATITUDE: 41 47 N
LONGITUDE: 107 12 W
TEMPERATURE IN F: :PCPN: SNOW: WIND :SUNSHINE: SKY :PK WND
================================================================================
1 2 3 4 5 6A 6B 7 8 9 10 11 12 13 14 15 16 17 18
12Z AVG MX 2MIN
DY MAX MIN AVG DEP HDD CDD WTR SNW DPTH SPD SPD DIR MIN PSBL S-S WX SPD DR
================================================================================
1 51 27 39 1 26 0 0.00 M M 15.9 31 240 M M 2 43 270
2 61 27 44 6 21 0 0.00 M M 17.2 37 270 M M 0 47 270
3 52 32 42 4 23 0 0.00 M M 7.7 18 280 M M 0 26 280
4 55 27 41 3 24 0 0.00 M M 23.2 46 260 M M 1 63 270
5 46 23 35 -3 30 0 T M M 32.7 46 270 M M 5 65 290
6 42 16 29 -10 36 0 0.00 M M 16.6 32 280 M M 2 45 270
7 51 12 32 -7 33 0 T M M 9.5 29 330 M M 0 8 38 320
8 65 16 41 2 24 0 0.00 M M 11.3 26 250 M M 0 8 35 240
9 65 35 50 11 15 0 T M M 19.5 40 290 M M 4 8 55 250
10 40 21 31 -8 34 0 T M M 22.4 40 250 M M 3 56 240
11 52 25 39 0 26 0 0.01 M M 15.1 40 250 M M 8 57 220
12 35 13 24 -16 41 0 0.14 M M 23.6 41 260 M M 6 12 54 260
13 31 11 21 -19 44 0 T M M 17.2 35 280 M M 7 8 46 280
14 45 17 31 -9 34 0 T M M 20.3 37 270 M M 5 50 280
15 49 26 38 -2 27 0 0.04 M M 16.8 33 280 M M 7 12 46 270
16 58 21 40 0 25 0 T M M 11.9 31 300 M M 3 41 180
17 48 26 37 -3 28 0 0.00 M M 23.6 41 270 M M 4 61 300
18 66 20 43 2 22 0 0.00 M M 8.5 23 240 M M 1 31 230
19 71 34 53 12 12 0 T M M 17.5 35 230 M M 3 1 49 230
20 57 27 42 1 23 0 T M M 16.6 35 250 M M 3 50 270
21 71 25 48 7 17 0 T M M 15.8 40 220 M M 0 56 240
22 69 34 52 10 13 0 0.03 M M 17.3 38 210 M M 5 1 53 230
23 37 30 34 -8 31 0 0.20 M M 16.3 33 310 M M 10 128 44 300
24 41 26 34 -8 31 0 T M M 9.0 18 350 M M 7 8 26 360
25 50 22 36 -6 29 0 T M M 4.5 20 270 M M 4 26 270
26 65 27 46 3 19 0 0.00 M M 13.0 30 220 M M 0 8 42 220
27 70 30 50 7 15 0 0.00 M M 8.8 28 240 M M 2 39 290
28 69 34 52 9 13 0 T M M 11.8 31 220 M M 3 44 210
29 49 33 41 -3 24 0 0.13 M M 17.0 35 260 M M 8 12 48 270
30 55 31 43 -1 22 0 0.00 M M 7.4 16 50 M M 4 23 260
================================================================================
SM 1616 748 762 0 0.55 M 468.0 M 107
================================================================================
AV 53.9 24.9 15.6 FASTST M M 4 MAX(MPH)
MISC ----> # 46 260 65 290
================================================================================
NOTES:
# LAST OF SEVERAL OCCURRENCES
COLUMN 17 PEAK WIND IN M.P.H.
PRELIMINARY LOCAL CLIMATOLOGICAL DATA (WS FORM: F-6) , PAGE 2
STATION: RAWLINS WYOMING AIRPORT
MONTH: APRIL
YEAR: 2022
LATITUDE: 41 47 N
LONGITUDE: 107 12 W
[TEMPERATURE DATA] [PRECIPITATION DATA] SYMBOLS USED IN COLUMN 16
AVERAGE MONTHLY: 39.4 TOTAL FOR MONTH: 0.55 1 = FOG OR MIST
DPTR FM NORMAL: -1.0 DPTR FM NORMAL: -0.71 2 = FOG REDUCING VISIBILITY
HIGHEST: 71 ON 21,19 GRTST 24HR 0.23 ON 22-23 TO 1/4 MILE OR LESS
LOWEST: 11 ON 13 3 = THUNDER
SNOW, ICE PELLETS, HAIL 4 = ICE PELLETS
TOTAL MONTH: M 5 = HAIL
GRTST 24HR M ON M 6 = FREEZING RAIN OR DRIZZLE
GRTST DEPTH: M ON M 7 = DUSTSTORM OR SANDSTORM:
VSBY 1/2 MILE OR LESS
8 = SMOKE OR HAZE
[NO. OF DAYS WITH] [WEATHER - DAYS WITH] 9 = BLOWING SNOW
X = TORNADO
MAX 32 OR BELOW: 1 0.01 INCH OR MORE: 6
MAX 90 OR ABOVE: 0 0.10 INCH OR MORE: 3
MIN 32 OR BELOW: 25 0.50 INCH OR MORE: 0
MIN 0 OR BELOW: 0 1.00 INCH OR MORE: 0
[HDD (BASE 65) ]
TOTAL THIS MO. 762 CLEAR (SCALE 0-3) 15
DPTR FM NORMAL 24 PTCLDY (SCALE 4-7) 12
TOTAL FM JUL 1 6979 CLOUDY (SCALE 8-10) 3
DPTR FM NORMAL -543
[CDD (BASE 65) ]
TOTAL THIS MO. 0
DPTR FM NORMAL 0 [PRESSURE DATA]
TOTAL FM JAN 1 0 HIGHEST SLP 30.55 ON 7
DPTR FM NORMAL 0 LOWEST SLP 29.08 ON 11
[REMARKS]
#FINAL-04-22#