000
CXUS55 KPIH 012313
CF6RXE
PRELIMINARY LOCAL CLIMATOLOGICAL DATA (WS FORM: F-6)
STATION: REXBURG
MONTH: FEBRUARY
YEAR: 2024
LATITUDE: 43 49 N
LONGITUDE: 111 48 W
TEMPERATURE IN F: :PCPN: SNOW: WIND :SUNSHINE: SKY :PK WND
================================================================================
1 2 3 4 5 6A 6B 7 8 9 10 11 12 13 14 15 16 17 18
12Z AVG MX 2MIN
DY MAX MIN AVG DEP HDD CDD WTR SNW DPTH SPD SPD DIR MIN PSBL S-S WX SPD DR
================================================================================
1 49 24 37 16 28 0 0.02 M M 3.4 13 150 M M 4 23 140
2 41 33 37 16 28 0 0.29 M M 5.0 12 200 M M 10 1 17 210
3 34 30 32 10 33 0 0.27 M M 10.7 16 210 M M 10 1 25 210
4 35 17 26 4 39 0 0.05 M M 10.2 17 200 M M 8 1 27 210
5 39 21 30 8 35 0 0.38 M M 4.2 9 180 M M 9 1 13 90
6 41 32 37 15 28 0 0.21 M M 3.2 9 60 M M 10 1 12 80
7 36 30 33 11 32 0 0.18 M M 8.0 17 200 M M 10 1 26 200
8 35 28 32 10 33 0 0.01 M M 11.8 20 200 M M 7 1 27 200
9 30 17 24 2 41 0 0.01 M M 6.7 16 200 M M 9 1 23 200
10 28 10 19 -4 46 0 0.00 M M 4.2 8 40 M M 6 11 50
11 30 13 22 -1 43 0 0.01 M M 5.8 12 240 M M 10 1 18 210
12 34 24 29 6 36 0 0.00 M M 5.3 12 230 M M 10 16 190
13 34 21 28 5 37 0 0.01 M M 1.3 8 220 M M 10 18 11 210
14 35 26 31 7 34 0 0.09 M M 4.0 13 200 M M 9 1 19 190
15 39 32 36 12 29 0 0.05 M M 11.4 17 200 M M 9 1 27 190
16 34 11 23 -1 42 0 0.06 M M 9.9 20 230 M M 6 1 30 220
17 29 1 15 -9 50 0 0.00 M M 5.4 10 70 M M 0 13 60
18 31 12 22 -3 43 0 0.07 M M 3.6 9 220 M M 9 18 13 60
19 39 29 34 9 31 0 0.05 M M 3.1 14 230 M M 8 1 19 240
20 42 27 35 10 30 0 T M M 2.9 8 270 M M 7 1 10 260
21 40 24 32 6 33 0 0.00 M M 4.1 10 210 M M 1 15 220
22 35 28 32 6 33 0 0.00 M M 5.6 13 210 M M 9 17 200
23 40 22 31 5 34 0 0.00 M M 3.7 10 190 M M 5 17 180
24 44 25 35 8 30 0 0.00 M M 6.7 16 180 M M 2 24 220
25 47 28 38 11 27 0 0.00 M M 10.7 25 220 M M 3 36 250
26 42 24 33 5 32 0 0.07 M M 18.6 36 230 M M 7 1 55 240
27 29 13 21 -7 44 0 0.01 M M 8.7 20 240 M M 3 28 240
28 34 21 28 0 37 0 0.00 M M 8.9 17 190 M M 8 24 190
29 45 20 33 4 32 0 0.02 M M 6.8 26 240 M M 6 40 250
================================================================================
SM 1071 643 1020 0 1.86 M 193.9 M 205
================================================================================
AV 36.9 22.2 6.7 FASTST M M 7 MAX(MPH)
MISC ----> 36 230 55 240
================================================================================
NOTES:
# LAST OF SEVERAL OCCURRENCES
COLUMN 17 PEAK WIND IN M.P.H.
PRELIMINARY LOCAL CLIMATOLOGICAL DATA (WS FORM: F-6) , PAGE 2
STATION: REXBURG
MONTH: FEBRUARY
YEAR: 2024
LATITUDE: 43 49 N
LONGITUDE: 111 48 W
[TEMPERATURE DATA] [PRECIPITATION DATA] SYMBOLS USED IN COLUMN 16
AVERAGE MONTHLY: 29.6 TOTAL FOR MONTH: 1.86 1 = FOG OR MIST
DPTR FM NORMAL: 5.5 DPTR FM NORMAL: 1.17 2 = FOG REDUCING VISIBILITY
HIGHEST: 49 ON 1 GRTST 24HR 0.42 ON 5- 6 TO 1/4 MILE OR LESS
LOWEST: 1 ON 17 3 = THUNDER
SNOW, ICE PELLETS, HAIL 4 = ICE PELLETS
TOTAL MONTH: M 5 = HAIL
GRTST 24HR M ON M 6 = FREEZING RAIN OR DRIZZLE
GRTST DEPTH: M ON M 7 = DUSTSTORM OR SANDSTORM:
VSBY 1/2 MILE OR LESS
8 = SMOKE OR HAZE
[NO. OF DAYS WITH] [WEATHER - DAYS WITH] 9 = BLOWING SNOW
X = TORNADO
MAX 32 OR BELOW: 6 0.01 INCH OR MORE: 19
MAX 90 OR ABOVE: 0 0.10 INCH OR MORE: 5
MIN 32 OR BELOW: 28 0.50 INCH OR MORE: 0
MIN 0 OR BELOW: 0 1.00 INCH OR MORE: 0
[HDD (BASE 65) ]
TOTAL THIS MO. 1020 CLEAR (SCALE 0-3) 5
DPTR FM NORMAL -125 PTCLDY (SCALE 4-7) 11
TOTAL FM JUL 1 4918 CLOUDY (SCALE 8-10) 13
DPTR FM NORMAL -940
[CDD (BASE 65) ]
TOTAL THIS MO. 0
DPTR FM NORMAL 0 [PRESSURE DATA]
TOTAL FM JAN 1 0 HIGHEST SLP 30.61 ON 17
DPTR FM NORMAL 0 LOWEST SLP 29.45 ON 26
[REMARKS]
#FINAL-02-24#