000
CXUS55 KPIH 011100
CF6RXE
PRELIMINARY LOCAL CLIMATOLOGICAL DATA (WS FORM: F-6)
STATION: REXBURG
MONTH: AUGUST
YEAR: 2023
LATITUDE: 43 49 N
LONGITUDE: 111 48 W
TEMPERATURE IN F: :PCPN: SNOW: WIND :SUNSHINE: SKY :PK WND
================================================================================
1 2 3 4 5 6A 6B 7 8 9 10 11 12 13 14 15 16 17 18
12Z AVG MX 2MIN
DY MAX MIN AVG DEP HDD CDD WTR SNW DPTH SPD SPD DIR MIN PSBL S-S WX SPD DR
================================================================================
1 91 58 75 5 0 10 0.00 M M 3.8 16 230 M M 0 26 230
2 70 61 66 -4 0 1 0.17 M M 4.0 9 70 M M 6 14 350
3 76 61 69 -1 0 4 0.38 M M 5.6 15 30 M M 9 13 20 20
4 68 58 63 -7 2 0 0.21 M M 2.3 12 70 M M 8 1 16 50
5 82 53 68 -2 0 3 0.07 M M 4.8 26 60 M M 2 123 37 60
6 81 53 67 -2 0 2 0.31 M M 5.4 25 250 M M 2 38 37 250
7 79 50 65 -4 0 0 0.00 M M 6.8 17 210 M M 2 3 28 220
8 73 54 64 -5 1 0 T M M 5.6 21 220 M M 5 29 210
9 83 50 67 -2 0 2 0.00 M M 7.1 15 190 M M 0 23 240
10 88 58 73 4 0 8 0.00 M M 9.6 23 240 M M 1 36 250
11 87 51 69 1 0 4 0.00 M M 7.3 15 180 M M 0 23 170
12 89 53 71 3 0 6 0.00 M M 7.0 15 200 M M 0 21 180
13 84 54 69 1 0 4 0.00 M M 8.2 17 40 M M 0 25 20
14 89 50 70 2 0 5 0.00 M M 4.8 12 360 M M 0 16 360
15 94 53 74 6 0 9 0.00 M M 3.1 10 240 M M 0 8 17 220
16 94 56 75 8 0 10 0.00 M M 5.1 12 200 M M 0 16 190
17 97 57 77 10 0 12 T M M 7.6 23 200 M M 0 35 150
18 91 65 78 11 0 13 0.00 M M 12.1 26 240 M M 0 38 230
19 85 57 71 5 0 6 T M M 4.9 13 150 M M 3 23 160
20 68 62 65 -1 0 0 0.55 M M 4.7 9 40 M M 8 1 16 80
21 85 62 74 8 0 9 0.05 M M 7.5 24 210 M M 5 38 36 210
22 78 59 69 3 0 4 T M M 8.7 22 180 M M 3 30 180
23 84 57 71 6 0 6 0.00 M M 6.5 22 200 M M 1 36 220
24 87 54 71 6 0 6 0.00 M M 3.5 12 240 M M 1 18 200
25 90 55 73 8 0 8 0.12 M M 6.9 20 270 M M 2 3 29 280
26 85 58 72 8 0 7 T M M 4.6 20 290 M M 1 31 290
27 85 57 71 7 0 6 T M M 5.1 18 200 M M 1 28 210
28 88 51 70 6 0 5 0.00 M M 3.3 9 180 M M 0 17 180
29 93 51 72 9 0 7 T M M 8.2 26 230 M M 0 42 240
30 75 58 67 4 0 2 0.00 M M 16.1 32 200 M M 0 46 200
31 80 44 62 -1 3 0 0.00 M M 6.8 14 200 M M 0 21 190
================================================================================
SM 2599 1720 6 159 1.86 M 197.0 M 60
================================================================================
AV 83.8 55.5 6.4 FASTST M M 2 MAX(MPH)
MISC ----> 32 200 46 200
================================================================================
NOTES:
# LAST OF SEVERAL OCCURRENCES
COLUMN 17 PEAK WIND IN M.P.H.
PRELIMINARY LOCAL CLIMATOLOGICAL DATA (WS FORM: F-6) , PAGE 2
STATION: REXBURG
MONTH: AUGUST
YEAR: 2023
LATITUDE: 43 49 N
LONGITUDE: 111 48 W
[TEMPERATURE DATA] [PRECIPITATION DATA] SYMBOLS USED IN COLUMN 16
AVERAGE MONTHLY: 69.7 TOTAL FOR MONTH: 1.86 1 = FOG OR MIST
DPTR FM NORMAL: 2.8 DPTR FM NORMAL: 1.11 2 = FOG REDUCING VISIBILITY
HIGHEST: 97 ON 17 GRTST 24HR 0.56 ON 3- 4 TO 1/4 MILE OR LESS
LOWEST: 44 ON 31 3 = THUNDER
SNOW, ICE PELLETS, HAIL 4 = ICE PELLETS
TOTAL MONTH: M 5 = HAIL
GRTST 24HR M ON M 6 = FREEZING RAIN OR DRIZZLE
GRTST DEPTH: M ON M 7 = DUSTSTORM OR SANDSTORM:
VSBY 1/2 MILE OR LESS
8 = SMOKE OR HAZE
[NO. OF DAYS WITH] [WEATHER - DAYS WITH] 9 = BLOWING SNOW
X = TORNADO
MAX 32 OR BELOW: 0 0.01 INCH OR MORE: 8
MAX 90 OR ABOVE: 7 0.10 INCH OR MORE: 6
MIN 32 OR BELOW: 0 0.50 INCH OR MORE: 1
MIN 0 OR BELOW: 0 1.00 INCH OR MORE: 0
[HDD (BASE 65) ]
TOTAL THIS MO. 6 CLEAR (SCALE 0-3) 23
DPTR FM NORMAL -32 PTCLDY (SCALE 4-7) 6
TOTAL FM JUL 1 7 CLOUDY (SCALE 8-10) 2
DPTR FM NORMAL -51
[CDD (BASE 65) ]
TOTAL THIS MO. 159
DPTR FM NORMAL 61 [PRESSURE DATA]
TOTAL FM JAN 1 387 HIGHEST SLP 30.22 ON 14
DPTR FM NORMAL 141 LOWEST SLP 29.71 ON 31
[REMARKS]
#FINAL-08-23#