049
CXUS56 KSTO 131749
CF6SAC
PRELIMINARY LOCAL CLIMATOLOGICAL DATA (WS FORM: F-6)
STATION: SACRAMENTO EXEC. AIRPORT CA
MONTH: DECEMBER
YEAR: 2020
LATITUDE: 38 31 N
LONGITUDE: 121 30 W
TEMPERATURE IN F: :PCPN: SNOW: WIND :SUNSHINE: SKY :PK WND
================================================================================
1 2 3 4 5 6A 6B 7 8 9 10 11 12 13 14 15 16 17 18
12Z AVG MX 2MIN
DY MAX MIN AVG DEP HDD CDD WTR SNW DPTH SPD SPD DIR MIN PSBL S-S WX SPD DR
================================================================================
1 64 34 49 1 16 0 0.00 0.0 0 2.1 8 350 M M 0 18 12 340
2 66 34 50 2 15 0 0.00 0.0 0 0.7 6 300 M M 0 1 8 280
3 66 36 51 3 14 0 0.00 0.0 0 1.5 7 310 M M 0 11 340
4 66 36 51 3 14 0 0.00 0.0 0 0.6 7 280 M M 0 18 8 280
5 65 33 49 1 16 0 0.00 0.0 0 3.3 15 260 M M 0 8 18 90
6 64 39 52 5 13 0 0.00 0.0 0 4.7 14 340 M M 0 18 17 340
7 74 50 62 15 3 0 0.00 0.0 0 11.5 24 350 M M 0 31 340
8 65 34 50 3 15 0 0.00 0.0 0 2.5 9 150 M M 0 8 12 190
9 66 35 51 4 14 0 0.00 0.0 0 3.8 14 350 M M 0 18 17 320
10 67 34 51 4 14 0 0.00 0.0 0 3.1 9 170 M M 0 18 13 170
11 56 35 46 0 19 0 0.22 M 0 3.8 14 230 M M 5 1 18 240
12 55 41 48 2 17 0 0.03 M 0 6.5 15 340 M M 7 1 21 170
13 53 41 47 1 18 0 0.78 0.0 0 8.2 18 150 M M 8 1 29 160
14 56 37 47 1 18 0 0.00 0.0 0 4.1 14 300 M M 4 12 17 320
15 56 34 45 -1 20 0 0.00 0.0 0 1.2 8 150 M M 3 1 9 160
16 54 35 45 -1 20 0 T 0.0 0 3.3 8 230 M M 6 12 13 150
17 59 44 52 6 13 0 0.31 M 0 6.9 17 110 M M 5 18 23 110
18 57 35 46 0 19 0 0.00 0.0 0 3.4 13 340 M M 0 128 18 340
19 57 32 45 -1 20 0 0.00 0.0 0 1.9 12 350 M M 1 128 15 340
20 56 33 45 0 20 0 0.00 0.0 0 0.4 5 320 M M 5 128 7 330
21 50 35 43 -2 22 0 0.00 0.0 0 2.4 9 150 M M 9 128 15 260
22 59 39 49 4 16 0 0.00 0.0 0 8.7 16 330 M M 5 128 23 340
23 50 32 41 -4 24 0 0.00 0.0 0 3.3 10 100 M M 3 128 16 170
24 54 37 46 1 19 0 0.00 0.0 0 2.2 8 80 M M 7 128 9 210
25 56 41 49 4 16 0 0.10 M 0 5.2 16 200 M M 9 18 24 160
26 60 43 52 7 13 0 0.00 0.0 0 5.8 13 230 M M 3 17 190
27 57 40 49 4 16 0 0.00 0.0 0 4.6 13 350 M M 1 14 350
28 56 39 48 3 17 0 0.05 M 0 2.0 10 340 M M 7 12 16 280
29 60 36 48 3 17 0 0.00 0.0 0 4.6 14 340 M M 0 1 18 350
30 57 32 45 0 20 0 0.05 0.0 0 5.0 14 150 M M 3 18 19 150
31 60 44 52 7 13 0 T 0.0 0 10.1 22 320 M M 3 1 26 350
================================================================================
SM 1841 1150 511 0 1.54 0.0 127.4 M 94
================================================================================
AV 59.4 37.1 4.1 FASTST M M 3 MAX(MPH)
MISC ----> # 24 350 # 31 340
================================================================================
NOTES:
# LAST OF SEVERAL OCCURRENCES
COLUMN 17 PEAK WIND IN M.P.H.
PRELIMINARY LOCAL CLIMATOLOGICAL DATA (WS FORM: F-6) , PAGE 2
STATION: SACRAMENTO EXEC. AIRPORT CA
MONTH: DECEMBER
YEAR: 2020
LATITUDE: 38 31 N
LONGITUDE: 121 30 W
[TEMPERATURE DATA] [PRECIPITATION DATA] SYMBOLS USED IN COLUMN 16
AVERAGE MONTHLY: 48.2 TOTAL FOR MONTH: 1.54 1 = FOG OR MIST
DPTR FM NORMAL: 2.0 DPTR FM NORMAL: -1.71 2 = FOG REDUCING VISIBILITY
HIGHEST: 74 ON 7 GRTST 24HR 0.78 ON 13-13 TO 1/4 MILE OR LESS
LOWEST: 32 ON 30,23 3 = THUNDER
SNOW, ICE PELLETS, HAIL 4 = ICE PELLETS
TOTAL MONTH: 0.0 INCH 5 = HAIL
GRTST 24HR 0.0 6 = FREEZING RAIN OR DRIZZLE
GRTST DEPTH: 0 7 = DUSTSTORM OR SANDSTORM:
VSBY 1/2 MILE OR LESS
8 = SMOKE OR HAZE
[NO. OF DAYS WITH] [WEATHER - DAYS WITH] 9 = BLOWING SNOW
X = TORNADO
MAX 32 OR BELOW: 0 0.01 INCH OR MORE: 7
MAX 90 OR ABOVE: 0 0.10 INCH OR MORE: 4
MIN 32 OR BELOW: 3 0.50 INCH OR MORE: 1
MIN 0 OR BELOW: 0 1.00 INCH OR MORE: 0
[HDD (BASE 65) ]
TOTAL THIS MO. 511 CLEAR (SCALE 0-3) 17
DPTR FM NORMAL -73 PTCLDY (SCALE 4-7) 12
TOTAL FM JUL 1 906 CLOUDY (SCALE 8-10) 2
DPTR FM NORMAL -128
[CDD (BASE 65) ]
TOTAL THIS MO. 0
DPTR FM NORMAL 0 [PRESSURE DATA]
TOTAL FM JAN 1 1820 HIGHEST SLP 30.46 ON 19
DPTR FM NORMAL 642 LOWEST SLP 29.71 ON 28
[REMARKS]
#FINAL-12-20#