000
CXUS56 KSTO 020456
CLMSAC
CLIMATE REPORT
NATIONAL WEATHER SERVICE SACRAMENTO
956 PM PDT FRI SEP 01 2023
...................................
...THE SACRAMENTO EXEC AP CLIMATE SUMMARY FOR THE MONTH OF AUGUST 2023...
CLIMATE NORMAL PERIOD: 1991 TO 2020
CLIMATE RECORD PERIOD: 1877 TO 2023
WEATHER OBSERVED NORMAL DEPART LAST YEAR`S
VALUE DATE(S) VALUE FROM VALUE DATE(S)
NORMAL
................................................................
TEMPERATURE (F)
RECORD
HIGH 112 08/16/2020
LOW 46 08/28/1939
HIGHEST 105 08/16 MM MM 106 08/16
LOWEST 57 08/02 MM MM 58 08/26
08/28
AVG. MAXIMUM 93.2 91.9 1.3 94.8
AVG. MINIMUM 61.9 58.8 3.1 61.6
MEAN 77.5 75.3 2.2 78.2
DAYS MAX >= 90 22 19.7 2.3 26
DAYS MAX <= 32 0 0.0 0.0 0
DAYS MAX >= 45 31 31
DAYS MAX >= 120 0 0
DAYS MAX <= 32 0 0
DAYS MIN <= 32 0 0.0 0.0 0
DAYS MIN <= 0 0 0.0 0.0 0
DAYS MIN >= 80 0 0
DAYS MIN <= -20 0 0
DAYS MIN <= 15 0 0
PRECIPITATION (INCHES)
RECORD
MAXIMUM 0.65 1976
MINIMUM 0.00 2022
TOTALS T 0.04 -0.04 0.00
DAILY AVG. T 0.00 -0.00 0.00
DAYS >= .01 0 0.2 -0.2 0
DAYS >= .10 0 0.1 -0.1 0
DAYS >= .50 0 0.0 0.0 0
DAYS >= 1.00 0 0.0 0.0 0
DAYS >= %-5.2F 0 0
DAYS >= %-5.2F 0 0
GREATEST
24 HR. TOTAL T 08/16 TO 08/16 0.00 07/31 TO 07/31
08/20 TO 08/20
08/21 TO 08/21
STORM TOTAL 0.00 0.00
(MM/DD(HH)) MM
SNOWFALL (INCHES)
RECORDS
TOTAL MM MM
24 HR TOTAL MM
TOTALS MM MM MM
LIQUID EQUIV MM MM MM
SINCE 7/1 MM MM MM
LIQUID 7/1 MM
DAYS >= TRACE MM MM MM
DAYS >= 1.0 MM MM MM
GREATEST
SNOW DEPTH MM
24 HR TOTAL MM
STORM TOTAL MM
(MM/DD(HH))
DEGREE DAYS
HEATING TOTAL 0 0 0
SINCE 7/1 0 0 0
COOLING TOTAL 396 321 75
SINCE 1/1 1040 997 43
................................................................
WIND (MPH)
AVERAGE WIND SPEED 5.7
HIGHEST WIND SPEED/DIRECTION 23/240 DATE 08/21
HIGHEST GUST SPEED/DIRECTION 30/240 DATE 08/21
SKY COVER
POSSIBLE SUNSHINE (PERCENT) MM
AVERAGE SKY COVER 0.02
NUMBER OF DAYS FAIR 31
NUMBER OF DAYS PC 0
NUMBER OF DAYS CLOUDY 0
AVERAGE RH (PERCENT) 56
WEATHER CONDITIONS. NUMBER OF DAYS WITH
THUNDERSTORM 0 MIXED PRECIP 0
HEAVY RAIN 0 RAIN 0
LIGHT RAIN 3 FREEZING RAIN 0
LT FREEZING RAIN 0 HAIL 0
HEAVY SNOW 0 SNOW 0
LIGHT SNOW 0 SLEET 0
FOG 0 FOG W/VIS <= 1/4 MILE 0
HAZE 3
- INDICATES NEGATIVE NUMBERS.
R INDICATES RECORD WAS SET OR TIED.
MM INDICATES DATA IS MISSING.
T INDICATES TRACE AMOUNT.
$$