000
CXUS56 KLOX 011155
CF6SBA
PRELIMINARY LOCAL CLIMATOLOGICAL DATA (WS FORM: F-6)
STATION: SANTA BARBARA AIRPORT CA
MONTH: MARCH
YEAR: 2021
LATITUDE: 34 25 N
LONGITUDE: 119 50 W
TEMPERATURE IN F: :PCPN: SNOW: WIND :SUNSHINE: SKY :PK WND
================================================================================
1 2 3 4 5 6A 6B 7 8 9 10 11 12 13 14 15 16 17 18
12Z AVG MX 2MIN
DY MAX MIN AVG DEP HDD CDD WTR SNW DPTH SPD SPD DIR MIN PSBL S-S WX SPD DR
================================================================================
1 68 37 53 -2 12 0 0.00 M M 3.1 12 130 M M 0 14 130
2 66 36 51 -4 14 0 0.00 M M 3.8 14 260 M M 1 23 350
3 59 36 48 -7 17 0 0.01 M M 5.6 20 120 M M 5 29 130
4 62 37 50 -5 15 0 0.00 M M 3.9 12 150 M M 0 14 180
5 67 39 53 -2 12 0 0.00 M M 3.3 14 260 M M 0 18 17 270
6 69 43 56 1 9 0 0.00 M M 7.3 21 320 M M 0 29 290
7 60 47 54 -1 11 0 0.00 M M 5.2 12 270 M M 7 15 250
8 69 47 58 3 7 0 0.00 M M 7.7 25 250 M M 2 8 32 250
9 65 47 56 1 9 0 0.17 M M 9.9 26 260 M M 2 1 34 260
10 58 43 51 -4 14 0 0.59 M M 5.2 18 310 M M 6 1 26 260
11 56 38 47 -8 18 0 T M M 2.7 13 350 M M 3 15 140
12 61 35 48 -7 17 0 0.11 M M 5.4 21 270 M M 2 13 25 270
13 64 43 54 -1 11 0 0.00 M M 10.0 29 250 M M 0 38 240
14 60 40 50 -5 15 0 0.00 M M 4.7 13 250 M M 4 17 230
15 59 44 52 -4 13 0 0.15 M M 12.2 23 310 M M 5 1 41 330
16 59 35 47 -9 18 0 0.00 M M 5.9 12 110 M M 0 M M
17 60 38 49 -7 16 0 0.00 M M 4.2 10 270 M M 1 M M
18 63 47 55 -1 10 0 0.00 M M 5.3 18 270 M M 2 21 260
19 65 45 55 -1 10 0 0.00 M M 5.7 18 260 M M 3 33 280
20 72 54 63 7 2 0 T M M 9.9 24 320 M M 1 30 310
21 72 44 58 2 7 0 0.00 M M 10.9 25 10 M M 0 31 350
22 71 50 61 5 4 0 0.00 M M 11.6 23 300 M M 0 31 310
23 72 49 61 5 4 0 0.00 M M 7.8 23 270 M M 1 30 270
24 67 41 54 -2 11 0 0.00 M M 6.4 18 260 M M 0 24 260
25 65 44 55 -1 10 0 0.00 M M 9.9 21 260 M M 3 35 220
26 63 40 52 -4 13 0 0.00 M M 5.2 14 240 M M 0 17 240
27 72 41 57 1 8 0 0.00 M M 4.2 13 250 M M 0 M M
28 73 41 57 1 8 0 0.00 M M 4.2 16 260 M M 0 1 20 260
29 77 42 60 4 5 0 0.00 M M 4.0 20 360 M M 0 1 26 320
30 64 50 57 1 8 0 0.00 M M 5.5 12 240 M M 1 8 14 230
31 83 43 63 7 2 0 0.00 M M 3.6 14 250 M M 0 18 17 250
================================================================================
SM 2041 1316 330 0 1.03 M 194.2 M 49
================================================================================
AV 65.8 42.5 6.3 FASTST M M 2 MAX(MPH)
MISC ----> 29 250 41 330
================================================================================
NOTES:
# LAST OF SEVERAL OCCURRENCES
COLUMN 17 PEAK WIND IN M.P.H.
PRELIMINARY LOCAL CLIMATOLOGICAL DATA (WS FORM: F-6) , PAGE 2
STATION: SANTA BARBARA AIRPORT CA
MONTH: MARCH
YEAR: 2021
LATITUDE: 34 25 N
LONGITUDE: 119 50 W
[TEMPERATURE DATA] [PRECIPITATION DATA] SYMBOLS USED IN COLUMN 16
AVERAGE MONTHLY: 54.1 TOTAL FOR MONTH: 1.03 1 = FOG OR MIST
DPTR FM NORMAL: -1.4 DPTR FM NORMAL: -2.15 2 = FOG REDUCING VISIBILITY
HIGHEST: 83 ON 31 GRTST 24HR 0.76 ON 9-10 TO 1/4 MILE OR LESS
LOWEST: 35 ON 16,12 3 = THUNDER
SNOW, ICE PELLETS, HAIL 4 = ICE PELLETS
TOTAL MONTH: M 5 = HAIL
GRTST 24HR M ON M 6 = FREEZING RAIN OR DRIZZLE
GRTST DEPTH: M ON M 7 = DUSTSTORM OR SANDSTORM:
VSBY 1/2 MILE OR LESS
8 = SMOKE OR HAZE
[NO. OF DAYS WITH] [WEATHER - DAYS WITH] 9 = BLOWING SNOW
X = TORNADO
MAX 32 OR BELOW: 0 0.01 INCH OR MORE: 5
MAX 90 OR ABOVE: 0 0.10 INCH OR MORE: 4
MIN 32 OR BELOW: 0 0.50 INCH OR MORE: 1
MIN 0 OR BELOW: 0 1.00 INCH OR MORE: 0
[HDD (BASE 65) ]
TOTAL THIS MO. 330 CLEAR (SCALE 0-3) 24
DPTR FM NORMAL 34 PTCLDY (SCALE 4-7) 7
TOTAL FM JUL 1 1666 CLOUDY (SCALE 8-10) 0
DPTR FM NORMAL -230
[CDD (BASE 65) ]
TOTAL THIS MO. 0
DPTR FM NORMAL -2 [PRESSURE DATA]
TOTAL FM JAN 1 0 HIGHEST SLP 30.28 ON 14
DPTR FM NORMAL -2 LOWEST SLP 29.75 ON 3
[REMARKS]
#FINAL-03-21#