000
CXUS53 KMKX 010910
CF6SBM
PRELIMINARY LOCAL CLIMATOLOGICAL DATA (WS FORM: F-6)
STATION: SHEBOYGAN WI
MONTH: NOVEMBER
YEAR: 2020
LATITUDE: 43 46 N
LONGITUDE: 87 51 W
TEMPERATURE IN F: :PCPN: SNOW: WIND :SUNSHINE: SKY :PK WND
================================================================================
1 2 3 4 5 6A 6B 7 8 9 10 11 12 13 14 15 16 17 18
12Z AVG MX 2MIN
DY MAX MIN AVG DEP HDD CDD WTR SNW DPTH SPD SPD DIR MIN PSBL S-S WX SPD DR
================================================================================
1 48 32 40 -2 25 0 T M 0 18.5 33 310 M M 6 53 300
2 54 25 40 -2 25 0 0.00 0.0 0 14.7 31 260 M M 1 39 250
3 71 33 52 10 13 0 0.00 0.0 0 8.8 21 240 M M 0 31 230
4 74 51 63 22 2 0 0.00 0.0 0 11.6 23 230 M M 0 30 220
5 74 48 61 20 4 0 0.00 0.0 0 6.9 14 270 M M 0 18 270
6 74 47 61 21 4 0 0.00 0.0 0 8.7 18 220 M M 0 25 220
7 74 45 60 20 5 0 0.00 0.0 0 8.6 24 220 M M 0 18 32 220
8 68 45 57 18 8 0 0.00 0.0 0 7.9 14 160 M M 2 1 20 170
9 78 58 68 29 0 3 T 0.0 0 11.0 26 200 M M 3 36 210
10 68 40 54 16 11 0 0.40 M 0 12.5 38 250 M M 8 13 51 250
11 45 34 40 2 25 0 0.00 0.0 0 12.7 31 260 M M 4 45 240
12 54 29 42 4 23 0 T M 0 8.7 16 290 M M 3 23 280
13 42 23 33 -4 32 0 0.01 M 0 9.4 21 310 M M 4 1 30 320
14 47 23 35 -2 30 0 0.10 M 0 15.5 28 160 M M 5 18 42 170
15 53 34 44 8 21 0 0.27 M 0 21.1 36 270 M M 10 1 54 290
16 41 30 36 0 29 0 T M M 10.7 23 280 M M 6 8 33 280
17 40 26 33 -2 32 0 0.00 M M 10.3 21 320 M M 1 32 310
18 50 30 40 5 25 0 0.00 M M 11.5 26 180 M M 3 35 180
19 64 46 55 21 10 0 0.00 M M 12.7 24 220 M M 0 31 230
20 58 30 44 10 21 0 0.00 0.0 0 8.9 21 300 M M 0 31 290
21 45 25 35 2 30 0 0.00 0.0 0 2.0 7 110 M M 0 10 340
22 45 25 35 2 30 0 T 0.0 0 4.6 17 280 M M 6 18 24 280
23 45 25 35 3 30 0 0.00 M M 5.2 16 300 M M 3 27 290
24 44 26 35 3 30 0 0.76 M M 9.1 16 140 M M 10 18 26 140
25 45 41 43 12 22 0 0.14 M M 7.1 16 40 M M 10 128 20 40
26 48 42 45 14 20 0 0.00 M M 9.1 16 220 M M 9 1 23 250
27 43 32 38 8 27 0 0.00 M M 8.1 17 290 M M 5 25 270
28 54 28 41 11 24 0 0.00 M M 10.7 17 220 M M 0 23 230
29 49 36 43 13 22 0 0.00 M M 11.5 21 320 M M 4 30 330
30 36 30 33 4 32 0 0.00 M M 14.5 23 340 M M 10 33 350
================================================================================
SM 1631 1039 612 3 1.68 0.0 312.6 M 113
================================================================================
AV 54.4 34.6 10.4 FASTST M M 4 MAX(MPH)
MISC ----> 38 250 54 290
================================================================================
NOTES:
# LAST OF SEVERAL OCCURRENCES
COLUMN 17 PEAK WIND IN M.P.H.
PRELIMINARY LOCAL CLIMATOLOGICAL DATA (WS FORM: F-6) , PAGE 2
STATION: SHEBOYGAN WI
MONTH: NOVEMBER
YEAR: 2020
LATITUDE: 43 46 N
LONGITUDE: 87 51 W
[TEMPERATURE DATA] [PRECIPITATION DATA] SYMBOLS USED IN COLUMN 16
AVERAGE MONTHLY: 44.5 TOTAL FOR MONTH: 1.68 1 = FOG OR MIST
DPTR FM NORMAL: 8.6 DPTR FM NORMAL: -0.56 2 = FOG REDUCING VISIBILITY
HIGHEST: 78 ON 9 GRTST 24HR 0.77 ON 24-25 TO 1/4 MILE OR LESS
LOWEST: 23 ON 14,13 3 = THUNDER
SNOW, ICE PELLETS, HAIL 4 = ICE PELLETS
TOTAL MONTH: 0.0 INCH 5 = HAIL
GRTST 24HR 0.0 6 = FREEZING RAIN OR DRIZZLE
GRTST DEPTH: 0 7 = DUSTSTORM OR SANDSTORM:
VSBY 1/2 MILE OR LESS
8 = SMOKE OR HAZE
[NO. OF DAYS WITH] [WEATHER - DAYS WITH] 9 = BLOWING SNOW
X = TORNADO
MAX 32 OR BELOW: 0 0.01 INCH OR MORE: 6
MAX 90 OR ABOVE: 0 0.10 INCH OR MORE: 5
MIN 32 OR BELOW: 16 0.50 INCH OR MORE: 1
MIN 0 OR BELOW: 0 1.00 INCH OR MORE: 0
[HDD (BASE 65) ]
TOTAL THIS MO. 612 CLEAR (SCALE 0-3) 16
DPTR FM NORMAL -263 PTCLDY (SCALE 4-7) 9
TOTAL FM JUL 1 1351 CLOUDY (SCALE 8-10) 5
DPTR FM NORMAL -287
[CDD (BASE 65) ]
TOTAL THIS MO. 3
DPTR FM NORMAL 3 [PRESSURE DATA]
TOTAL FM JAN 1 713 HIGHEST SLP 30.58 ON 21
DPTR FM NORMAL 319 LOWEST SLP 29.12 ON 15
[REMARKS]
#FINAL-11-20#