000
CXUS53 KMKX 010910
CF6SBM
PRELIMINARY LOCAL CLIMATOLOGICAL DATA (WS FORM: F-6)
STATION: SHEBOYGAN WI
MONTH: JUNE
YEAR: 2020
LATITUDE: 43 46 N
LONGITUDE: 87 51 W
TEMPERATURE IN F: :PCPN: SNOW: WIND :SUNSHINE: SKY :PK WND
================================================================================
1 2 3 4 5 6A 6B 7 8 9 10 11 12 13 14 15 16 17 18
12Z AVG MX 2MIN
DY MAX MIN AVG DEP HDD CDD WTR SNW DPTH SPD SPD DIR MIN PSBL S-S WX SPD DR
================================================================================
1 70 46 58 -1 7 0 0.01 M 0 8.2 20 200 M M 5 27 200
2 94 59 77 17 0 12 0.69 0.0 0 11.7 43 300 M M 1 138 65 300
3 86 66 76 16 0 11 T 0.0 0 8.4 26 320 M M 1 39 330
4 79 61 70 10 0 5 0.00 0.0 0 6.1 14 40 M M 1 20 30
5 83 58 71 10 0 6 0.11 0.0 0 4.7 18 280 M M 3 138 32 280
6 72 52 62 1 3 0 0.00 0.0 0 10.4 20 40 M M 0 24 70
7 70 52 61 -1 4 0 0.00 0.0 0 6.7 13 60 M M 1 17 50
8 80 52 66 4 0 1 0.00 0.0 0 8.1 18 170 M M 0 28 180
9 78 58 68 6 0 3 0.56 0.0 0 9.3 28 200 M M 4 1 41 180
10 80 62 71 8 0 6 1.49 0.0 0 13.5 35 230 M M 5 13 48 230
11 78 50 64 1 1 0 0.10 0.0 0 12.0 26 290 M M 0 3 50 290
12 57 48 53 -11 12 0 0.00 0.0 0 8.7 15 40 M M 3 19 60
13 63 46 55 -9 10 0 0.00 0.0 0 11.0 20 50 M M 0 25 60
14 68 42 55 -9 10 0 0.00 0.0 0 6.1 13 100 M M 0 18 70
15 71 43 57 -8 8 0 0.00 0.0 0 4.7 14 140 M M 0 20 140
16 79 47 63 -2 2 0 0.00 0.0 0 6.2 17 170 M M 0 23 150
17 84 56 70 5 0 5 0.00 0.0 M 5.6 15 170 M M 0 21 170
18 85 56 71 5 0 6 0.00 0.0 0 5.0 15 150 M M 1 1 22 180
19 89 61 75 9 0 10 0.00 0.0 0 4.6 15 170 M M 0 21 160
20 83 64 74 8 0 9 0.62 0.0 0 4.3 22 210 M M 6 138 33 210
21 82 65 74 7 0 9 0.00 0.0 0 8.1 15 280 M M 1 21 280
22 75 64 70 3 0 5 0.46 0.0 0 3.6 7 200 M M 8 1 M M
23 76 58 67 0 0 2 0.18 M M 10.3 25 350 M M M 1 35 350
24 76 52 64 -3 1 0 0.18 M M 6.2 18 360 M M 5 3 30 20
25 81 57 69 1 0 4 0.00 0.0 0 6.6 15 240 M M 1 19 270
26 82 61 72 4 0 7 0.18 0.0 0 6.2 20 240 M M 5 1 27 230
27 87 63 75 7 0 10 0.00 0.0 0 6.1 15 270 M M 0 1 21 280
28 82 60 71 3 0 6 0.00 0.0 0 4.6 14 180 M M 1 128 18 180
29 85 62 74 6 0 9 T 0.0 0 5.8 16 180 M M 1 27 130
30 84 65 75 6 0 10 0.00 0.0 0 5.1 12 80 M M 0 1 17 140
================================================================================
SM 2359 1686 58 136 4.58 0.0 217.9 M 53
================================================================================
AV 78.6 56.2 7.3 FASTST M M 2 MAX(MPH)
MISC ----> # 43 300 # 65 300
================================================================================
NOTES:
# LAST OF SEVERAL OCCURRENCES
COLUMN 17 PEAK WIND IN M.P.H.
PRELIMINARY LOCAL CLIMATOLOGICAL DATA (WS FORM: F-6) , PAGE 2
STATION: SHEBOYGAN WI
MONTH: JUNE
YEAR: 2020
LATITUDE: 43 46 N
LONGITUDE: 87 51 W
[TEMPERATURE DATA] [PRECIPITATION DATA] SYMBOLS USED IN COLUMN 16
AVERAGE MONTHLY: 67.4 TOTAL FOR MONTH: 4.58 1 = FOG OR MIST
DPTR FM NORMAL: 2.9 DPTR FM NORMAL: 0.74 2 = FOG REDUCING VISIBILITY
HIGHEST: 94 ON 2 GRTST 24HR 1.49 ON 10-10 TO 1/4 MILE OR LESS
LOWEST: 42 ON 14 3 = THUNDER
SNOW, ICE PELLETS, HAIL 4 = ICE PELLETS
TOTAL MONTH: 0.0 INCH 5 = HAIL
GRTST 24HR 0.0 6 = FREEZING RAIN OR DRIZZLE
GRTST DEPTH: 0 7 = DUSTSTORM OR SANDSTORM:
VSBY 1/2 MILE OR LESS
8 = SMOKE OR HAZE
[NO. OF DAYS WITH] [WEATHER - DAYS WITH] 9 = BLOWING SNOW
X = TORNADO
MAX 32 OR BELOW: 0 0.01 INCH OR MORE: 11
MAX 90 OR ABOVE: 1 0.10 INCH OR MORE: 10
MIN 32 OR BELOW: 0 0.50 INCH OR MORE: 4
MIN 0 OR BELOW: 0 1.00 INCH OR MORE: 1
[HDD (BASE 65) ]
TOTAL THIS MO. 58 CLEAR (SCALE 0-3) 21
DPTR FM NORMAL -36 PTCLDY (SCALE 4-7) 8
TOTAL FM JUL 1 7155 CLOUDY (SCALE 8-10) 0
DPTR FM NORMAL -487
[CDD (BASE 65) ]
TOTAL THIS MO. 136
DPTR FM NORMAL 57 [PRESSURE DATA]
TOTAL FM JAN 1 169 HIGHEST SLP 30.46 ON 14
DPTR FM NORMAL 80 LOWEST SLP 29.22 ON 9
[REMARKS]
#FINAL-06-20#