000
CXUS53 KIWX 010810
CF6SBN
PRELIMINARY LOCAL CLIMATOLOGICAL DATA (WS FORM: F-6)
STATION: SOUTH BEND
MONTH: OCTOBER
YEAR: 2021
LATITUDE: 41 42 N
LONGITUDE: 86 19 W
TEMPERATURE IN F: :PCPN: SNOW: WIND :SUNSHINE: SKY :PK WND
================================================================================
1 2 3 4 5 6A 6B 7 8 9 10 11 12 13 14 15 16 17 18
12Z AVG MX 2MIN
DY MAX MIN AVG DEP HDD CDD WTR SNW DPTH SPD SPD DIR MIN PSBL S-S WX SPD DR
================================================================================
1 83 55 69 11 0 4 0.00 0.0 0 5.6 12 170 M M 0 17 160
2 76 60 68 10 0 3 0.47 0.0 0 7.2 16 210 M M 6 1 28 170
3 73 65 69 12 0 4 0.13 0.0 0 5.2 13 210 M M 9 123 16 270
4 73 62 68 11 0 3 0.15 0.0 0 7.2 15 330 M M 10 1 19 320
5 74 63 69 13 0 4 0.00 0.0 0 6.9 13 90 M M 7 1 18 80
6 73 63 68 12 0 3 T 0.0 0 8.9 16 100 M M 9 21 100
7 78 66 72 16 0 7 0.14 0.0 0 7.7 15 120 M M 9 1 19 130
8 76 59 68 13 0 3 0.27 0.0 0 3.5 22 250 M M 7 13 27 230
9 80 59 70 15 0 5 0.00 0.0 0 5.6 14 160 M M 5 1 20 140
10 83 70 77 23 0 12 T 0.0 0 10.5 18 210 M M 2 3 25 200
11 82 64 73 19 0 8 0.82 0.0 0 11.8 23 230 M M 4 13 36 230
12 66 55 61 7 4 0 0.02 0.0 0 10.5 21 230 M M 9 1 29 210
13 77 51 64 11 1 0 0.09 0.0 0 6.3 16 160 M M 3 12 23 170
14 73 59 66 13 0 1 0.01 0.0 0 7.5 17 300 M M 8 1 24 300
15 63 53 58 6 7 0 0.32 0.0 0 4.6 14 340 M M 10 1 19 330
16 57 48 53 1 12 0 T 0.0 0 10.3 23 290 M M 7 32 320
17 64 42 53 1 12 0 0.00 0.0 0 8.3 22 280 M M 1 27 280
18 72 42 57 6 8 0 0.00 0.0 0 2.1 12 260 M M 0 18 260
19 74 48 61 10 4 0 0.00 0.0 0 6.5 15 220 M M 0 21 210
20 72 47 60 10 5 0 0.01 0.0 0 9.0 23 180 M M 2 3 30 180
21 63 49 56 6 9 0 0.09 0.0 0 12.1 22 260 M M 9 13 28 260
22 51 37 44 -6 21 0 T 0.0 0 3.4 13 30 M M 8 17 30
23 55 36 46 -3 19 0 0.05 0.0 0 3.8 16 300 M M 5 18 20 290
24 48 33 41 -8 24 0 1.60 0.0 0 7.8 25 90 M M 7 13 39 80
25 49 43 46 -2 19 0 1.12 0.0 0 13.6 22 40 M M 10 1 35 90
26 55 34 45 -3 20 0 0.00 0.0 0 7.8 21 350 M M 1 28 350
27 56 31 44 -4 21 0 0.00 0.0 0 5.7 23 130 M M 1 1 31 120
28 59 49 54 7 11 0 0.16 0.0 0 10.4 21 110 M M 10 1 27 70
29 56 52 54 7 11 0 0.50 0.0 0 9.1 16 20 M M 10 1 23 20
30 54 45 50 4 15 0 0.08 0.0 0 9.0 16 20 M M 10 1 23 20
31 55 40 48 2 17 0 0.00 0.0 0 9.7 22 320 M M 6 12 34 310
================================================================================
SM 2070 1580 240 57 6.03 0.0 237.6 M 185
================================================================================
AV 66.8 51.0 7.7 FASTST M M 6 MAX(MPH)
MISC ----> 25 90 39 80
================================================================================
NOTES:
# LAST OF SEVERAL OCCURRENCES
COLUMN 17 PEAK WIND IN M.P.H.
PRELIMINARY LOCAL CLIMATOLOGICAL DATA (WS FORM: F-6) , PAGE 2
STATION: SOUTH BEND
MONTH: OCTOBER
YEAR: 2021
LATITUDE: 41 42 N
LONGITUDE: 86 19 W
[TEMPERATURE DATA] [PRECIPITATION DATA] SYMBOLS USED IN COLUMN 16
AVERAGE MONTHLY: 58.9 TOTAL FOR MONTH: 6.03 1 = FOG OR MIST
DPTR FM NORMAL: 6.9 DPTR FM NORMAL: 2.31 2 = FOG REDUCING VISIBILITY
HIGHEST: 83 ON 10, 1 GRTST 24HR 2.60 ON 24-25 TO 1/4 MILE OR LESS
LOWEST: 31 ON 27 3 = THUNDER
SNOW, ICE PELLETS, HAIL 4 = ICE PELLETS
TOTAL MONTH: 0.0 INCH 5 = HAIL
GRTST 24HR 0.0 6 = FREEZING RAIN OR DRIZZLE
GRTST DEPTH: 0 7 = DUSTSTORM OR SANDSTORM:
VSBY 1/2 MILE OR LESS
8 = SMOKE OR HAZE
[NO. OF DAYS WITH] [WEATHER - DAYS WITH] 9 = BLOWING SNOW
X = TORNADO
MAX 32 OR BELOW: 0 0.01 INCH OR MORE: 18
MAX 90 OR ABOVE: 0 0.10 INCH OR MORE: 11
MIN 32 OR BELOW: 1 0.50 INCH OR MORE: 4
MIN 0 OR BELOW: 0 1.00 INCH OR MORE: 2
[HDD (BASE 65) ]
TOTAL THIS MO. 240 CLEAR (SCALE 0-3) 8
DPTR FM NORMAL -174 PTCLDY (SCALE 4-7) 12
TOTAL FM JUL 1 267 CLOUDY (SCALE 8-10) 11
DPTR FM NORMAL -284
[CDD (BASE 65) ]
TOTAL THIS MO. 57
DPTR FM NORMAL 48 [PRESSURE DATA]
TOTAL FM JAN 1 1167 HIGHEST SLP 30.28 ON 6
DPTR FM NORMAL 444 LOWEST SLP 29.50 ON 29
[REMARKS]
#FINAL-10-21#