000
CXUS53 KLMK 010909 CCA
CLMSDF
CLIMATE REPORT
NATIONAL WEATHER SERVICE LOUISVILLE KY
457 AM EDT FRI SEP 01 2023
COR TO SKY COVER
...................................
...THE LOUISVILLE KY CLIMATE SUMMARY FOR THE MONTH OF AUGUST 2023...
CLIMATE NORMAL PERIOD 1991 TO 2020
CLIMATE RECORD PERIOD 1871 TO 2023
WEATHER OBSERVED NORMAL DEPART LAST YEAR`S
VALUE DATE(S) VALUE FROM VALUE DATE(S)
NORMAL
................................................................
TEMPERATURE (F)
RECORD
HIGH 105 08/16/2007
08/05/1918
08/12/1881
LOW 45 08/31/1946
HIGHEST 99 08/25 MM MM 94 08/03
08/28
LOWEST 58 08/31 MM MM 62 08/13
AVG. MAXIMUM 87.3 88.4 -1.1 87.9
AVG. MINIMUM 69.4 69.5 -0.1 70.2
MEAN 78.3 78.9 -0.6 79.1
DAYS MAX >= 90 10 12.6 -2.6 9
DAYS MAX <= 32 0 0.0 0.0 0
DAYS MIN <= 32 0 0.0 0.0 0
DAYS MIN <= 0 0 0.0 0.0 0
PRECIPITATION (INCHES)
RECORD
MAXIMUM 10.53 1888
MINIMUM 0.15 1881
TOTALS 3.54 3.71 -0.17 4.69
DAILY AVG. 0.11 0.12 -0.01 0.15
DAYS >= .01 11 8.2 2.8 10
DAYS >= .10 8 5.4 2.6 9
DAYS >= .50 4 2.6 1.4 3
DAYS >= 1.00 0 1.1 -1.1 1
GREATEST
24 HR. TOTAL 0.88 08/25 TO 08/26
SNOWFALL (INCHES)
RECORDS
TOTAL MM 5
TOTALS 0.0 0.0 0.0 0.0
SINCE 7/1 0.0 0.0 0.0 MM
SNOWDEPTH AVG. 0 0
DAYS >= 1.0 0 0.0 0.0 0
GREATEST
SNOW DEPTH 0 0 MM
DEGREE DAYS
HEATING TOTAL 0 0 0 0
SINCE 7/1 0 0 0 MM
COOLING TOTAL 422 433 -11 441
SINCE 1/1 1365 1454 -89 MM
................................................................
WIND (MPH)
AVERAGE WIND SPEED 7.1
RESULTANT WIND SPEED/DIRECTION 1/250
HIGHEST WIND SPEED/DIRECTION 32/310 DATE 08/26
HIGHEST GUST SPEED/DIRECTION 52/020 DATE 08/25
SKY COVER
POSSIBLE SUNSHINE (PERCENT) MM
AVERAGE SKY COVER 0.54
NUMBER OF DAYS FAIR 7
NUMBER OF DAYS PC 18
NUMBER OF DAYS CLOUDY 6
AVERAGE RH (PERCENT) 67
WEATHER CONDITIONS. NUMBER OF DAYS WITH
THUNDERSTORM 5 MIXED PRECIP 0
HEAVY RAIN 7 RAIN 4
LIGHT RAIN 12 FREEZING RAIN 0
LT FREEZING RAIN 0 HAIL 0
HEAVY SNOW 0 SNOW 0
LIGHT SNOW 0 SLEET 0
FOG 7 FOG W/VIS <= 1/4 MILE 1
HAZE 4
- INDICATES NEGATIVE NUMBERS.
R INDICATES RECORD WAS SET OR TIED.
MM INDICATES DATA IS MISSING.
T INDICATES TRACE AMOUNT.
$$