000
CXUS56 KSGX 011145
CF6SDM
PRELIMINARY LOCAL CLIMATOLOGICAL DATA (WS FORM: F-6)
STATION: SAN DIEGO/BROWN
MONTH: FEBRUARY
YEAR: 2022
LATITUDE: 32 34 N
LONGITUDE: 116 59 W
TEMPERATURE IN F: :PCPN: SNOW: WIND :SUNSHINE: SKY :PK WND
================================================================================
1 2 3 4 5 6A 6B 7 8 9 10 11 12 13 14 15 16 17 18
12Z AVG MX 2MIN
DY MAX MIN AVG DEP HDD CDD WTR SNW DPTH SPD SPD DIR MIN PSBL S-S WX SPD DR
================================================================================
1 62 47 55 -1 10 0 0.00 M M 6.8 15 190 M M 7 18 18 210
2 65 42 54 -2 11 0 0.00 M M 4.6 12 270 M M 3 18 15 290
3 66 34 50 -6 15 0 0.00 M M 4.4 10 280 M M 0 14 280
4 70 41 56 0 9 0 0.00 M M 7.0 22 120 M M 0 26 110
5 71 42 57 1 8 0 0.00 M M 4.0 10 70 M M 0 15 300
6 78 36 57 1 8 0 0.00 M M 5.8 12 160 M M 0 15 290
7 77 44 61 5 4 0 0.00 M M 4.6 12 280 M M 0 16 300
8 79 41 60 4 5 0 0.00 M M 4.1 12 350 M M 0 15 270
9 85 46 66 10 0 1 0.00 M M 5.9 12 250 M M 0 8 16 280
10 82 48 65 9 0 0 0.00 M M 5.0 14 270 M M 0 19 280
11 85 49 67 11 0 2 0.00 M M 5.6 12 130 M M 0 15 270
12 90 48 69 13 0 4 0.00 M M 7.3 20 120 M M 0 24 130
13 88 52 70 14 0 5 0.00 M M 6.8 16 120 M M 0 21 120
14 82 46 64 8 1 0 0.00 M M 5.7 16 270 M M 1 18 20 280
15 57 47 52 -4 13 0 0.19 M M 10.6 23 240 M M 9 138 28 260
16 63 39 51 -5 14 0 0.23 M M 5.7 17 260 M M 3 13 23 250
17 73 41 57 1 8 0 0.00 M M 4.8 20 110 M M 0 18 27 80
18 73 39 56 0 9 0 0.00 M M 5.1 14 280 M M 0 19 260
19 73 37 55 -1 10 0 0.00 M M 5.1 15 260 M M 1 12 19 260
20 64 46 55 -1 10 0 0.00 M M 4.0 15 270 M M 6 128 19 270
21 61 50 56 0 9 0 0.04 M M 8.0 18 260 M M 9 1 26 280
22 58 48 53 -3 12 0 0.54 M M 9.2 18 220 M M 9 1 25 220
23 55 45 50 -6 15 0 0.33 M M 9.9 22 280 M M 8 1 30 270
24 63 36 50 -6 15 0 0.00 M M 5.4 16 280 M M 0 22 280
25 61 35 48 -8 17 0 0.00 M M 5.1 15 280 M M 0 22 270
26 72 36 54 -2 11 0 0.00 M M 4.3 15 270 M M 0 19 290
27 75 41 58 2 7 0 0.00 M M 4.4 12 280 M M 0 15 270
28 77 40 59 3 6 0 0.00 M M 4.7 10 290 M M 0 8 16 290
================================================================================
SM 2005 1196 227 12 1.33 M 163.9 M 56
================================================================================
AV 71.6 42.7 5.9 FASTST M M 2 MAX(MPH)
MISC ----> 23 240 30 270
================================================================================
NOTES:
# LAST OF SEVERAL OCCURRENCES
COLUMN 17 PEAK WIND IN M.P.H.
PRELIMINARY LOCAL CLIMATOLOGICAL DATA (WS FORM: F-6) , PAGE 2
STATION: SAN DIEGO/BROWN
MONTH: FEBRUARY
YEAR: 2022
LATITUDE: 32 34 N
LONGITUDE: 116 59 W
[TEMPERATURE DATA] [PRECIPITATION DATA] SYMBOLS USED IN COLUMN 16
AVERAGE MONTHLY: 57.2 TOTAL FOR MONTH: 1.33 1 = FOG OR MIST
DPTR FM NORMAL: 1.4 DPTR FM NORMAL: -1.06 2 = FOG REDUCING VISIBILITY
HIGHEST: 90 ON 12 GRTST 24HR 0.87 ON 22-23 TO 1/4 MILE OR LESS
LOWEST: 34 ON 3 3 = THUNDER
SNOW, ICE PELLETS, HAIL 4 = ICE PELLETS
TOTAL MONTH: M 5 = HAIL
GRTST 24HR M ON M 6 = FREEZING RAIN OR DRIZZLE
GRTST DEPTH: M ON M 7 = DUSTSTORM OR SANDSTORM:
VSBY 1/2 MILE OR LESS
8 = SMOKE OR HAZE
[NO. OF DAYS WITH] [WEATHER - DAYS WITH] 9 = BLOWING SNOW
X = TORNADO
MAX 32 OR BELOW: 0 0.01 INCH OR MORE: 5
MAX 90 OR ABOVE: 1 0.10 INCH OR MORE: 4
MIN 32 OR BELOW: 0 0.50 INCH OR MORE: 1
MIN 0 OR BELOW: 0 1.00 INCH OR MORE: 0
[HDD (BASE 65) ]
TOTAL THIS MO. 227 CLEAR (SCALE 0-3) 22
DPTR FM NORMAL -35 PTCLDY (SCALE 4-7) 2
TOTAL FM JUL 1 941 CLOUDY (SCALE 8-10) 4
DPTR FM NORMAL -143
[CDD (BASE 65) ]
TOTAL THIS MO. 12
DPTR FM NORMAL 8 [PRESSURE DATA]
TOTAL FM JAN 1 12 HIGHEST SLP 30.34 ON 4
DPTR FM NORMAL 8 LOWEST SLP 29.81 ON 1
[REMARKS]
#FINAL-02-22#