000
CXUS53 KLSX 011400
CF6SET
PRELIMINARY LOCAL CLIMATOLOGICAL DATA (WS FORM: F-6)
STATION: ST_CHARLES MO
MONTH: AUGUST
YEAR: 2022
LATITUDE: 38 55 N
LONGITUDE: 90 26 W
TEMPERATURE IN F: :PCPN: SNOW: WIND :SUNSHINE: SKY :PK WND
================================================================================
1 2 3 4 5 6A 6B 7 8 9 10 11 12 13 14 15 16 17 18
12Z AVG MX 2MIN
DY MAX MIN AVG DEP HDD CDD WTR SNW DPTH SPD SPD DIR MIN PSBL S-S WX SPD DR
================================================================================
1 96 74 85 7 0 20 0.00 0.0 0 4.6 14 230 M M 1 18 21 230
2 88 75 82 4 0 17 0.00 0.0 0 7.8 25 100 M M 1 18 34 110
3 97 73 85 7 0 20 3.44 0.0 0 6.4 36 260 M M 3 13 52 270
4 87 73 80 2 0 15 0.01 0.0 0 3.7 12 100 M M 6 3 15 100
5 89 73 81 3 0 16 0.00 0.0 0 5.3 12 100 M M 4 12 15 110
6 94 74 84 6 0 19 0.00 0.0 0 6.6 12 180 M M 0 1 18 210
7 96 75 86 8 0 21 0.00 0.0 0 4.3 12 200 M M 0 17 180
8 89 75 82 4 0 17 0.00 0.0 0 4.6 15 360 M M 2 19 360
9 81 68 75 -3 0 10 0.70 0.0 0 4.7 18 290 M M 7 138 25 290
10 83 65 74 -4 0 9 0.00 0.0 0 3.8 12 10 M M 2 12 15 70
11 86 61 74 -4 0 9 0.00 0.0 0 2.7 14 70 M M 2 12 17 80
12 83 63 73 -5 0 8 0.00 0.0 0 6.5 14 70 M M 1 19 90
13 88 62 75 -3 0 10 0.00 0.0 0 5.3 13 190 M M 0 17 190
14 83 70 77 -1 0 12 0.00 0.0 0 6.3 13 10 M M 4 19 20
15 80 67 74 -3 0 9 0.00 0.0 0 6.3 14 50 M M 4 18 40
16 81 66 74 -3 0 9 0.21 0.0 0 2.3 12 60 M M 7 1 15 50
17 84 63 74 -3 0 9 0.00 0.0 0 5.8 14 50 M M 0 18 60
18 85 60 73 -4 0 8 0.00 0.0 0 1.1 7 280 M M 1 1 10 260
19 87 61 74 -3 0 9 T 0.0 0 5.4 15 230 M M 0 1 20 210
20 87 68 78 1 0 13 0.17 0.0 0 4.7 15 290 M M 4 22 300
21 82 65 74 -2 0 9 0.00 0.0 0 5.9 15 340 M M 3 20 340
22 85 64 75 -1 0 10 0.00 0.0 0 3.1 9 300 M M 1 1 14 360
23 86 61 74 -2 0 9 0.00 0.0 0 1.9 9 70 M M 1 128 13 70
24 87 63 75 -1 0 10 0.00 0.0 0 1.6 8 60 M M 2 128 11 60
25 89 63 76 0 0 11 T 0.0 0 4.1 18 20 M M 2 1238 26 350
26 89 67 78 3 0 13 0.00 0.0 0 2.4 10 300 M M 1 1 14 300
27 90 66 78 3 0 13 0.00 0.0 0 5.6 13 90 M M 1 1 16 110
28 94 68 81 6 0 16 0.35 0.0 0 6.5 23 290 M M 2 13 32 290
29 94 70 82 7 0 17 0.00 0.0 0 5.5 18 240 M M 4 13 27 240
30 87 62 75 1 0 10 0.00 0.0 0 4.8 17 310 M M 2 1 22 300
31 85 56 71 -3 0 6 0.00 0.0 0 1.8 9 310 M M 1 12 14 260
================================================================================
SM 2712 2071 0 384 4.88 0.0 141.4 M 69
================================================================================
AV 87.5 66.8 4.6 FASTST M M 2 MAX(MPH)
MISC ----> 36 260 52 270
================================================================================
NOTES:
# LAST OF SEVERAL OCCURRENCES
COLUMN 17 PEAK WIND IN M.P.H.
PRELIMINARY LOCAL CLIMATOLOGICAL DATA (WS FORM: F-6) , PAGE 2
STATION: ST_CHARLES MO
MONTH: AUGUST
YEAR: 2022
LATITUDE: 38 55 N
LONGITUDE: 90 26 W
[TEMPERATURE DATA] [PRECIPITATION DATA] SYMBOLS USED IN COLUMN 16
AVERAGE MONTHLY: 77.1 TOTAL FOR MONTH: 4.88 1 = FOG OR MIST
DPTR FM NORMAL: 0.2 DPTR FM NORMAL: 1.20 2 = FOG REDUCING VISIBILITY
HIGHEST: 97 ON 3 GRTST 24HR 3.45 ON 3- 4 TO 1/4 MILE OR LESS
LOWEST: 56 ON 31 3 = THUNDER
SNOW, ICE PELLETS, HAIL 4 = ICE PELLETS
TOTAL MONTH: 0.0 INCH 5 = HAIL
GRTST 24HR 0.0 6 = FREEZING RAIN OR DRIZZLE
GRTST DEPTH: 0 7 = DUSTSTORM OR SANDSTORM:
VSBY 1/2 MILE OR LESS
8 = SMOKE OR HAZE
[NO. OF DAYS WITH] [WEATHER - DAYS WITH] 9 = BLOWING SNOW
X = TORNADO
MAX 32 OR BELOW: 0 0.01 INCH OR MORE: 6
MAX 90 OR ABOVE: 7 0.10 INCH OR MORE: 5
MIN 32 OR BELOW: 0 0.50 INCH OR MORE: 2
MIN 0 OR BELOW: 0 1.00 INCH OR MORE: 1
[HDD (BASE 65) ]
TOTAL THIS MO. 0 CLEAR (SCALE 0-3) 23
DPTR FM NORMAL -1 PTCLDY (SCALE 4-7) 8
TOTAL FM JUL 1 0 CLOUDY (SCALE 8-10) 0
DPTR FM NORMAL 0
[CDD (BASE 65) ]
TOTAL THIS MO. 384
DPTR FM NORMAL 14 [PRESSURE DATA]
TOTAL FM JAN 1 1435 HIGHEST SLP 30.20 ON 12
DPTR FM NORMAL 170 LOWEST SLP 29.77 ON 28
[REMARKS]
#FINAL-08-22#