000
CXUS53 KLSX 011400
CF6SET
PRELIMINARY LOCAL CLIMATOLOGICAL DATA (WS FORM: F-6)
STATION: ST_CHARLES MO
MONTH: APRIL
YEAR: 2022
LATITUDE: 38 55 N
LONGITUDE: 90 26 W
TEMPERATURE IN F: :PCPN: SNOW: WIND :SUNSHINE: SKY :PK WND
================================================================================
1 2 3 4 5 6A 6B 7 8 9 10 11 12 13 14 15 16 17 18
12Z AVG MX 2MIN
DY MAX MIN AVG DEP HDD CDD WTR SNW DPTH SPD SPD DIR MIN PSBL S-S WX SPD DR
================================================================================
1 51 33 42 -9 23 0 0.00 0.0 0 7.1 17 300 M M 3 21 290
2 64 35 50 -2 15 0 0.00 0.0 0 10.8 31 300 M M 3 43 310
3 66 34 50 -2 15 0 T 0.0 0 5.4 16 160 M M 2 12 23 160
4 64 48 56 4 9 0 0.05 0.0 0 8.1 14 30 M M 3 19 160
5 69 48 59 6 6 0 0.46 0.0 0 10.5 26 300 M M 7 1 38 310
6 63 45 54 1 11 0 0.10 0.0 0 15.8 30 270 M M 7 47 290
7 52 39 46 -8 19 0 0.02 0.0 0 16.3 31 290 M M 7 45 310
8 43 35 39 -15 26 0 0.04 M M 15.0 24 300 M M 10 31 280
9 58 34 46 -8 19 0 0.00 0.0 0 7.9 20 280 M M 2 26 280
10 78 36 57 2 8 0 0.00 0.0 0 16.2 31 150 M M 2 49 190
11 68 48 58 3 7 0 0.12 0.0 0 4.5 17 300 M M 7 1 24 350
12 77 44 61 5 4 0 0.00 0.0 0 13.7 28 180 M M 6 1 40 170
13 72 38 55 -1 10 0 0.88 0.0 0 14.9 31 220 M M 7 138 41 220
14 62 33 48 -8 17 0 0.00 0.0 0 10.5 30 250 M M 0 44 250
15 69 38 54 -3 11 0 0.01 0.0 0 8.6 26 220 M M 3 34 220
16 59 39 49 -8 16 0 0.00 0.0 0 10.2 17 340 M M 0 26 350
17 51 39 45 -12 20 0 0.40 0.0 0 11.7 22 80 M M 6 1 26 80
18 53 38 46 -12 19 0 0.00 0.0 0 14.4 31 300 M M 5 8 41 300
19 57 34 46 -12 19 0 T 0.0 0 7.7 17 150 M M 2 23 180
20 64 46 55 -3 10 0 0.32 0.0 0 14.0 30 170 M M 10 1 44 190
21 74 53 64 5 1 0 0.04 0.0 0 6.2 18 110 M M 5 13 24 100
22 85 61 73 14 0 8 0.03 0.0 0 13.8 25 170 M M 5 1 35 160
23 86 60 73 14 0 8 0.00 0.0 0 18.3 31 160 M M 0 42 150
24 77 58 68 8 0 3 0.74 0.0 0 11.6 24 200 M M 8 138 34 190
25 59 42 51 -9 14 0 0.02 0.0 0 10.8 20 300 M M 5 27 290
26 61 38 50 -10 15 0 0.00 0.0 0 7.2 18 290 M M 0 26 300
27 76 39 58 -3 7 0 0.00 0.0 0 9.1 20 240 M M 0 28 220
28 70 54 62 1 3 0 0.08 0.0 0 6.5 15 180 M M 9 20 170
29 66 55 61 0 4 0 0.18 0.0 0 12.9 30 80 M M 7 3 37 80
30 82 58 70 8 0 5 0.06 0.0 0 15.6 28 170 M M 4 3 36 170
================================================================================
SM 1976 1302 328 24 3.55 0.0 335.3 M 135
================================================================================
AV 65.9 43.4 11.2 FASTST M M 5 MAX(MPH)
MISC ----> # 31 300 49 190
================================================================================
NOTES:
# LAST OF SEVERAL OCCURRENCES
COLUMN 17 PEAK WIND IN M.P.H.
PRELIMINARY LOCAL CLIMATOLOGICAL DATA (WS FORM: F-6) , PAGE 2
STATION: ST_CHARLES MO
MONTH: APRIL
YEAR: 2022
LATITUDE: 38 55 N
LONGITUDE: 90 26 W
[TEMPERATURE DATA] [PRECIPITATION DATA] SYMBOLS USED IN COLUMN 16
AVERAGE MONTHLY: 54.6 TOTAL FOR MONTH: 3.55 1 = FOG OR MIST
DPTR FM NORMAL: -2.1 DPTR FM NORMAL: -0.69 2 = FOG REDUCING VISIBILITY
HIGHEST: 86 ON 23 GRTST 24HR 0.88 ON 13-13 TO 1/4 MILE OR LESS
LOWEST: 33 ON 14, 1 3 = THUNDER
SNOW, ICE PELLETS, HAIL 4 = ICE PELLETS
TOTAL MONTH: 0.0 INCH 5 = HAIL
GRTST 24HR 0.0 6 = FREEZING RAIN OR DRIZZLE
GRTST DEPTH: 0 7 = DUSTSTORM OR SANDSTORM:
VSBY 1/2 MILE OR LESS
8 = SMOKE OR HAZE
[NO. OF DAYS WITH] [WEATHER - DAYS WITH] 9 = BLOWING SNOW
X = TORNADO
MAX 32 OR BELOW: 0 0.01 INCH OR MORE: 17
MAX 90 OR ABOVE: 0 0.10 INCH OR MORE: 8
MIN 32 OR BELOW: 0 0.50 INCH OR MORE: 2
MIN 0 OR BELOW: 0 1.00 INCH OR MORE: 0
[HDD (BASE 65) ]
TOTAL THIS MO. 328 CLEAR (SCALE 0-3) 13
DPTR FM NORMAL 52 PTCLDY (SCALE 4-7) 14
TOTAL FM JUL 1 4260 CLOUDY (SCALE 8-10) 3
DPTR FM NORMAL -339
[CDD (BASE 65) ]
TOTAL THIS MO. 24
DPTR FM NORMAL -1 [PRESSURE DATA]
TOTAL FM JAN 1 24 HIGHEST SLP 30.42 ON 26
DPTR FM NORMAL -5 LOWEST SLP 29.44 ON 13
[REMARKS]
#FINAL-04-22#