000
CXUS55 KSEW 020528
CF6SEW
PRELIMINARY LOCAL CLIMATOLOGICAL DATA (WS FORM: F-6)
STATION: SEATTLE WA WFO
MONTH: FEBRUARY
YEAR: 2022
LATITUDE: 47 41 N
LONGITUDE: 122 15 W
TEMPERATURE IN F: :PCPN: SNOW: WIND :SUNSHINE: SKY :PK WND
================================================================================
1 2 3 4 5 6A 6B 7 8 9 10 11 12 13 14 15 16 17 18
12Z AVG MX 2MIN
DY MAX MIN AVG DEP HDD CDD WTR SNW DPTH SPD SPD DIR MIN PSBL S-S WX SPD DR
================================================================================
1 46 36 41 -2 24 0 0.07 0.0 0 M M M M M M M M
2 42 34 38 -5 27 0 0.02 0.0 0 M M M M M M 1 M M
3 47 41 44 1 21 0 0.09 0.0 0 M M M M M M M M
4 49 40 45 2 20 0 T 0.0 0 M M M M M M M M
5 47 38 43 0 22 0 T 0.0 0 M M M M M M M M
6 53 36 45 2 20 0 0.00 0.0 0 M M M M M M 1 M M
7 51 38 45 2 20 0 T 0.0 0 M M M M M M M M
8 49 41 45 2 20 0 0.01 0.0 0 M M M M M M M M
9 54 43 49 6 16 0 T 0.0 0 M M M M M M M M
10 49 43 46 3 19 0 0.02 0.0 0 M M M M M M 1 M M
11 51 43 47 4 18 0 0.00 0.0 0 M M M M M M M M
12 55 36 46 3 19 0 0.00 0.0 0 M M M M M M M M
13 55 30 43 0 22 0 0.00 0.0 0 M M M M M M 12 M M
14 49 40 45 2 20 0 0.11 0.0 0 M M M M M M M M
15 49 42 46 3 19 0 T 0.0 0 M M M M M M M M
16 53 37 45 2 20 0 0.00 0.0 0 M M M M M M 1 M M
17 48 40 44 1 21 0 0.00 0.0 0 M M M M M M M M
18 53 42 48 5 17 0 0.00 0.0 0 M M M M M M M M
19 47 41 44 0 21 0 0.01 0.0 0 M M M M M M M M
20 48 37 43 -1 22 0 0.30 0.0 0 M M M M M M M M
21 44 32 38 -6 27 0 0.02 T 0 M M M M M M M M
22 35 28 32 -12 33 0 T T T M M M M M M M M
23 40 24 32 -12 33 0 T T 0 M M M M M M M M
24 42 29 36 -8 29 0 0.01 0.1 T M M M M M M M M
25 50 25 38 -6 27 0 0.00 0.0 0 M M M M M M M M
26 52 29 41 -3 24 0 0.42 0.0 0 M M M M M M M M
27 51 41 46 2 19 0 0.86 0.0 0 M M M M M M M M
28 54 47 51 7 14 0 1.65 0.0 0 M M M M M M M M
================================================================================
SM 1363 1033 614 0 3.59 0.1 M M M
================================================================================
AV 48.7 36.9 M FASTST M M M MAX(MPH)
MISC ----> M M M M
================================================================================
NOTES:
# LAST OF SEVERAL OCCURRENCES
COLUMN 17 PEAK WIND IN M.P.H.
PRELIMINARY LOCAL CLIMATOLOGICAL DATA (WS FORM: F-6) , PAGE 2
STATION: SEATTLE WA WFO
MONTH: FEBRUARY
YEAR: 2022
LATITUDE: 47 41 N
LONGITUDE: 122 15 W
[TEMPERATURE DATA] [PRECIPITATION DATA] SYMBOLS USED IN COLUMN 16
AVERAGE MONTHLY: 42.8 TOTAL FOR MONTH: 3.59 1 = FOG OR MIST
DPTR FM NORMAL: -0.6 DPTR FM NORMAL: 0.05 2 = FOG REDUCING VISIBILITY
HIGHEST: 55 ON 13,12 GRTST 24HR 1.65 ON 28-28 TO 1/4 MILE OR LESS
LOWEST: 24 ON 23 3 = THUNDER
SNOW, ICE PELLETS, HAIL 4 = ICE PELLETS
TOTAL MONTH: 0.1 INCH 5 = HAIL
GRTST 24HR 0.1 ON 24-24 6 = FREEZING RAIN OR DRIZZLE
GRTST DEPTH: T 7 = DUSTSTORM OR SANDSTORM:
VSBY 1/2 MILE OR LESS
8 = SMOKE OR HAZE
[NO. OF DAYS WITH] [WEATHER - DAYS WITH] 9 = BLOWING SNOW
X = TORNADO
MAX 32 OR BELOW: 0 0.01 INCH OR MORE: 13
MAX 90 OR ABOVE: 0 0.10 INCH OR MORE: 5
MIN 32 OR BELOW: 7 0.50 INCH OR MORE: 2
MIN 0 OR BELOW: 0 1.00 INCH OR MORE: 1
[HDD (BASE 65) ]
TOTAL THIS MO. 614 CLEAR (SCALE 0-3) 0
DPTR FM NORMAL 9 PTCLDY (SCALE 4-7) 0
TOTAL FM JUL 1 3100 CLOUDY (SCALE 8-10) 28
DPTR FM NORMAL -4
[CDD (BASE 65) ]
TOTAL THIS MO. 0
DPTR FM NORMAL 0 [PRESSURE DATA]
TOTAL FM JAN 1 0 HIGHEST SLP M ON M
DPTR FM NORMAL 0 LOWEST SLP M ON M
[REMARKS]
#FINAL-02-22#
CORRECTED SNOW DATA