000
CXUS55 KSEW 022240
CF6SEW
PRELIMINARY LOCAL CLIMATOLOGICAL DATA (WS FORM: F-6)
STATION: SEATTLE WA WFO
MONTH: NOVEMBER
YEAR: 2023
LATITUDE: 47 41 N
LONGITUDE: 122 15 W
TEMPERATURE IN F: :PCPN: SNOW: WIND :SUNSHINE: SKY :PK WND
================================================================================
1 2 3 4 5 6A 6B 7 8 9 10 11 12 13 14 15 16 17 18
12Z AVG MX 2MIN
DY MAX MIN AVG DEP HDD CDD WTR SNW DPTH SPD SPD DIR MIN PSBL S-S WX SPD DR
================================================================================
1 54 39 47 -2 18 0 0.24 0.0 0 M M M M M M M M
2 63 50 57 8 8 0 0.87 0.0 0 M M M M M M M M
3 59 47 53 4 12 0 0.31 0.0 0 M M M M M M 1 M M
4 65 53 59 10 6 0 0.79 0.0 0 M M M M M M 1 M M
5 59 49 54 6 11 0 0.20 0.0 0 M M M M M M M M
6 52 48 50 2 15 0 0.50 0.0 0 M M M M M M 1 M M
7 53 48 51 3 14 0 0.42 0.0 0 M M M M M M M M
8 56 42 49 1 16 0 0.00 0.0 0 M M M M M M M M
9 50 40 45 -3 20 0 0.18 0.0 0 M M M M M M M M
10 52 47 50 2 15 0 0.02 0.0 0 M M M M M M M M
11 55 48 52 5 13 0 0.24 0.0 0 M M M M M M M M
12 52 47 50 3 15 0 0.19 0.0 0 M M M M M M M M
13 51 37 44 -3 21 0 0.01 0.0 0 M M M M M M M M
14 51 34 43 -4 22 0 0.00 0.0 0 M M M M M M M M
15 49 36 43 -3 22 0 0.00 0.0 0 M M M M M M M M
16 49 33 41 -5 24 0 0.00 0.0 0 M M M M M M 2 M M
17 50 M M M M M 0.00 0.0 0 M M M M M M 1 M M
18 M M M M M M 0.23 0.0 0 M M M M M M M M
19 M M M M M M 0.10 0.0 0 M M M M M M M M
20 M M M M M M 0.00 0.0 0 M M M M M M M M
21 M M M M M M 0.33 0.0 0 M M M M M M M M
22 53 38 46 1 19 0 0.06 0.0 0 M M M M M M M M
23 51 35 43 -2 22 0 0.00 0.0 0 M M M M M M M M
24 50 31 41 -4 24 0 0.00 0.0 0 M M M M M M 1 M M
25 51 32 42 -2 23 0 0.00 0.0 0 M M M M M M 1 M M
26 54 31 43 -1 22 0 0.00 0.0 0 M M M M M M 1 M M
27 53 30 42 -2 23 0 0.00 0.0 0 M M M M M M M M
28 46 27 37 -7 28 0 0.00 0.0 0 M M M M M M 1 M M
29 40 31 36 -8 29 0 0.01 0.0 0 M M M M M M 1 M M
30 46 36 41 -3 24 0 0.08 0.0 0 M M M M M M M M
================================================================================
SM 1364 989 466 0 4.78 0.0 M M M
================================================================================
AV 52.5 39.6 M FASTST M M M MAX(MPH)
MISC ----> M M M M
================================================================================
NOTES:
# LAST OF SEVERAL OCCURRENCES
COLUMN 17 PEAK WIND IN M.P.H.
PRELIMINARY LOCAL CLIMATOLOGICAL DATA (WS FORM: F-6) , PAGE 2
STATION: SEATTLE WA WFO
MONTH: NOVEMBER
YEAR: 2023
LATITUDE: 47 41 N
LONGITUDE: 122 15 W
[TEMPERATURE DATA] [PRECIPITATION DATA] SYMBOLS USED IN COLUMN 16
AVERAGE MONTHLY: 46.0 TOTAL FOR MONTH: 4.78 1 = FOG OR MIST
DPTR FM NORMAL: -0.4 DPTR FM NORMAL: -1.07 2 = FOG REDUCING VISIBILITY
HIGHEST: 65 ON 4 GRTST 24HR 0.87 ON 2- 2 TO 1/4 MILE OR LESS
LOWEST: 27 ON 28 3 = THUNDER
SNOW, ICE PELLETS, HAIL 4 = ICE PELLETS
TOTAL MONTH: 0.0 INCH 5 = HAIL
GRTST 24HR 0.0 6 = FREEZING RAIN OR DRIZZLE
GRTST DEPTH: 0 7 = DUSTSTORM OR SANDSTORM:
VSBY 1/2 MILE OR LESS
8 = SMOKE OR HAZE
[NO. OF DAYS WITH] [WEATHER - DAYS WITH] 9 = BLOWING SNOW
X = TORNADO
MAX 32 OR BELOW: 0 0.01 INCH OR MORE: 18
MAX 90 OR ABOVE: 0 0.10 INCH OR MORE: 13
MIN 32 OR BELOW: 6 0.50 INCH OR MORE: 3
MIN 0 OR BELOW: 0 1.00 INCH OR MORE: 0
[HDD (BASE 65) ]
TOTAL THIS MO. 466 CLEAR (SCALE 0-3) 0
DPTR FM NORMAL -92 PTCLDY (SCALE 4-7) 0
TOTAL FM JUL 1 876 CLOUDY (SCALE 8-10) 30
DPTR FM NORMAL -196
[CDD (BASE 65) ]
TOTAL THIS MO. 0
DPTR FM NORMAL 0 [PRESSURE DATA]
TOTAL FM JAN 1 341 HIGHEST SLP M ON M
DPTR FM NORMAL 131 LOWEST SLP M ON M
[REMARKS]
#FINAL-11-23#
CORRECTED