000
CXUS52 KMLB 010725
CF6SFB
PRELIMINARY LOCAL CLIMATOLOGICAL DATA (WS FORM: F-6)
STATION: SANFORD
MONTH: NOVEMBER
YEAR: 2022
LATITUDE: 28 46 N
LONGITUDE: 81 15 W
TEMPERATURE IN F: :PCPN: SNOW: WIND :SUNSHINE: SKY :PK WND
================================================================================
1 2 3 4 5 6A 6B 7 8 9 10 11 12 13 14 15 16 17 18
12Z AVG MX 2MIN
DY MAX MIN AVG DEP HDD CDD WTR SNW DPTH SPD SPD DIR MIN PSBL S-S WX SPD DR
================================================================================
1 90 71 81 10 0 16 0.00 0.0 0 4.0 14 60 M M 4 1 17 60
2 87 72 80 9 0 15 0.00 0.0 0 5.5 15 70 M M 4 18 70
3 84 69 77 6 0 12 0.00 0.0 0 9.0 18 20 M M 4 23 50
4 84 69 77 7 0 12 T 0.0 0 9.2 18 40 M M 4 24 30
5 83 69 76 6 0 11 0.10 0.0 0 6.3 24 130 M M 3 18 28 130
6 87 70 79 9 0 14 0.00 0.0 0 8.4 22 120 M M 2 26 100
7 86 69 78 8 0 13 0.04 0.0 0 10.2 22 40 M M 3 1 28 40
8 81 70 76 6 0 11 1.23 0.0 0 11.9 24 20 M M 8 18 33 20
9 74 69 72 3 0 7 1.95 0.0 0 16.2 31 30 M M 10 18 42 20
10 75 71 73 4 0 8 2.14 0.0 0 25.5 44 60 M M 10 1 64 60
11 85 70 78 9 0 13 0.02 0.0 0 10.0 20 260 M M 3 3 25 200
12 82 64 73 4 0 8 0.00 0.0 0 6.3 16 220 M M 1 1 20 270
13 76 63 70 2 0 5 0.11 0.0 0 7.6 15 10 M M 6 13 23 10
14 81 62 72 4 0 7 0.00 0.0 0 6.3 12 50 M M 7 15 70
15 82 64 73 5 0 8 0.00 0.0 0 3.6 13 180 M M 0 1 16 180
16 80 63 72 4 0 7 0.00 0.0 0 8.5 16 350 M M 7 20 350
17 66 52 59 -9 6 0 0.00 0.0 0 9.6 20 340 M M 1 24 340
18 67 51 59 -9 6 0 0.00 0.0 0 10.0 17 350 M M 1 22 350
19 74 53 64 -3 1 0 0.00 0.0 0 10.3 16 360 M M 2 21 350
20 59 55 57 -10 8 0 0.21 0.0 0 10.3 16 360 M M 8 1 23 350
21 79 55 67 0 0 2 0.02 0.0 0 9.7 18 50 M M 8 1 23 80
22 73 65 69 2 0 4 0.06 0.0 0 10.0 17 10 M M 9 1 22 20
23 75 64 70 3 0 5 T 0.0 0 9.0 16 10 M M 10 12 19 10
24 80 64 72 5 0 7 0.01 0.0 0 5.6 14 90 M M 8 12 18 180
25 85 65 75 9 0 10 0.00 0.0 0 4.7 15 240 M M 5 12 21 240
26 82 69 76 10 0 11 0.00 0.0 0 4.9 13 40 M M 6 1 16 80
27 85 67 76 10 0 11 0.01 0.0 0 9.8 20 230 M M 4 1 25 220
28 77 60 69 3 0 4 0.00 0.0 0 4.8 13 350 M M 3 16 340
29 80 56 68 2 0 3 0.00 0.0 0 4.4 14 90 M M 0 22 110
30 84 64 74 8 0 9 0.00 0.0 0 7.4 23 340 M M 1 29 350
================================================================================
SM 2383 1925 21 233 5.90 0.0 259.0 M 142
================================================================================
AV 79.4 64.2 8.6 FASTST M M 5 MAX(MPH)
MISC ----> 44 60 64 60
================================================================================
NOTES:
# LAST OF SEVERAL OCCURRENCES
COLUMN 17 PEAK WIND IN M.P.H.
PRELIMINARY LOCAL CLIMATOLOGICAL DATA (WS FORM: F-6) , PAGE 2
STATION: SANFORD
MONTH: NOVEMBER
YEAR: 2022
LATITUDE: 28 46 N
LONGITUDE: 81 15 W
[TEMPERATURE DATA] [PRECIPITATION DATA] SYMBOLS USED IN COLUMN 16
AVERAGE MONTHLY: 71.8 TOTAL FOR MONTH: 5.90 1 = FOG OR MIST
DPTR FM NORMAL: 3.6 DPTR FM NORMAL: 4.02 2 = FOG REDUCING VISIBILITY
HIGHEST: 90 ON 1 GRTST 24HR 3.84 ON 9-10 TO 1/4 MILE OR LESS
LOWEST: 51 ON 18 3 = THUNDER
SNOW, ICE PELLETS, HAIL 4 = ICE PELLETS
TOTAL MONTH: 0.0 INCH 5 = HAIL
GRTST 24HR 0.0 6 = FREEZING RAIN OR DRIZZLE
GRTST DEPTH: 0 7 = DUSTSTORM OR SANDSTORM:
VSBY 1/2 MILE OR LESS
8 = SMOKE OR HAZE
[NO. OF DAYS WITH] [WEATHER - DAYS WITH] 9 = BLOWING SNOW
X = TORNADO
MAX 32 OR BELOW: 0 0.01 INCH OR MORE: 12
MAX 90 OR ABOVE: 1 0.10 INCH OR MORE: 6
MIN 32 OR BELOW: 0 0.50 INCH OR MORE: 3
MIN 0 OR BELOW: 0 1.00 INCH OR MORE: 3
[HDD (BASE 65) ]
TOTAL THIS MO. 21 CLEAR (SCALE 0-3) 12
DPTR FM NORMAL -23 PTCLDY (SCALE 4-7) 14
TOTAL FM JUL 1 27 CLOUDY (SCALE 8-10) 4
DPTR FM NORMAL -24
[CDD (BASE 65) ]
TOTAL THIS MO. 233
DPTR FM NORMAL 93 [PRESSURE DATA]
TOTAL FM JAN 1 3753 HIGHEST SLP 30.28 ON 19
DPTR FM NORMAL 273 LOWEST SLP 29.30 ON 10
[REMARKS]
#FINAL-11-22#