556
CXUS54 KLZK 011230
CF6SGT
PRELIMINARY LOCAL CLIMATOLOGICAL DATA (WS FORM: F-6)
STATION: STUTTGART AIRPORT
MONTH: JANUARY
YEAR: 2021
LATITUDE: 34 35 N
LONGITUDE: 91 34 W
TEMPERATURE IN F: :PCPN: SNOW: WIND :SUNSHINE: SKY :PK WND
================================================================================
1 2 3 4 5 6A 6B 7 8 9 10 11 12 13 14 15 16 17 18
12Z AVG MX 2MIN
DY MAX MIN AVG DEP HDD CDD WTR SNW DPTH SPD SPD DIR MIN PSBL S-S WX SPD DR
================================================================================
1 46 40 43 3 22 0 M M M 14.2 30 60 M M 9 1 39 230
2 42 35 39 -1 26 0 M M M 7.5 16 270 M M 8 1 M M
3 55 30 43 3 22 0 M M M 7.7 14 150 M M 0 8 21 150
4 57 36 47 7 18 0 M M M 6.4 10 290 M M 0 M M
5 54 34 44 4 21 0 M M M 6.7 10 20 M M 0 8 M M
6 51 36 44 4 21 0 M M M 9.1 18 120 M M 4 8 24 120
7 46 37 42 2 23 0 M M M 19.1 25 30 M M 10 33 20
8 40 33 37 -3 28 0 M M M 12.2 18 340 M M 7 M M
9 37 28 33 -7 32 0 M M M 8.0 12 340 M M 9 M M
10 36 28 32 -8 33 0 M M M 8.0 14 20 M M 10 M M
11 37 26 32 -8 33 0 M M M 8.5 13 360 M M 7 21 360
12 47 24 36 -4 29 0 M M M 5.1 9 210 M M 0 1 M M
13 54 28 41 1 24 0 M M M 8.9 15 210 M M 0 M M
14 56 38 47 7 18 0 M M M 13.3 24 310 M M 1 33 300
15 48 35 42 2 23 0 M M M 17.2 30 280 M M 4 38 280
16 48 32 40 0 25 0 M M M 10.2 17 280 M M 2 25 280
17 54 30 42 2 23 0 M M M 9.4 16 290 M M 2 M M
18 61 29 45 5 20 0 M M M 9.7 15 210 M M 1 M M
19 59 41 50 10 15 0 M M M 4.8 12 10 M M 5 M M
20 50 36 43 3 22 0 M M M 6.4 16 190 M M 5 M M
21 51 44 48 8 17 0 M M M 4.8 16 210 M M 7 1 M M
22 51 39 45 5 20 0 M M M 10.1 18 30 M M 2 18 40
23 47 32 40 0 25 0 M M M 10.1 15 40 M M 7 M M
24 57 44 51 11 14 0 M M M 4.7 10 90 M M 9 1 M M
25 70 51 61 21 4 0 T 0.0 0 13.8 24 210 M M 7 1 M M
26 58 45 52 12 13 0 M M M 9.5 14 30 M M 1 M M
27 45 36 41 1 24 0 T M M 15.2 23 360 M M 9 29 360
28 42 33 38 -2 27 0 0.00 0.0 0 9.5 16 10 M M 6 M M
29 52 30 41 0 24 0 M M M 6.9 12 150 M M 3 M M
30 59 46 53 12 12 0 T M M 14.7 26 170 M M 6 1 35 180
31 56 39 48 7 17 0 0.01 M M 16.2 25 320 M M 7 12 31 320
================================================================================
SM 1566 1095 675 0 0.01 0.0 307.9 M 148
================================================================================
AV 50.5 35.3 9.9 FASTST M M 5 MAX(MPH)
MISC ----> 30 60 39 230
================================================================================
NOTES:
# LAST OF SEVERAL OCCURRENCES
COLUMN 17 PEAK WIND IN M.P.H.
PRELIMINARY LOCAL CLIMATOLOGICAL DATA (WS FORM: F-6) , PAGE 2
STATION: STUTTGART AIRPORT
MONTH: JANUARY
YEAR: 2021
LATITUDE: 34 35 N
LONGITUDE: 91 34 W
[TEMPERATURE DATA] [PRECIPITATION DATA] SYMBOLS USED IN COLUMN 16
AVERAGE MONTHLY: 42.9 TOTAL FOR MONTH: 0.01 1 = FOG OR MIST
DPTR FM NORMAL: 2.8 DPTR FM NORMAL: -3.63 2 = FOG REDUCING VISIBILITY
HIGHEST: 70 ON 25 GRTST 24HR 1.92 ON 24-25 TO 1/4 MILE OR LESS
LOWEST: 24 ON 12 3 = THUNDER
SNOW, ICE PELLETS, HAIL 4 = ICE PELLETS
TOTAL MONTH: 0.0 INCH 5 = HAIL
GRTST 24HR 0.0 6 = FREEZING RAIN OR DRIZZLE
GRTST DEPTH: 0 7 = DUSTSTORM OR SANDSTORM:
VSBY 1/2 MILE OR LESS
8 = SMOKE OR HAZE
[NO. OF DAYS WITH] [WEATHER - DAYS WITH] 9 = BLOWING SNOW
X = TORNADO
MAX 32 OR BELOW: 0 0.01 INCH OR MORE: 1
MAX 90 OR ABOVE: 0 0.10 INCH OR MORE: 0
MIN 32 OR BELOW: 11 0.50 INCH OR MORE: 0
MIN 0 OR BELOW: 0 1.00 INCH OR MORE: 0
[HDD (BASE 65) ]
TOTAL THIS MO. 675 CLEAR (SCALE 0-3) 12
DPTR FM NORMAL -97 PTCLDY (SCALE 4-7) 12
TOTAL FM JUL 1 1769 CLOUDY (SCALE 8-10) 7
DPTR FM NORMAL -254
[CDD (BASE 65) ]
TOTAL THIS MO. 0
DPTR FM NORMAL 0 [PRESSURE DATA]
TOTAL FM JAN 1 0 HIGHEST SLP 30.71 ON 28
DPTR FM NORMAL 0 LOWEST SLP 29.55 ON 25
[REMARKS]
#FINAL-01-21#